{"id":47,"date":"2018-06-27T08:33:06","date_gmt":"2018-06-27T06:33:06","guid":{"rendered":"http:\/\/service.projektlabor.tu-berlin.de\/wordpress\/zuchthaus\/?page_id=47"},"modified":"2018-07-16T14:12:22","modified_gmt":"2018-07-16T12:12:22","slug":"fuellstand","status":"publish","type":"page","link":"https:\/\/service.projektlabor.tu-berlin.de\/wordpress\/zuchthaus\/gruppe-3-wasser\/fuellstand\/","title":{"rendered":"F\u00fcllstand"},"content":{"rendered":"<p>Diese\u00a0Teilgruppe besteht aus\u00a0Niloufar, Ramin und Robin.<\/p>\n<p><strong>Aufgabe<\/strong><\/p>\n<p>Mit dieser Schaltung sollte es erm\u00f6glicht werden, die Steuerungsgruppe \u00fcber den derzeitigen F\u00fcllstand des Wasserreservoirs zu informieren.<\/p>\n<p><strong>Schaltung und Funktionsweise<\/strong><\/p>\n<p>Es gab verschiedene M\u00f6glichkeiten, eine F\u00fcllstandmessung zu realisieren. Da nur eine diskrete Einordnung vonn\u00f6ten war wurde sich hier f\u00fcr\u00a0eine resistive Methode entschieden. In dem Tank\u00a0sollen\u00a0 5 verschiedene Elektroden eingebracht werden, eine f\u00fcr die Referenzspannung, und 4 Messelektroden welche dazu genutzt werden um zu sehen, ob eine leitende Verbindung durch das Wasser zur Referenzelektrode besteht.<br \/>\nUm nun den R\u00fcckschluss auf den F\u00fcllstand ziehen zu k\u00f6nnen,\u00a0werden die Elektroden nun in regelm\u00e4\u00dfigen Abst\u00e4nden auf verschiedenen h\u00f6hen im Tank positioniert. Da durch das Wasser nur ein sehr geringer Strom flie\u00dfen kann, wird dieser \u00fcber eine npn-Darlingtonschaltung so verst\u00e4rkt, dass am Ausgang der Verst\u00e4rker f\u00fcr eine benetzte Elektrode ca. 1 Volt anliegen. Das Herzst\u00fcck dieser Schaltung ist ein invertierender Summenverst\u00e4rker, der die Ausg\u00e4nge der Darlingtonverst\u00e4rker zusammenf\u00fchrt.<br \/>\nAufgrund der Positionierung der Elektroden k\u00f6nnen diese nur nacheinander angesteuert werden und somit reicht eine einfache Summation der entsprechenden Spannungen aus, um ein Signal zu bekommen, das eindeutig einem F\u00fcllstand zugeordnet werden kann.Damit gew\u00e4hrleistet ist, dass das Ausgangssignal Platine nicht negativ ist und somit von der Steuerungsgruppe aufgenommen werden kann, wird die Eingangsspannung negativ gew\u00e4hlt, da so das Signal nach dem invertierenden Summenverst\u00e4rker positiv ist.<\/p>\n<p>&nbsp;<\/p>\n<div id=\"attachment_334\" style=\"width: 1278px\" class=\"wp-caption aligncenter\"><a href=\"http:\/\/service.projektlabor.tu-berlin.de\/wordpress\/zuchthaus\/wp-content\/uploads\/sites\/22\/2018\/06\/Fuellstand2-1.png\"><img aria-describedby=\"caption-attachment-334\" loading=\"lazy\" class=\"size-full wp-image-334\" src=\"http:\/\/service.projektlabor.tu-berlin.de\/wordpress\/zuchthaus\/wp-content\/uploads\/sites\/22\/2018\/06\/Fuellstand2-1.png\" alt=\"EAGLE-Schaltplan (klicken zum Vergr\u00f6\u00dfern)\" width=\"1268\" height=\"602\" \/><\/a><p id=\"caption-attachment-334\" class=\"wp-caption-text\">EAGLE-Schaltplan (klicken zum Vergr\u00f6\u00dfern)<\/p><\/div>\n<p class=\"textbox\" dir=\"ltr\">\n","protected":false},"excerpt":{"rendered":"<p>Diese\u00a0Teilgruppe besteht aus\u00a0Niloufar, Ramin und Robin. Aufgabe Mit dieser Schaltung sollte es erm\u00f6glicht werden, die Steuerungsgruppe \u00fcber den derzeitigen F\u00fcllstand des Wasserreservoirs zu informieren. Schaltung und Funktionsweise Es gab verschiedene M\u00f6glichkeiten, eine F\u00fcllstandmessung zu realisieren. Da nur eine diskrete Einordnung &hellip; <a href=\"https:\/\/service.projektlabor.tu-berlin.de\/wordpress\/zuchthaus\/gruppe-3-wasser\/fuellstand\/\">Weiterlesen <span class=\"meta-nav\">&rarr;<\/span><\/a><\/p>\n","protected":false},"author":76,"featured_media":0,"parent":31,"menu_order":4,"comment_status":"closed","ping_status":"closed","template":"","meta":[],"_links":{"self":[{"href":"https:\/\/service.projektlabor.tu-berlin.de\/wordpress\/zuchthaus\/wp-json\/wp\/v2\/pages\/47"}],"collection":[{"href":"https:\/\/service.projektlabor.tu-berlin.de\/wordpress\/zuchthaus\/wp-json\/wp\/v2\/pages"}],"about":[{"href":"https:\/\/service.projektlabor.tu-berlin.de\/wordpress\/zuchthaus\/wp-json\/wp\/v2\/types\/page"}],"author":[{"embeddable":true,"href":"https:\/\/service.projektlabor.tu-berlin.de\/wordpress\/zuchthaus\/wp-json\/wp\/v2\/users\/76"}],"replies":[{"embeddable":true,"href":"https:\/\/service.projektlabor.tu-berlin.de\/wordpress\/zuchthaus\/wp-json\/wp\/v2\/comments?post=47"}],"version-history":[{"count":11,"href":"https:\/\/service.projektlabor.tu-berlin.de\/wordpress\/zuchthaus\/wp-json\/wp\/v2\/pages\/47\/revisions"}],"predecessor-version":[{"id":337,"href":"https:\/\/service.projektlabor.tu-berlin.de\/wordpress\/zuchthaus\/wp-json\/wp\/v2\/pages\/47\/revisions\/337"}],"up":[{"embeddable":true,"href":"https:\/\/service.projektlabor.tu-berlin.de\/wordpress\/zuchthaus\/wp-json\/wp\/v2\/pages\/31"}],"wp:attachment":[{"href":"https:\/\/service.projektlabor.tu-berlin.de\/wordpress\/zuchthaus\/wp-json\/wp\/v2\/media?parent=47"}],"curies":[{"name":"wp","href":"https:\/\/api.w.org\/{rel}","templated":true}]}}