{"id":33,"date":"2018-06-20T14:26:10","date_gmt":"2018-06-20T12:26:10","guid":{"rendered":"http:\/\/service.projektlabor.tu-berlin.de\/wordpress\/zuchthaus\/?page_id=33"},"modified":"2018-07-16T14:12:14","modified_gmt":"2018-07-16T12:12:14","slug":"bodenfeuchtigkeit","status":"publish","type":"page","link":"https:\/\/service.projektlabor.tu-berlin.de\/wordpress\/zuchthaus\/gruppe-3-wasser\/bodenfeuchtigkeit\/","title":{"rendered":"Bodenfeuchtigkeit"},"content":{"rendered":"<p>Diese Teilgruppe besteht aus Eric und Jonas.<\/p>\n<p>&nbsp;<\/p>\n<p><strong>Aufgabe<\/strong><\/p>\n<p>Ziel der Schaltung ist es, die Feuchtigkeit des Bodens abzusch\u00e4tzen. Dabei wird mithilfe einer Kapazit\u00e4tsmessung eine analoge Spannung ausgegeben.<\/p>\n<p>&nbsp;<\/p>\n<p><strong>Schaltung und Funktionsweise<\/strong><\/p>\n<p>Zwei in den Boden eingebrachte Messelektroden bilden mit der dazwischen befindlichen Erde eine zu messende Kapazit\u00e4t. Die Feuchtigkeit des Bodens ver\u00e4ndert die Permittivit\u00e4t und damit auch die Kapazit\u00e4t. Das Ziel ist, die \u00c4nderung der Kapazit\u00e4t in ein analoges Spannungssignal zu \u00fcberf\u00fchren.<br \/>\nZun\u00e4chst wird mithilfe eines 555-Timers eine astabile Kippstufe realisiert, die ein PWM-Signal mit einem Tastgrad von weit \u00fcber 0,5 erzeugt. Der im Vergleich zur Periodenl\u00e4nge sehr kurze Low-Pegel startet das Zeitintervall eines zweiten 555-Timers, der sich in der Konfiguration einer monostabilen Kippstufe befindet. Die Dauer des High-Pegels wird dabei \u00fcber ein RC-Glied bestimmt, dessen Kondensator (zwischen THR2 und GND geschaltet) die Messelektroden in der Erde darstellen. Der zweite 555-Timer liefert also ein PWM-Signal, dessen Tastgrad von der zu messenden Kapazit\u00e4t abh\u00e4ngt. Eine h\u00f6here Kapazit\u00e4t hat dabei einen l\u00e4ngeren High-Pegel zur Folge. Eine anschlie\u00dfende Tiefpassfilterung \u00fcber ein RC-Glied mittelt das Ausgangssignal, sodass sich eine Gleichspannung einstellt, die proportional zum Tastgrad ist. Damit das Signal bei der Weiterverarbeitung stabil bleibt und bei Belastung nicht einbricht, wird es schlie\u00dflich noch \u00fcber einen Operationsverst\u00e4rker als Impedanzwandler gepuffert.<a href=\"http:\/\/service.projektlabor.tu-berlin.de\/wordpress\/zuchthaus\/wp-content\/uploads\/sites\/22\/2018\/06\/schaltung.jpeg\"><br \/>\n<\/a><\/p>\n<div id=\"attachment_333\" style=\"width: 1278px\" class=\"wp-caption aligncenter\"><a href=\"http:\/\/service.projektlabor.tu-berlin.de\/wordpress\/zuchthaus\/wp-content\/uploads\/sites\/22\/2018\/07\/schaltplan1-1024x700.png\"><img aria-describedby=\"caption-attachment-333\" loading=\"lazy\" class=\"size-full wp-image-333\" src=\"http:\/\/service.projektlabor.tu-berlin.de\/wordpress\/zuchthaus\/wp-content\/uploads\/sites\/22\/2018\/07\/schaltplan1-1024x700.png\" alt=\"EAGLE-Schaltplan (klicken zum Vergr\u00f6\u00dfern)\" width=\"1268\" height=\"602\" \/><\/a><p id=\"caption-attachment-333\" class=\"wp-caption-text\">EAGLE-Schaltplan (klicken zum Vergr\u00f6\u00dfern)<\/p><\/div>\n<p class=\"textbox\" dir=\"ltr\">\n","protected":false},"excerpt":{"rendered":"<p>Diese Teilgruppe besteht aus Eric und Jonas. &nbsp; Aufgabe Ziel der Schaltung ist es, die Feuchtigkeit des Bodens abzusch\u00e4tzen. Dabei wird mithilfe einer Kapazit\u00e4tsmessung eine analoge Spannung ausgegeben. &nbsp; Schaltung und Funktionsweise Zwei in den Boden eingebrachte Messelektroden bilden mit &hellip; <a href=\"https:\/\/service.projektlabor.tu-berlin.de\/wordpress\/zuchthaus\/gruppe-3-wasser\/bodenfeuchtigkeit\/\">Weiterlesen <span class=\"meta-nav\">&rarr;<\/span><\/a><\/p>\n","protected":false},"author":76,"featured_media":0,"parent":31,"menu_order":3,"comment_status":"closed","ping_status":"closed","template":"","meta":[],"_links":{"self":[{"href":"https:\/\/service.projektlabor.tu-berlin.de\/wordpress\/zuchthaus\/wp-json\/wp\/v2\/pages\/33"}],"collection":[{"href":"https:\/\/service.projektlabor.tu-berlin.de\/wordpress\/zuchthaus\/wp-json\/wp\/v2\/pages"}],"about":[{"href":"https:\/\/service.projektlabor.tu-berlin.de\/wordpress\/zuchthaus\/wp-json\/wp\/v2\/types\/page"}],"author":[{"embeddable":true,"href":"https:\/\/service.projektlabor.tu-berlin.de\/wordpress\/zuchthaus\/wp-json\/wp\/v2\/users\/76"}],"replies":[{"embeddable":true,"href":"https:\/\/service.projektlabor.tu-berlin.de\/wordpress\/zuchthaus\/wp-json\/wp\/v2\/comments?post=33"}],"version-history":[{"count":11,"href":"https:\/\/service.projektlabor.tu-berlin.de\/wordpress\/zuchthaus\/wp-json\/wp\/v2\/pages\/33\/revisions"}],"predecessor-version":[{"id":253,"href":"https:\/\/service.projektlabor.tu-berlin.de\/wordpress\/zuchthaus\/wp-json\/wp\/v2\/pages\/33\/revisions\/253"}],"up":[{"embeddable":true,"href":"https:\/\/service.projektlabor.tu-berlin.de\/wordpress\/zuchthaus\/wp-json\/wp\/v2\/pages\/31"}],"wp:attachment":[{"href":"https:\/\/service.projektlabor.tu-berlin.de\/wordpress\/zuchthaus\/wp-json\/wp\/v2\/media?parent=33"}],"curies":[{"name":"wp","href":"https:\/\/api.w.org\/{rel}","templated":true}]}}