{"id":23,"date":"2021-02-22T09:35:23","date_gmt":"2021-02-22T08:35:23","guid":{"rendered":"http:\/\/service.projektlabor.tu-berlin.de\/wordpress\/ws20-mo-lichtorgel-469\/?page_id=23"},"modified":"2021-02-22T09:35:23","modified_gmt":"2021-02-22T08:35:23","slug":"mikrofon-und-vorverstaerker","status":"publish","type":"page","link":"https:\/\/service.projektlabor.tu-berlin.de\/wordpress\/ws20-mo-lichtorgel-469\/mikrofon-und-vorverstaerker\/","title":{"rendered":"Mikrofon und Vorverst\u00e4rker"},"content":{"rendered":"\n<p>Die Audiosignale werden von einem Elektretmikrofon in elektrische Signale umgewandelt und wird anschlie\u00dfend durch den Vorverst\u00e4rker verst\u00e4rkt, um gro\u00df genug f\u00fcr die weitere Verwendung in den folgenden Komponenten zu sein. Elektretmikrofone sind Kondensatormikrofone mit einem aufgetragenen Elektret.<\/p>\n\n\n\n<figure class=\"wp-block-image size-large is-resized\"><img loading=\"lazy\" src=\"http:\/\/service.projektlabor.tu-berlin.de\/wordpress\/ws20-mo-lichtorgel-469\/wp-content\/uploads\/sites\/28\/2021\/02\/Vorverstaerkerschaltplan-1024x590.png\" alt=\"\" class=\"wp-image-54\" width=\"805\" height=\"463\" srcset=\"https:\/\/service.projektlabor.tu-berlin.de\/wordpress\/ws20-mo-lichtorgel-469\/wp-content\/uploads\/sites\/28\/2021\/02\/Vorverstaerkerschaltplan-1024x590.png 1024w, https:\/\/service.projektlabor.tu-berlin.de\/wordpress\/ws20-mo-lichtorgel-469\/wp-content\/uploads\/sites\/28\/2021\/02\/Vorverstaerkerschaltplan-300x173.png 300w, https:\/\/service.projektlabor.tu-berlin.de\/wordpress\/ws20-mo-lichtorgel-469\/wp-content\/uploads\/sites\/28\/2021\/02\/Vorverstaerkerschaltplan-768x442.png 768w, https:\/\/service.projektlabor.tu-berlin.de\/wordpress\/ws20-mo-lichtorgel-469\/wp-content\/uploads\/sites\/28\/2021\/02\/Vorverstaerkerschaltplan-1536x884.png 1536w, https:\/\/service.projektlabor.tu-berlin.de\/wordpress\/ws20-mo-lichtorgel-469\/wp-content\/uploads\/sites\/28\/2021\/02\/Vorverstaerkerschaltplan-1200x691.png 1200w, https:\/\/service.projektlabor.tu-berlin.de\/wordpress\/ws20-mo-lichtorgel-469\/wp-content\/uploads\/sites\/28\/2021\/02\/Vorverstaerkerschaltplan.png 1768w\" sizes=\"(max-width: 805px) 100vw, 805px\" \/><\/figure>\n\n\n\n<figure class=\"wp-block-image size-large is-resized\"><img loading=\"lazy\" src=\"http:\/\/service.projektlabor.tu-berlin.de\/wordpress\/ws20-mo-lichtorgel-469\/wp-content\/uploads\/sites\/28\/2021\/02\/Vorverstaerkerlayout-1024x264.png\" alt=\"\" class=\"wp-image-55\" width=\"804\" height=\"207\" srcset=\"https:\/\/service.projektlabor.tu-berlin.de\/wordpress\/ws20-mo-lichtorgel-469\/wp-content\/uploads\/sites\/28\/2021\/02\/Vorverstaerkerlayout-1024x264.png 1024w, https:\/\/service.projektlabor.tu-berlin.de\/wordpress\/ws20-mo-lichtorgel-469\/wp-content\/uploads\/sites\/28\/2021\/02\/Vorverstaerkerlayout-300x77.png 300w, https:\/\/service.projektlabor.tu-berlin.de\/wordpress\/ws20-mo-lichtorgel-469\/wp-content\/uploads\/sites\/28\/2021\/02\/Vorverstaerkerlayout-768x198.png 768w, https:\/\/service.projektlabor.tu-berlin.de\/wordpress\/ws20-mo-lichtorgel-469\/wp-content\/uploads\/sites\/28\/2021\/02\/Vorverstaerkerlayout-1536x397.png 1536w, https:\/\/service.projektlabor.tu-berlin.de\/wordpress\/ws20-mo-lichtorgel-469\/wp-content\/uploads\/sites\/28\/2021\/02\/Vorverstaerkerlayout-1200x310.png 1200w, https:\/\/service.projektlabor.tu-berlin.de\/wordpress\/ws20-mo-lichtorgel-469\/wp-content\/uploads\/sites\/28\/2021\/02\/Vorverstaerkerlayout-1980x511.png 1980w, https:\/\/service.projektlabor.tu-berlin.de\/wordpress\/ws20-mo-lichtorgel-469\/wp-content\/uploads\/sites\/28\/2021\/02\/Vorverstaerkerlayout.png 2037w\" sizes=\"(max-width: 804px) 100vw, 804px\" \/><\/figure>\n\n\n\n<figure class=\"wp-block-image size-large\"><img loading=\"lazy\" width=\"768\" height=\"1024\" src=\"http:\/\/service.projektlabor.tu-berlin.de\/wordpress\/ws20-mo-lichtorgel-469\/wp-content\/uploads\/sites\/28\/2021\/02\/IMG_E94FCA61E6C5-1-768x1024.jpeg\" alt=\"\" class=\"wp-image-63\" srcset=\"https:\/\/service.projektlabor.tu-berlin.de\/wordpress\/ws20-mo-lichtorgel-469\/wp-content\/uploads\/sites\/28\/2021\/02\/IMG_E94FCA61E6C5-1-768x1024.jpeg 768w, https:\/\/service.projektlabor.tu-berlin.de\/wordpress\/ws20-mo-lichtorgel-469\/wp-content\/uploads\/sites\/28\/2021\/02\/IMG_E94FCA61E6C5-1-225x300.jpeg 225w, https:\/\/service.projektlabor.tu-berlin.de\/wordpress\/ws20-mo-lichtorgel-469\/wp-content\/uploads\/sites\/28\/2021\/02\/IMG_E94FCA61E6C5-1.jpeg 960w\" sizes=\"(max-width: 768px) 100vw, 768px\" \/><\/figure>\n","protected":false},"excerpt":{"rendered":"<p>Die Audiosignale werden von einem Elektretmikrofon in elektrische Signale umgewandelt und wird anschlie\u00dfend durch den Vorverst\u00e4rker verst\u00e4rkt, um gro\u00df genug f\u00fcr die weitere Verwendung in den folgenden Komponenten zu sein. Elektretmikrofone sind Kondensatormikrofone mit einem aufgetragenen Elektret.<\/p>\n","protected":false},"author":127,"featured_media":0,"parent":0,"menu_order":0,"comment_status":"closed","ping_status":"closed","template":"","meta":[],"_links":{"self":[{"href":"https:\/\/service.projektlabor.tu-berlin.de\/wordpress\/ws20-mo-lichtorgel-469\/wp-json\/wp\/v2\/pages\/23"}],"collection":[{"href":"https:\/\/service.projektlabor.tu-berlin.de\/wordpress\/ws20-mo-lichtorgel-469\/wp-json\/wp\/v2\/pages"}],"about":[{"href":"https:\/\/service.projektlabor.tu-berlin.de\/wordpress\/ws20-mo-lichtorgel-469\/wp-json\/wp\/v2\/types\/page"}],"author":[{"embeddable":true,"href":"https:\/\/service.projektlabor.tu-berlin.de\/wordpress\/ws20-mo-lichtorgel-469\/wp-json\/wp\/v2\/users\/127"}],"replies":[{"embeddable":true,"href":"https:\/\/service.projektlabor.tu-berlin.de\/wordpress\/ws20-mo-lichtorgel-469\/wp-json\/wp\/v2\/comments?post=23"}],"version-history":[{"count":2,"href":"https:\/\/service.projektlabor.tu-berlin.de\/wordpress\/ws20-mo-lichtorgel-469\/wp-json\/wp\/v2\/pages\/23\/revisions"}],"predecessor-version":[{"id":68,"href":"https:\/\/service.projektlabor.tu-berlin.de\/wordpress\/ws20-mo-lichtorgel-469\/wp-json\/wp\/v2\/pages\/23\/revisions\/68"}],"wp:attachment":[{"href":"https:\/\/service.projektlabor.tu-berlin.de\/wordpress\/ws20-mo-lichtorgel-469\/wp-json\/wp\/v2\/media?parent=23"}],"curies":[{"name":"wp","href":"https:\/\/api.w.org\/{rel}","templated":true}]}}