{"id":24,"date":"2021-01-19T22:15:36","date_gmt":"2021-01-19T21:15:36","guid":{"rendered":"http:\/\/service.projektlabor.tu-berlin.de\/wordpress\/ws20-mo-3stvco-521\/?page_id=24"},"modified":"2021-02-17T20:07:44","modified_gmt":"2021-02-17T19:07:44","slug":"eingabe","status":"publish","type":"page","link":"https:\/\/service.projektlabor.tu-berlin.de\/wordpress\/ws20-mo-3stvco-521\/eingabe\/","title":{"rendered":"Eingabe"},"content":{"rendered":"\n<p>Die Eingabe besteht aus einer Klaviatur, einem Schalter zur Auswahl der Signalkurve, einem Lautst\u00e4rkeregler und Reglern um die H\u00fcllkurve einzustellen. Die Klaviatur besteht 7 wei\u00dfen und 5 schwarzen Tasten, um  eine Oktave darzustellen. Jede Taste ist mit einer LED ausgestattet, um anzugeigen, welche Taste gerade gedr\u00fcckt ist.<\/p>\n\n\n\n<p>Die Klaviatur soll die Eingangsspannung von 12V auf Steuerspannungen zwischen 1,5V und 3,5V aufteilen, dies wird mithilfe eines Spannungsteilers realisiert.<\/p>\n\n\n\n<div class=\"wp-block-image\"><figure class=\"aligncenter size-large is-resized\"><img loading=\"lazy\" src=\"http:\/\/service.projektlabor.tu-berlin.de\/wordpress\/ws20-mo-3stvco-521\/wp-content\/uploads\/sites\/44\/2021\/02\/Klaviatur_Simulation-835x1024.png\" alt=\"\" class=\"wp-image-72\" width=\"376\" height=\"463\" \/><\/figure><\/div>\n\n\n\n<p>In der Simulation haben wir den ersten und letzten Schalter Simmuliert, welche die \u00e4u\u00dferen Steuerspannungen von 2,2V und 4,2V erreichen m\u00fcssen. Wir haben dann mit verschiedenen Widerstandswerten diese Spannung ann\u00e4hernd versucht zu erreichen. Da wir nach den Schalter eine Gleichrichterdiode eingebaut haben, welche einen Spannungsabfall von 0,7V haben, erreichen wir am Ende die gewollte Steuerspannung von 1,5V bis 3,5V. Die Diode dient dazu, dass nur eine LED leuchtet, wenn ein Schalter gedr\u00fcckt wird. Zum Schlss haben wir den Widerstand R2 durch 11 geteilt, um die einen gleichm\u00e4\u00dfigen Anstieg ziwschen allen Schalter zu erreichen.<\/p>\n\n\n\n<p>Danach haben wir unsere Simulation auf dem Steckbrett aufgebaut, um sicherzustellen, dass die richten Spannungen anliegen. Au\u00dferdem konnten wir auch testen, welchen Widerstand wir vor die LEDs setzten, damit diese hell genug leuchten.<\/p>\n\n\n\n<figure class=\"wp-block-image size-large\"><img loading=\"lazy\" width=\"1024\" height=\"713\" src=\"http:\/\/service.projektlabor.tu-berlin.de\/wordpress\/ws20-mo-3stvco-521\/wp-content\/uploads\/sites\/44\/2021\/02\/Klaviatur_Steckbrett_2-1-scaled-e1613588800206-1024x713.jpg\" alt=\"\" class=\"wp-image-84\" srcset=\"https:\/\/service.projektlabor.tu-berlin.de\/wordpress\/ws20-mo-3stvco-521\/wp-content\/uploads\/sites\/44\/2021\/02\/Klaviatur_Steckbrett_2-1-scaled-e1613588800206-1024x713.jpg 1024w, https:\/\/service.projektlabor.tu-berlin.de\/wordpress\/ws20-mo-3stvco-521\/wp-content\/uploads\/sites\/44\/2021\/02\/Klaviatur_Steckbrett_2-1-scaled-e1613588800206-300x209.jpg 300w, https:\/\/service.projektlabor.tu-berlin.de\/wordpress\/ws20-mo-3stvco-521\/wp-content\/uploads\/sites\/44\/2021\/02\/Klaviatur_Steckbrett_2-1-scaled-e1613588800206-768x535.jpg 768w, https:\/\/service.projektlabor.tu-berlin.de\/wordpress\/ws20-mo-3stvco-521\/wp-content\/uploads\/sites\/44\/2021\/02\/Klaviatur_Steckbrett_2-1-scaled-e1613588800206-1536x1070.jpg 1536w, https:\/\/service.projektlabor.tu-berlin.de\/wordpress\/ws20-mo-3stvco-521\/wp-content\/uploads\/sites\/44\/2021\/02\/Klaviatur_Steckbrett_2-1-scaled-e1613588800206-431x300.jpg 431w, https:\/\/service.projektlabor.tu-berlin.de\/wordpress\/ws20-mo-3stvco-521\/wp-content\/uploads\/sites\/44\/2021\/02\/Klaviatur_Steckbrett_2-1-scaled-e1613588800206.jpg 1920w\" sizes=\"(max-width: 1024px) 100vw, 1024px\" \/><\/figure>\n\n\n\n<p>Als n\u00e4chstes haben wir unsere Schaltung in das Programm Eagle \u00fcbertragen. Hier haben wir vor den Spannungsteiler noch ein Potentiometer gesetzt, um die Spanung sp\u00e4ter noch genauer einstellen zu k\u00f6nnen. Der Schiebeschalter dient der Auswahl zwischen den verschiedenen Kurven (1=Dreieck, 2=Rechteck, 3=Sinus).<\/p>\n\n\n\n<p>.<\/p>\n\n\n\n<figure class=\"wp-block-image size-large is-resized\"><img loading=\"lazy\" src=\"http:\/\/service.projektlabor.tu-berlin.de\/wordpress\/ws20-mo-3stvco-521\/wp-content\/uploads\/sites\/44\/2021\/02\/Klaviatur_Schaltung-1024x690.png\" alt=\"\" class=\"wp-image-73\" width=\"1059\" height=\"709\" \/><\/figure>\n\n\n\n<p>Aus der Schaltung wurde die Platine erzeugt, was einige Schwierigkeiten mit sich brachte, da die Platine nur eine Gr\u00f6\u00dfe von 155x45mm hat. Wir wollten eine Klaviatur nachahmen, wodurch die Tasten in einem bestimmten Muster angeordnet werden mussten, somit blieb wenig Platz f\u00fcr die restlichen Bauteile.<\/p>\n\n\n\n<figure class=\"wp-block-image size-large is-resized\"><img loading=\"lazy\" src=\"http:\/\/service.projektlabor.tu-berlin.de\/wordpress\/ws20-mo-3stvco-521\/wp-content\/uploads\/sites\/44\/2021\/02\/Klaviatur_Platine-1024x306.png\" alt=\"\" class=\"wp-image-86\" width=\"742\" height=\"221\" srcset=\"https:\/\/service.projektlabor.tu-berlin.de\/wordpress\/ws20-mo-3stvco-521\/wp-content\/uploads\/sites\/44\/2021\/02\/Klaviatur_Platine-1024x306.png 1024w, https:\/\/service.projektlabor.tu-berlin.de\/wordpress\/ws20-mo-3stvco-521\/wp-content\/uploads\/sites\/44\/2021\/02\/Klaviatur_Platine-300x90.png 300w, https:\/\/service.projektlabor.tu-berlin.de\/wordpress\/ws20-mo-3stvco-521\/wp-content\/uploads\/sites\/44\/2021\/02\/Klaviatur_Platine-768x229.png 768w, https:\/\/service.projektlabor.tu-berlin.de\/wordpress\/ws20-mo-3stvco-521\/wp-content\/uploads\/sites\/44\/2021\/02\/Klaviatur_Platine-1536x459.png 1536w, https:\/\/service.projektlabor.tu-berlin.de\/wordpress\/ws20-mo-3stvco-521\/wp-content\/uploads\/sites\/44\/2021\/02\/Klaviatur_Platine-2048x612.png 2048w, https:\/\/service.projektlabor.tu-berlin.de\/wordpress\/ws20-mo-3stvco-521\/wp-content\/uploads\/sites\/44\/2021\/02\/Klaviatur_Platine-500x149.png 500w\" sizes=\"(max-width: 742px) 100vw, 742px\" \/><\/figure>\n\n\n\n<p>Nach dem die Platine von unserem Betreuer abgenommen wurde und alle Fehler beseitigt wurden, lie\u00dfen wir die Platine \u00e4tzen. Im letzten Schritt, haben wir die L\u00f6cher gebohrt und die Platine mit den Bauteilen best\u00fcckt.<\/p>\n\n\n\n<figure class=\"wp-block-image size-large is-resized\"><img loading=\"lazy\" src=\"https:\/\/service.projektlabor.tu-berlin.de\/wordpress\/ws20-mo-3stvco-521\/wp-content\/uploads\/sites\/44\/2021\/02\/IMG_20210215_141554-1-1024x328.jpg\" alt=\"\" class=\"wp-image-99\" width=\"790\" height=\"253\" srcset=\"https:\/\/service.projektlabor.tu-berlin.de\/wordpress\/ws20-mo-3stvco-521\/wp-content\/uploads\/sites\/44\/2021\/02\/IMG_20210215_141554-1-1024x328.jpg 1024w, https:\/\/service.projektlabor.tu-berlin.de\/wordpress\/ws20-mo-3stvco-521\/wp-content\/uploads\/sites\/44\/2021\/02\/IMG_20210215_141554-1-300x96.jpg 300w, https:\/\/service.projektlabor.tu-berlin.de\/wordpress\/ws20-mo-3stvco-521\/wp-content\/uploads\/sites\/44\/2021\/02\/IMG_20210215_141554-1-768x246.jpg 768w, https:\/\/service.projektlabor.tu-berlin.de\/wordpress\/ws20-mo-3stvco-521\/wp-content\/uploads\/sites\/44\/2021\/02\/IMG_20210215_141554-1-1536x491.jpg 1536w, https:\/\/service.projektlabor.tu-berlin.de\/wordpress\/ws20-mo-3stvco-521\/wp-content\/uploads\/sites\/44\/2021\/02\/IMG_20210215_141554-1-2048x655.jpg 2048w, https:\/\/service.projektlabor.tu-berlin.de\/wordpress\/ws20-mo-3stvco-521\/wp-content\/uploads\/sites\/44\/2021\/02\/IMG_20210215_141554-1-500x160.jpg 500w\" sizes=\"(max-width: 790px) 100vw, 790px\" \/><\/figure>\n","protected":false},"excerpt":{"rendered":"<p>Die Eingabe besteht aus einer Klaviatur, einem Schalter zur Auswahl der Signalkurve, einem Lautst\u00e4rkeregler und Reglern um die H\u00fcllkurve einzustellen. Die Klaviatur besteht 7 wei\u00dfen und 5 schwarzen Tasten, um eine Oktave darzustellen. Jede Taste ist mit einer LED ausgestattet, &hellip; <a href=\"https:\/\/service.projektlabor.tu-berlin.de\/wordpress\/ws20-mo-3stvco-521\/eingabe\/\">Weiterlesen <span class=\"meta-nav\">&rarr;<\/span><\/a><\/p>\n","protected":false},"author":133,"featured_media":0,"parent":0,"menu_order":0,"comment_status":"closed","ping_status":"closed","template":"","meta":[],"_links":{"self":[{"href":"https:\/\/service.projektlabor.tu-berlin.de\/wordpress\/ws20-mo-3stvco-521\/wp-json\/wp\/v2\/pages\/24"}],"collection":[{"href":"https:\/\/service.projektlabor.tu-berlin.de\/wordpress\/ws20-mo-3stvco-521\/wp-json\/wp\/v2\/pages"}],"about":[{"href":"https:\/\/service.projektlabor.tu-berlin.de\/wordpress\/ws20-mo-3stvco-521\/wp-json\/wp\/v2\/types\/page"}],"author":[{"embeddable":true,"href":"https:\/\/service.projektlabor.tu-berlin.de\/wordpress\/ws20-mo-3stvco-521\/wp-json\/wp\/v2\/users\/133"}],"replies":[{"embeddable":true,"href":"https:\/\/service.projektlabor.tu-berlin.de\/wordpress\/ws20-mo-3stvco-521\/wp-json\/wp\/v2\/comments?post=24"}],"version-history":[{"count":20,"href":"https:\/\/service.projektlabor.tu-berlin.de\/wordpress\/ws20-mo-3stvco-521\/wp-json\/wp\/v2\/pages\/24\/revisions"}],"predecessor-version":[{"id":133,"href":"https:\/\/service.projektlabor.tu-berlin.de\/wordpress\/ws20-mo-3stvco-521\/wp-json\/wp\/v2\/pages\/24\/revisions\/133"}],"wp:attachment":[{"href":"https:\/\/service.projektlabor.tu-berlin.de\/wordpress\/ws20-mo-3stvco-521\/wp-json\/wp\/v2\/media?parent=24"}],"curies":[{"name":"wp","href":"https:\/\/api.w.org\/{rel}","templated":true}]}}