{"id":26,"date":"2021-02-21T17:25:02","date_gmt":"2021-02-21T16:25:02","guid":{"rendered":"http:\/\/service.projektlabor.tu-berlin.de\/wordpress\/ws20-do-lichtorgel-523\/?page_id=26"},"modified":"2021-02-21T17:28:44","modified_gmt":"2021-02-21T16:28:44","slug":"amplitudenregelung","status":"publish","type":"page","link":"https:\/\/service.projektlabor.tu-berlin.de\/wordpress\/ws20-do-lichtorgel-523\/amplitudenregelung\/","title":{"rendered":"Amplitudenregelung"},"content":{"rendered":"\n<p>Die Aufgabe der Untergruppe 2 ist die Amplitudenregelung. Hierbei brauchen wir eine geregelte Verst\u00e4rkung bzw. eine D\u00e4mpfung des Eingangssignals. Um dies zu erreichen, habe ich folgende Schaltung gefunden und f\u00fcr unser Projekt angepasst<\/p>\n\n\n\n<p><\/p>\n\n\n\n<figure class=\"wp-block-image size-large\"><img loading=\"lazy\" width=\"1024\" height=\"528\" src=\"https:\/\/service.projektlabor.tu-berlin.de\/wordpress\/ws20-do-lichtorgel-523\/wp-content\/uploads\/sites\/49\/2021\/02\/m1-1024x528.jpg\" alt=\"\" class=\"wp-image-28\" srcset=\"https:\/\/service.projektlabor.tu-berlin.de\/wordpress\/ws20-do-lichtorgel-523\/wp-content\/uploads\/sites\/49\/2021\/02\/m1-1024x528.jpg 1024w, https:\/\/service.projektlabor.tu-berlin.de\/wordpress\/ws20-do-lichtorgel-523\/wp-content\/uploads\/sites\/49\/2021\/02\/m1-300x155.jpg 300w, https:\/\/service.projektlabor.tu-berlin.de\/wordpress\/ws20-do-lichtorgel-523\/wp-content\/uploads\/sites\/49\/2021\/02\/m1-768x396.jpg 768w, https:\/\/service.projektlabor.tu-berlin.de\/wordpress\/ws20-do-lichtorgel-523\/wp-content\/uploads\/sites\/49\/2021\/02\/m1-1536x792.jpg 1536w, https:\/\/service.projektlabor.tu-berlin.de\/wordpress\/ws20-do-lichtorgel-523\/wp-content\/uploads\/sites\/49\/2021\/02\/m1-1200x619.jpg 1200w, https:\/\/service.projektlabor.tu-berlin.de\/wordpress\/ws20-do-lichtorgel-523\/wp-content\/uploads\/sites\/49\/2021\/02\/m1.jpg 1890w\" sizes=\"(max-width: 1024px) 100vw, 1024px\" \/><figcaption><br><\/figcaption><\/figure>\n\n\n\n<figure class=\"wp-block-image size-large\"><img loading=\"lazy\" width=\"1024\" height=\"494\" src=\"https:\/\/service.projektlabor.tu-berlin.de\/wordpress\/ws20-do-lichtorgel-523\/wp-content\/uploads\/sites\/49\/2021\/02\/m3-1024x494.png\" alt=\"\" class=\"wp-image-30\" srcset=\"https:\/\/service.projektlabor.tu-berlin.de\/wordpress\/ws20-do-lichtorgel-523\/wp-content\/uploads\/sites\/49\/2021\/02\/m3-1024x494.png 1024w, https:\/\/service.projektlabor.tu-berlin.de\/wordpress\/ws20-do-lichtorgel-523\/wp-content\/uploads\/sites\/49\/2021\/02\/m3-300x145.png 300w, https:\/\/service.projektlabor.tu-berlin.de\/wordpress\/ws20-do-lichtorgel-523\/wp-content\/uploads\/sites\/49\/2021\/02\/m3-768x370.png 768w, https:\/\/service.projektlabor.tu-berlin.de\/wordpress\/ws20-do-lichtorgel-523\/wp-content\/uploads\/sites\/49\/2021\/02\/m3-1536x741.png 1536w, https:\/\/service.projektlabor.tu-berlin.de\/wordpress\/ws20-do-lichtorgel-523\/wp-content\/uploads\/sites\/49\/2021\/02\/m3-1200x579.png 1200w, https:\/\/service.projektlabor.tu-berlin.de\/wordpress\/ws20-do-lichtorgel-523\/wp-content\/uploads\/sites\/49\/2021\/02\/m3.png 1920w\" sizes=\"(max-width: 1024px) 100vw, 1024px\" \/><\/figure>\n\n\n\n<p>Die gr\u00fcne Kurve zeigt den Eingang der Schaltung und die blaue den Ausgang.Man sieht, dass das Signal verst\u00e4rkt wurde und es auf einen Konstanten Wert geregelt wird.<\/p>\n\n\n\n<p><\/p>\n\n\n\n<p>Nachdem alles geklappt hat, habe ich die Schaltung auf einem Steckbrett aufgebaut und Messungen durchgef\u00fchr, um zu sehen ob es funktioniert. Als auch das problemlos lief, konnte ich mit dem Platinen Layout auf EAGLE anfangen.<\/p>\n\n\n\n<figure class=\"wp-block-image size-large\"><img loading=\"lazy\" width=\"1002\" height=\"677\" src=\"https:\/\/service.projektlabor.tu-berlin.de\/wordpress\/ws20-do-lichtorgel-523\/wp-content\/uploads\/sites\/49\/2021\/02\/m4.png\" alt=\"\" class=\"wp-image-31\" srcset=\"https:\/\/service.projektlabor.tu-berlin.de\/wordpress\/ws20-do-lichtorgel-523\/wp-content\/uploads\/sites\/49\/2021\/02\/m4.png 1002w, https:\/\/service.projektlabor.tu-berlin.de\/wordpress\/ws20-do-lichtorgel-523\/wp-content\/uploads\/sites\/49\/2021\/02\/m4-300x203.png 300w, https:\/\/service.projektlabor.tu-berlin.de\/wordpress\/ws20-do-lichtorgel-523\/wp-content\/uploads\/sites\/49\/2021\/02\/m4-768x519.png 768w\" sizes=\"(max-width: 1002px) 100vw, 1002px\" \/><figcaption>Eagle Schaltung<\/figcaption><\/figure>\n\n\n\n<figure class=\"wp-block-image size-large\"><img loading=\"lazy\" width=\"1024\" height=\"564\" src=\"https:\/\/service.projektlabor.tu-berlin.de\/wordpress\/ws20-do-lichtorgel-523\/wp-content\/uploads\/sites\/49\/2021\/02\/m2-1024x564.jpeg\" alt=\"\" class=\"wp-image-29\" srcset=\"https:\/\/service.projektlabor.tu-berlin.de\/wordpress\/ws20-do-lichtorgel-523\/wp-content\/uploads\/sites\/49\/2021\/02\/m2-1024x564.jpeg 1024w, https:\/\/service.projektlabor.tu-berlin.de\/wordpress\/ws20-do-lichtorgel-523\/wp-content\/uploads\/sites\/49\/2021\/02\/m2-300x165.jpeg 300w, https:\/\/service.projektlabor.tu-berlin.de\/wordpress\/ws20-do-lichtorgel-523\/wp-content\/uploads\/sites\/49\/2021\/02\/m2-768x423.jpeg 768w, https:\/\/service.projektlabor.tu-berlin.de\/wordpress\/ws20-do-lichtorgel-523\/wp-content\/uploads\/sites\/49\/2021\/02\/m2.jpeg 1080w\" sizes=\"(max-width: 1024px) 100vw, 1024px\" \/><figcaption>Platine der Amplitudenregelung<\/figcaption><\/figure>\n","protected":false},"excerpt":{"rendered":"<p>Die Aufgabe der Untergruppe 2 ist die Amplitudenregelung. Hierbei brauchen wir eine geregelte Verst\u00e4rkung bzw. eine D\u00e4mpfung des Eingangssignals. Um dies zu erreichen, habe ich folgende Schaltung gefunden und f\u00fcr unser Projekt angepasst Die gr\u00fcne Kurve zeigt den Eingang der Schaltung und die blaue den Ausgang.Man sieht, dass das Signal verst\u00e4rkt wurde und es auf [&hellip;]<\/p>\n","protected":false},"author":142,"featured_media":0,"parent":0,"menu_order":0,"comment_status":"closed","ping_status":"closed","template":"","meta":[],"_links":{"self":[{"href":"https:\/\/service.projektlabor.tu-berlin.de\/wordpress\/ws20-do-lichtorgel-523\/wp-json\/wp\/v2\/pages\/26"}],"collection":[{"href":"https:\/\/service.projektlabor.tu-berlin.de\/wordpress\/ws20-do-lichtorgel-523\/wp-json\/wp\/v2\/pages"}],"about":[{"href":"https:\/\/service.projektlabor.tu-berlin.de\/wordpress\/ws20-do-lichtorgel-523\/wp-json\/wp\/v2\/types\/page"}],"author":[{"embeddable":true,"href":"https:\/\/service.projektlabor.tu-berlin.de\/wordpress\/ws20-do-lichtorgel-523\/wp-json\/wp\/v2\/users\/142"}],"replies":[{"embeddable":true,"href":"https:\/\/service.projektlabor.tu-berlin.de\/wordpress\/ws20-do-lichtorgel-523\/wp-json\/wp\/v2\/comments?post=26"}],"version-history":[{"count":2,"href":"https:\/\/service.projektlabor.tu-berlin.de\/wordpress\/ws20-do-lichtorgel-523\/wp-json\/wp\/v2\/pages\/26\/revisions"}],"predecessor-version":[{"id":32,"href":"https:\/\/service.projektlabor.tu-berlin.de\/wordpress\/ws20-do-lichtorgel-523\/wp-json\/wp\/v2\/pages\/26\/revisions\/32"}],"wp:attachment":[{"href":"https:\/\/service.projektlabor.tu-berlin.de\/wordpress\/ws20-do-lichtorgel-523\/wp-json\/wp\/v2\/media?parent=26"}],"curies":[{"name":"wp","href":"https:\/\/api.w.org\/{rel}","templated":true}]}}