{"id":14,"date":"2021-02-20T21:37:44","date_gmt":"2021-02-20T20:37:44","guid":{"rendered":"http:\/\/service.projektlabor.tu-berlin.de\/wordpress\/ws20-di-lichtorgel-521\/?page_id=14"},"modified":"2021-02-21T20:53:38","modified_gmt":"2021-02-21T19:53:38","slug":"filter-und-gleichrichter","status":"publish","type":"page","link":"https:\/\/service.projektlabor.tu-berlin.de\/wordpress\/ws20-di-lichtorgel-521\/filter-und-gleichrichter\/","title":{"rendered":"Filter und Gleichrichter"},"content":{"rendered":"\n<p>Damit man das Eingangssignal, das vom Vorverst\u00e4rker kommt ,filtern kann, werden drei  aktive Fitlertypen verwendete. Einmal ein aktives Tiefpassfilter, das tiefe Frequenzen des Signals durchl\u00e4sst und h\u00f6here Frequenzen d\u00e4mpft. Ein aktives Hochpassfilter, das hohe Frequenzen durchl\u00e4sst und die tiefere d\u00e4mpft .Und ein aktives Bandpassfilter, das nur Frequenzen in einem bestimmten Durchlassbereich passieren l\u00e4sst.<br>Das Signal geht durch die Filter und je nachdem, ob es tiefe oder h\u00f6he Frequenzen hat, wird bei seinem entsprechenden Filter durchgelassen und somit leuchtete die Dioden, die daf\u00fcr aufgebaut sind.<br>Im Labor wurden  diese Filter mehrmals mit LTspice simuliert und auf einem Steckbrett aufgebaut und getestet, um die genauen Werte der Bauteile zu bestimmen.<\/p>\n\n\n\n<div class=\"wp-block-group\"><div class=\"wp-block-group__inner-container\">\n<div class=\"wp-block-image\"><figure class=\"aligncenter size-large is-resized\"><img loading=\"lazy\" src=\"https:\/\/service.projektlabor.tu-berlin.de\/wordpress\/ws20-di-lichtorgel-521\/wp-content\/uploads\/sites\/31\/2021\/02\/Hochpassfilter-Gleichrichter-1.jpg\" alt=\"\" class=\"wp-image-44\" width=\"416\" height=\"230\" srcset=\"https:\/\/service.projektlabor.tu-berlin.de\/wordpress\/ws20-di-lichtorgel-521\/wp-content\/uploads\/sites\/31\/2021\/02\/Hochpassfilter-Gleichrichter-1.jpg 554w, https:\/\/service.projektlabor.tu-berlin.de\/wordpress\/ws20-di-lichtorgel-521\/wp-content\/uploads\/sites\/31\/2021\/02\/Hochpassfilter-Gleichrichter-1-300x166.jpg 300w\" sizes=\"(max-width: 416px) 100vw, 416px\" \/><figcaption>Hochpass und Gleichrichter<\/figcaption><\/figure><\/div>\n\n\n\n<div class=\"wp-block-image\"><figure class=\"aligncenter size-large is-resized\"><img loading=\"lazy\" src=\"https:\/\/service.projektlabor.tu-berlin.de\/wordpress\/ws20-di-lichtorgel-521\/wp-content\/uploads\/sites\/31\/2021\/02\/Bandpassfilter-Gleichrichter-1.jpg\" alt=\"\" class=\"wp-image-45\" width=\"480\" height=\"207\" srcset=\"https:\/\/service.projektlabor.tu-berlin.de\/wordpress\/ws20-di-lichtorgel-521\/wp-content\/uploads\/sites\/31\/2021\/02\/Bandpassfilter-Gleichrichter-1.jpg 960w, https:\/\/service.projektlabor.tu-berlin.de\/wordpress\/ws20-di-lichtorgel-521\/wp-content\/uploads\/sites\/31\/2021\/02\/Bandpassfilter-Gleichrichter-1-300x129.jpg 300w, https:\/\/service.projektlabor.tu-berlin.de\/wordpress\/ws20-di-lichtorgel-521\/wp-content\/uploads\/sites\/31\/2021\/02\/Bandpassfilter-Gleichrichter-1-768x331.jpg 768w\" sizes=\"(max-width: 480px) 100vw, 480px\" \/><figcaption>Bandpass und Gleichrichter<\/figcaption><\/figure><\/div>\n\n\n\n<div class=\"wp-block-image\"><figure class=\"aligncenter size-large is-resized\"><img loading=\"lazy\" src=\"https:\/\/service.projektlabor.tu-berlin.de\/wordpress\/ws20-di-lichtorgel-521\/wp-content\/uploads\/sites\/31\/2021\/02\/Tiefpassfilter-Gleichrichter-1.jpg\" alt=\"\" class=\"wp-image-46\" width=\"415\" height=\"309\" srcset=\"https:\/\/service.projektlabor.tu-berlin.de\/wordpress\/ws20-di-lichtorgel-521\/wp-content\/uploads\/sites\/31\/2021\/02\/Tiefpassfilter-Gleichrichter-1.jpg 415w, https:\/\/service.projektlabor.tu-berlin.de\/wordpress\/ws20-di-lichtorgel-521\/wp-content\/uploads\/sites\/31\/2021\/02\/Tiefpassfilter-Gleichrichter-1-300x223.jpg 300w\" sizes=\"(max-width: 415px) 100vw, 415px\" \/><figcaption>Tiefpass und Gleichrichter<\/figcaption><\/figure><\/div>\n\n\n\n<p>Da die Eingangsspannung eine Wechselspannung ist, wurden drei Gleichrichter, je einer f\u00fcr ein Filter, verwendet. Dadurch wurde eine Gleichspannung am Ausgang  erzeugt. Der Gleichrichter wurde am Ende des Filters aufgebaut. Er besteht aus einer Diode in Durchlassrichtung und aus einem Kondensator mit einem parallel geschaltet Widerstand. <br>Nach ein paar Versuchen wurde beschlossen, dass f\u00fcr den Hochpassfilter und f\u00fcr den Bandpassfilter je ein Kondensator von 1\u00b5F und ein Widerstand von 100k Ohm verwendet werden musste. Aber f\u00fcr den Tiefpassfilter musste ein Kondensator von 10\u00b5F und ein Widerstand von 100k Ohm. verwendet werden.<br>Zust\u00e4tzlich wurden im Labor die drei Gleichrichter mit Hilfe von LTspice mit hohe, tiefe und mittlere Frequenzen simuliert und auf dem Steckbrett aufgebaut und getestet.<br>In der Simulation hatt die hohe Frequenz 20kHz betragen, die mittlere 1kHz und die tiefe nur 20Hz. Und f\u00fcr jede Frequenz wurde 5 mal mit Eingangspannungen von 1V bis 5V simuliert.<br><\/p>\n<\/div><\/div>\n\n\n\n<h2 class=\"has-text-align-center\">Platine<\/h2>\n\n\n\n<div class=\"wp-block-image\"><figure class=\"aligncenter size-large\"><img loading=\"lazy\" width=\"946\" height=\"638\" src=\"https:\/\/service.projektlabor.tu-berlin.de\/wordpress\/ws20-di-lichtorgel-521\/wp-content\/uploads\/sites\/31\/2021\/02\/Eagle-Schematic.jpg\" alt=\"\" class=\"wp-image-55\" srcset=\"https:\/\/service.projektlabor.tu-berlin.de\/wordpress\/ws20-di-lichtorgel-521\/wp-content\/uploads\/sites\/31\/2021\/02\/Eagle-Schematic.jpg 946w, https:\/\/service.projektlabor.tu-berlin.de\/wordpress\/ws20-di-lichtorgel-521\/wp-content\/uploads\/sites\/31\/2021\/02\/Eagle-Schematic-300x202.jpg 300w, https:\/\/service.projektlabor.tu-berlin.de\/wordpress\/ws20-di-lichtorgel-521\/wp-content\/uploads\/sites\/31\/2021\/02\/Eagle-Schematic-768x518.jpg 768w\" sizes=\"(max-width: 946px) 100vw, 946px\" \/><\/figure><\/div>\n\n\n\n<p>Die drei Filter haben als Eingangsignal die Spannung vom Vorverst\u00e4rker. Als Ausgangsignal liefern die Gleichrichter drei verschiedene Signalen &#8222;HPOUT&#8220;,&#8220;TPOUT&#8220; &#8222;BPOUT&#8220;, die mit dem Busstecker verbunden sind. Au\u00dferdem ist der IC, welcher aus vier OPVs f\u00fcr die Filter besteht, mit &#8222;VCC&#8220; 5V und -5V eingespeist und mit dem Busstecker verbunden.<br>In der n\u00e4chsten Abbildung findet man das Eagle-Board :<\/p>\n\n\n\n<div class=\"wp-block-image\"><figure class=\"aligncenter size-large\"><img loading=\"lazy\" width=\"824\" height=\"254\" src=\"https:\/\/service.projektlabor.tu-berlin.de\/wordpress\/ws20-di-lichtorgel-521\/wp-content\/uploads\/sites\/31\/2021\/02\/Eagle-Board.jpg\" alt=\"\" class=\"wp-image-56\" srcset=\"https:\/\/service.projektlabor.tu-berlin.de\/wordpress\/ws20-di-lichtorgel-521\/wp-content\/uploads\/sites\/31\/2021\/02\/Eagle-Board.jpg 824w, https:\/\/service.projektlabor.tu-berlin.de\/wordpress\/ws20-di-lichtorgel-521\/wp-content\/uploads\/sites\/31\/2021\/02\/Eagle-Board-300x92.jpg 300w, https:\/\/service.projektlabor.tu-berlin.de\/wordpress\/ws20-di-lichtorgel-521\/wp-content\/uploads\/sites\/31\/2021\/02\/Eagle-Board-768x237.jpg 768w\" sizes=\"(max-width: 824px) 100vw, 824px\" \/><\/figure><\/div>\n\n\n\n<p>Die blauen Leiterbahnen liegen auf Bottom, die roten Leiterbahnen  auf Top. Der Busstecker, der IC und alle andere Bauteile sind auf Bottom verbunden. Auf Top befinden sich nur VIA&#8217;s, damit die gesamte Bauteile auf dem Board besser verbunden werden .<br>Die Platine wurde im Labor gebohrt und die Bauteile gel\u00f6tet. Am Ende wurde die Platine getestet ,sodass der Bustecker mit 5V und -5V eingespeist wurde, das Eingangsignal mit den ben\u00f6tigten Frequenzen und Spannungen f\u00fcr jedes Filter verbunden wurde und die Ausgangsignale von den Filtern gemessen wurden.<br>Am Anfang hatte es nicht funktioniert, aber nachdem die Fehler gefunden wurde, hatte das Bandpassfilter und Hochpassfilter funktioniert jedoch die Ergebnisse der Messungen vom Ausgangsignal des Tiefpassfilter waren leider nicht wie gewollt.<br>In der n\u00e4chsten Abbildung findet man ein Bild der fertigen Platine : <\/p>\n\n\n\n<div class=\"wp-block-image\"><figure class=\"aligncenter size-large\"><img loading=\"lazy\" width=\"1024\" height=\"768\" src=\"https:\/\/service.projektlabor.tu-berlin.de\/wordpress\/ws20-di-lichtorgel-521\/wp-content\/uploads\/sites\/31\/2021\/02\/Platineamine-1024x768.jpeg\" alt=\"\" class=\"wp-image-57\" srcset=\"https:\/\/service.projektlabor.tu-berlin.de\/wordpress\/ws20-di-lichtorgel-521\/wp-content\/uploads\/sites\/31\/2021\/02\/Platineamine-1024x768.jpeg 1024w, https:\/\/service.projektlabor.tu-berlin.de\/wordpress\/ws20-di-lichtorgel-521\/wp-content\/uploads\/sites\/31\/2021\/02\/Platineamine-300x225.jpeg 300w, https:\/\/service.projektlabor.tu-berlin.de\/wordpress\/ws20-di-lichtorgel-521\/wp-content\/uploads\/sites\/31\/2021\/02\/Platineamine-768x576.jpeg 768w, https:\/\/service.projektlabor.tu-berlin.de\/wordpress\/ws20-di-lichtorgel-521\/wp-content\/uploads\/sites\/31\/2021\/02\/Platineamine-1536x1152.jpeg 1536w, https:\/\/service.projektlabor.tu-berlin.de\/wordpress\/ws20-di-lichtorgel-521\/wp-content\/uploads\/sites\/31\/2021\/02\/Platineamine-1200x900.jpeg 1200w, https:\/\/service.projektlabor.tu-berlin.de\/wordpress\/ws20-di-lichtorgel-521\/wp-content\/uploads\/sites\/31\/2021\/02\/Platineamine.jpeg 1600w\" sizes=\"(max-width: 1024px) 100vw, 1024px\" \/><\/figure><\/div>\n","protected":false},"excerpt":{"rendered":"<p>Damit man das Eingangssignal, das vom Vorverst\u00e4rker kommt ,filtern kann, werden drei aktive Fitlertypen verwendete. Einmal ein aktives Tiefpassfilter, das tiefe Frequenzen des Signals durchl\u00e4sst und h\u00f6here Frequenzen d\u00e4mpft. Ein aktives Hochpassfilter, das hohe Frequenzen durchl\u00e4sst und die tiefere d\u00e4mpft .Und ein aktives Bandpassfilter, das nur Frequenzen in einem bestimmten Durchlassbereich passieren l\u00e4sst.Das Signal geht [&hellip;]<\/p>\n","protected":false},"author":132,"featured_media":0,"parent":0,"menu_order":0,"comment_status":"closed","ping_status":"closed","template":"","meta":[],"_links":{"self":[{"href":"https:\/\/service.projektlabor.tu-berlin.de\/wordpress\/ws20-di-lichtorgel-521\/wp-json\/wp\/v2\/pages\/14"}],"collection":[{"href":"https:\/\/service.projektlabor.tu-berlin.de\/wordpress\/ws20-di-lichtorgel-521\/wp-json\/wp\/v2\/pages"}],"about":[{"href":"https:\/\/service.projektlabor.tu-berlin.de\/wordpress\/ws20-di-lichtorgel-521\/wp-json\/wp\/v2\/types\/page"}],"author":[{"embeddable":true,"href":"https:\/\/service.projektlabor.tu-berlin.de\/wordpress\/ws20-di-lichtorgel-521\/wp-json\/wp\/v2\/users\/132"}],"replies":[{"embeddable":true,"href":"https:\/\/service.projektlabor.tu-berlin.de\/wordpress\/ws20-di-lichtorgel-521\/wp-json\/wp\/v2\/comments?post=14"}],"version-history":[{"count":4,"href":"https:\/\/service.projektlabor.tu-berlin.de\/wordpress\/ws20-di-lichtorgel-521\/wp-json\/wp\/v2\/pages\/14\/revisions"}],"predecessor-version":[{"id":58,"href":"https:\/\/service.projektlabor.tu-berlin.de\/wordpress\/ws20-di-lichtorgel-521\/wp-json\/wp\/v2\/pages\/14\/revisions\/58"}],"wp:attachment":[{"href":"https:\/\/service.projektlabor.tu-berlin.de\/wordpress\/ws20-di-lichtorgel-521\/wp-json\/wp\/v2\/media?parent=14"}],"curies":[{"name":"wp","href":"https:\/\/api.w.org\/{rel}","templated":true}]}}