{"id":11,"date":"2021-02-20T21:35:35","date_gmt":"2021-02-20T20:35:35","guid":{"rendered":"http:\/\/service.projektlabor.tu-berlin.de\/wordpress\/ws20-di-lichtorgel-521\/?page_id=11"},"modified":"2021-02-20T22:54:06","modified_gmt":"2021-02-20T21:54:06","slug":"mic-und-leds","status":"publish","type":"page","link":"https:\/\/service.projektlabor.tu-berlin.de\/wordpress\/ws20-di-lichtorgel-521\/mic-und-leds\/","title":{"rendered":"MIC und LEDs"},"content":{"rendered":"\n<h2 class=\"has-text-align-center\">Mikrofon<\/h2>\n\n\n\n<p>Das Mikrofon wird ben\u00f6tigt, um die T\u00f6ne in Elektrische Signale umzuwandeln. Das Ausgangssignal des Mikrofons betr\u00e4gt im Schnitt 10mV mit gelegentlichen Spitzen von 100mV. Die Kenntnis dieser Werte sind erforderlich, um den Vorverst\u00e4rker zu entwerfen.<\/p>\n\n\n\n<h2 class=\"has-text-align-center\">LEDs<\/h2>\n\n\n\n<p>F\u00fcr die LEDs wurden je nach Filterart verschiedene Farben verwendet. Die LED des Tiefpasses haben die Farbe blau, die des Bandpasses gelb und die des Hochpasses rot. Es werden immer LED mit einem Durchmesser von 5mm verwendet. Au\u00dferdem wird, um den richtigen Strom durch die LED zu gew\u00e4hrleisten, ein Widerstand zu jeder LED in Reihe geschaltet.<\/p>\n\n\n\n<h2 class=\"has-text-align-center\">Platine<\/h2>\n\n\n\n<p>Auf dem Schaltbild  sind 15 Dioden mit Vorwiderstand, 2 Bussstecker, ein Versorgungsstecker und die Mikrofonschaltung abgebildet.<\/p>\n\n\n\n<div class=\"wp-block-image\"><figure class=\"aligncenter size-large\"><img loading=\"lazy\" width=\"833\" height=\"609\" src=\"https:\/\/service.projektlabor.tu-berlin.de\/wordpress\/ws20-di-lichtorgel-521\/wp-content\/uploads\/sites\/31\/2021\/02\/splan.png\" alt=\"\" class=\"wp-image-48\" srcset=\"https:\/\/service.projektlabor.tu-berlin.de\/wordpress\/ws20-di-lichtorgel-521\/wp-content\/uploads\/sites\/31\/2021\/02\/splan.png 833w, https:\/\/service.projektlabor.tu-berlin.de\/wordpress\/ws20-di-lichtorgel-521\/wp-content\/uploads\/sites\/31\/2021\/02\/splan-300x219.png 300w, https:\/\/service.projektlabor.tu-berlin.de\/wordpress\/ws20-di-lichtorgel-521\/wp-content\/uploads\/sites\/31\/2021\/02\/splan-768x561.png 768w\" sizes=\"(max-width: 833px) 100vw, 833px\" \/><\/figure><\/div>\n\n\n\n<p>Der Versorgungsstecker wird an eine Quelle angeschlossen um das Mikrofon mit 5V Spannung zu versorgen. Auserdem werden \u00fcber diesen STecker noch -5V eingespeist. Ground wird auch \u00fcber diesen angeschlossen. Zusammen mit MICOUT werden diese Spannungen \u00fcber den Busstecker auf die weiteren Platinen \u00dcbertragen.<br>\u00dcber die Busstecker Kriegen die Dioden ihre Versorgungsspannung. Das EAGLE Board ist in folgender Abbildung zu sehen:<\/p>\n\n\n\n<div class=\"wp-block-image\"><figure class=\"aligncenter size-large is-resized\"><img loading=\"lazy\" src=\"https:\/\/service.projektlabor.tu-berlin.de\/wordpress\/ws20-di-lichtorgel-521\/wp-content\/uploads\/sites\/31\/2021\/02\/eplan.png\" alt=\"\" class=\"wp-image-50\" width=\"610\" height=\"205\" srcset=\"https:\/\/service.projektlabor.tu-berlin.de\/wordpress\/ws20-di-lichtorgel-521\/wp-content\/uploads\/sites\/31\/2021\/02\/eplan.png 871w, https:\/\/service.projektlabor.tu-berlin.de\/wordpress\/ws20-di-lichtorgel-521\/wp-content\/uploads\/sites\/31\/2021\/02\/eplan-300x101.png 300w, https:\/\/service.projektlabor.tu-berlin.de\/wordpress\/ws20-di-lichtorgel-521\/wp-content\/uploads\/sites\/31\/2021\/02\/eplan-768x258.png 768w\" sizes=\"(max-width: 610px) 100vw, 610px\" \/><\/figure><\/div>\n\n\n\n<p>Die roten Leiterbahnen liegen auf Top, die blauen Leiterbahnen auf Bottom. Da die PLatine oben drauf liegt und mit den unteren Platinen verbunden wird werden die Busstecker an Top angel\u00f6tet, deswegen sind Top Leiterbahnen nur bei den Busssteckern vorhanden.<br>Im der Folgenden Abbildung ist die Fertige Platine zu sehen:<\/p>\n\n\n\n<div class=\"wp-block-image\"><figure class=\"aligncenter size-large is-resized\"><img loading=\"lazy\" src=\"https:\/\/service.projektlabor.tu-berlin.de\/wordpress\/ws20-di-lichtorgel-521\/wp-content\/uploads\/sites\/31\/2021\/02\/brettt.jpg\" alt=\"\" class=\"wp-image-51\" width=\"400\" height=\"320\" \/><\/figure><\/div>\n\n\n\n<p>Wie zuvor erw\u00e4hnt sind die Busstecker unten. Auf der Abbildung sieht man die Dioden. Die Blauen Dioden zeigen Tiefe T\u00f6ne an, die Gelb-Orangen Dioden zeigen mittlere T\u00f6ne an und die Wei\u00dfen Dioden zeigen Hohe T\u00f6ne an.<\/p>\n","protected":false},"excerpt":{"rendered":"<p>Mikrofon Das Mikrofon wird ben\u00f6tigt, um die T\u00f6ne in Elektrische Signale umzuwandeln. Das Ausgangssignal des Mikrofons betr\u00e4gt im Schnitt 10mV mit gelegentlichen Spitzen von 100mV. Die Kenntnis dieser Werte sind erforderlich, um den Vorverst\u00e4rker zu entwerfen. LEDs F\u00fcr die LEDs wurden je nach Filterart verschiedene Farben verwendet. Die LED des Tiefpasses haben die Farbe blau, [&hellip;]<\/p>\n","protected":false},"author":132,"featured_media":0,"parent":0,"menu_order":0,"comment_status":"closed","ping_status":"closed","template":"","meta":[],"_links":{"self":[{"href":"https:\/\/service.projektlabor.tu-berlin.de\/wordpress\/ws20-di-lichtorgel-521\/wp-json\/wp\/v2\/pages\/11"}],"collection":[{"href":"https:\/\/service.projektlabor.tu-berlin.de\/wordpress\/ws20-di-lichtorgel-521\/wp-json\/wp\/v2\/pages"}],"about":[{"href":"https:\/\/service.projektlabor.tu-berlin.de\/wordpress\/ws20-di-lichtorgel-521\/wp-json\/wp\/v2\/types\/page"}],"author":[{"embeddable":true,"href":"https:\/\/service.projektlabor.tu-berlin.de\/wordpress\/ws20-di-lichtorgel-521\/wp-json\/wp\/v2\/users\/132"}],"replies":[{"embeddable":true,"href":"https:\/\/service.projektlabor.tu-berlin.de\/wordpress\/ws20-di-lichtorgel-521\/wp-json\/wp\/v2\/comments?post=11"}],"version-history":[{"count":4,"href":"https:\/\/service.projektlabor.tu-berlin.de\/wordpress\/ws20-di-lichtorgel-521\/wp-json\/wp\/v2\/pages\/11\/revisions"}],"predecessor-version":[{"id":53,"href":"https:\/\/service.projektlabor.tu-berlin.de\/wordpress\/ws20-di-lichtorgel-521\/wp-json\/wp\/v2\/pages\/11\/revisions\/53"}],"wp:attachment":[{"href":"https:\/\/service.projektlabor.tu-berlin.de\/wordpress\/ws20-di-lichtorgel-521\/wp-json\/wp\/v2\/media?parent=11"}],"curies":[{"name":"wp","href":"https:\/\/api.w.org\/{rel}","templated":true}]}}