{"id":66,"date":"2021-02-02T17:50:19","date_gmt":"2021-02-02T16:50:19","guid":{"rendered":"http:\/\/service.projektlabor.tu-berlin.de\/wordpress\/ws20-di-lichtorgel-469\/?page_id=66"},"modified":"2021-02-22T00:53:56","modified_gmt":"2021-02-21T23:53:56","slug":"lichtorgel","status":"publish","type":"page","link":"https:\/\/service.projektlabor.tu-berlin.de\/wordpress\/ws20-di-lichtorgel-469\/","title":{"rendered":"Lichtorgel"},"content":{"rendered":"\n<p>Herzlich willkommen auf der Webseite des Projektlabors im WS 21. Unsere Projekt ist eine 3 Kan\u00e4le Lichtorgel zu entwickeln.<\/p>\n\n\n\n<p>Eine Lichtorgel ist ein Ger\u00e4t, das durch die verschiedene Musikt\u00f6ne beleuchtet. Unsere Lichtorgel leuchtet Rot bei Tieftone, Blau bei Mitteltone und Gr\u00fcn bei Hocht\u00f6ne.<\/p>\n\n\n\n<p>Das Blockschaltbild der Lichtorgel ist in der folgenden Abbildung dargestellt. <\/p>\n\n\n\n<p>Den Abschlussbericht des Projekts kann man <a href=\"http:\/\/service.projektlabor.tu-berlin.de\/wordpress\/ws20-di-lichtorgel-469\/wp-content\/uploads\/sites\/30\/2021\/02\/ProLab_Zwischenbericht_2.pdf\" target=\"_blank\" rel=\"noreferrer noopener\">hier<\/a> herunterladen.<\/p>\n\n\n\n<figure class=\"wp-block-image size-large is-resized\"><img loading=\"lazy\" src=\"https:\/\/service.projektlabor.tu-berlin.de\/wordpress\/ws20-di-lichtorgel-469\/wp-content\/uploads\/sites\/30\/2021\/02\/bsb-1024x862.jpg\" alt=\"\" class=\"wp-image-75\" width=\"726\" height=\"611\" srcset=\"https:\/\/service.projektlabor.tu-berlin.de\/wordpress\/ws20-di-lichtorgel-469\/wp-content\/uploads\/sites\/30\/2021\/02\/bsb-1024x862.jpg 1024w, https:\/\/service.projektlabor.tu-berlin.de\/wordpress\/ws20-di-lichtorgel-469\/wp-content\/uploads\/sites\/30\/2021\/02\/bsb-300x253.jpg 300w, https:\/\/service.projektlabor.tu-berlin.de\/wordpress\/ws20-di-lichtorgel-469\/wp-content\/uploads\/sites\/30\/2021\/02\/bsb-768x647.jpg 768w, https:\/\/service.projektlabor.tu-berlin.de\/wordpress\/ws20-di-lichtorgel-469\/wp-content\/uploads\/sites\/30\/2021\/02\/bsb-1200x1011.jpg 1200w, https:\/\/service.projektlabor.tu-berlin.de\/wordpress\/ws20-di-lichtorgel-469\/wp-content\/uploads\/sites\/30\/2021\/02\/bsb.jpg 1280w\" sizes=\"(max-width: 726px) 100vw, 726px\" \/><\/figure>\n","protected":false},"excerpt":{"rendered":"<p>Herzlich willkommen auf der Webseite des Projektlabors im WS 21. Unsere Projekt ist eine 3 Kan\u00e4le Lichtorgel zu entwickeln. Eine Lichtorgel ist ein Ger\u00e4t, das durch die verschiedene Musikt\u00f6ne beleuchtet. Unsere Lichtorgel leuchtet Rot bei Tieftone, Blau bei Mitteltone und Gr\u00fcn bei Hocht\u00f6ne. Das Blockschaltbild der Lichtorgel ist in der folgenden Abbildung dargestellt. Den Abschlussbericht [&hellip;]<\/p>\n","protected":false},"author":115,"featured_media":0,"parent":0,"menu_order":0,"comment_status":"closed","ping_status":"closed","template":"","meta":[],"_links":{"self":[{"href":"https:\/\/service.projektlabor.tu-berlin.de\/wordpress\/ws20-di-lichtorgel-469\/wp-json\/wp\/v2\/pages\/66"}],"collection":[{"href":"https:\/\/service.projektlabor.tu-berlin.de\/wordpress\/ws20-di-lichtorgel-469\/wp-json\/wp\/v2\/pages"}],"about":[{"href":"https:\/\/service.projektlabor.tu-berlin.de\/wordpress\/ws20-di-lichtorgel-469\/wp-json\/wp\/v2\/types\/page"}],"author":[{"embeddable":true,"href":"https:\/\/service.projektlabor.tu-berlin.de\/wordpress\/ws20-di-lichtorgel-469\/wp-json\/wp\/v2\/users\/115"}],"replies":[{"embeddable":true,"href":"https:\/\/service.projektlabor.tu-berlin.de\/wordpress\/ws20-di-lichtorgel-469\/wp-json\/wp\/v2\/comments?post=66"}],"version-history":[{"count":5,"href":"https:\/\/service.projektlabor.tu-berlin.de\/wordpress\/ws20-di-lichtorgel-469\/wp-json\/wp\/v2\/pages\/66\/revisions"}],"predecessor-version":[{"id":81,"href":"https:\/\/service.projektlabor.tu-berlin.de\/wordpress\/ws20-di-lichtorgel-469\/wp-json\/wp\/v2\/pages\/66\/revisions\/81"}],"wp:attachment":[{"href":"https:\/\/service.projektlabor.tu-berlin.de\/wordpress\/ws20-di-lichtorgel-469\/wp-json\/wp\/v2\/media?parent=66"}],"curies":[{"name":"wp","href":"https:\/\/api.w.org\/{rel}","templated":true}]}}