{"id":61,"date":"2021-01-25T23:57:29","date_gmt":"2021-01-25T22:57:29","guid":{"rendered":"http:\/\/service.projektlabor.tu-berlin.de\/wordpress\/ws20-di-lichtorgel-469\/?page_id=61"},"modified":"2021-01-25T23:57:29","modified_gmt":"2021-01-25T22:57:29","slug":"gruppe-4-led-treiber","status":"publish","type":"page","link":"https:\/\/service.projektlabor.tu-berlin.de\/wordpress\/ws20-di-lichtorgel-469\/gruppe-4-led-treiber\/","title":{"rendered":"Gruppe 4: LED Treiber"},"content":{"rendered":"\n<h1 id=\"led-treiber\">LED Treiber<\/h1>\n\n\n\n<h2 id=\"einleitung-3\">Einleitung<\/h2>\n\n\n\n<p>Es werden ein LED Treiber, sowie eine Ansteuerung f\u00fcr diesen ben\u00f6tigt.<br>\nDie LEDs in dieser Schaltung werden mit einem PWM (Pulse-width-modulation) Signal angesteuert. Dadurch entsteht die M\u00f6glichkeit, die LEDs zu dimmen.<br>\n<\/p>\n\n\n\n<h2 id=\"konzept-3\">Konzept<\/h2>\n\n\n\n<p>Das PWM Signal wird erzeugt, indem eine Gleichspannung und eine Dreieck Spannung verglichen werden.<br>\nJe nach Intensit\u00e4t des Eingangssignal hat das PWM Signal einen geringeren oder gr\u00f6\u00dferen Tastgrad, dadurch wird die Helligkeit der LEDs ge\u00e4ndert.<br>\nDas Dreieck Signal wird einmal generiert und anschlie\u00dfend f\u00fcr alle 3 LED Farben verwendet. F\u00fcr jede Farbe (rot, gr\u00fcn, blau) kommt ein Eingangssignal \u00fcber den Busstecker, das jeweils an einen eigenen Gleichrichter gef\u00fchrt wird. F\u00fcr jedes Farbsignal gibt es einen Komparator, der als Ausgangssignal das entsprechende PWM Signal zur Ansteuerung hat.<br>\nDie PWM Signale werden an das Gate eines n-Mosfet geschaltet, die damit den Mosfet steuern. Der nMos liefert den Strom f\u00fcr die die LEDs.<br>\nDie LEDs werden, mit entsprechenden Vorwiderst\u00e4nden, auf seperate Platinen gel\u00f6tet und au\u00dfen am Geh\u00e4use befestigt. Das Ausgangssignal des nMos wird f\u00fcr jede LED \u00fcber den Busstecker an die Busplatine geleitet. Voraussichtlich wird von dort ein Stecker an die LED Platinen geleitet.<br>\n<\/p>\n\n\n\n<h2 id=\"schaltungsentwurf-3\">Schaltungsentwurf<\/h2>\n\n\n\n<p>Die gel\u00e4ufigste Methode ein PWM Signal zu erzeugen, ist durch das verschalten von Dreieck Spannung und Gleichspannung an einen Komparator. Ein Dreieck Signal kann mit einem Dreieck-Rechteck Generator erzeugt werden. Dieser besteht aus einem Schmitt-Trigger, sowie einem Integrator siehe Abb. 1.<br> Da die gesamte Schaltung im Single Supply mit 10V Eingangsspannung betrieben wird, muss ein 5V Offset f\u00fcr die Schaltung erzeugt werden. Dies ist \u00fcber einen Spannungsteiler m\u00f6glich.<br> Durch Ver\u00e4nderung des Spannungsteilers kann der Offset des Dreiecks ge\u00e4ndert werden, sodass es im Zweifelsfalls auch an das Eingangssignal angepasst werden kann. Das Dreieck muss so verschoben werden, dass bei einer Spannung von 5V (kein Eingangssignal), auch kein PWM Signal erzeugt wird.<br> Um diese Funktion beim testen zu gew\u00e4hrleisten, wird ein Potentiometer statt des Spannungsteilers eingebaut. Beim Integrator wird wieder ein Spannungsteiler genutzt um einen 5V Offset zu erzeugen und Symmetrie zu gew\u00e4hrleisten.<br> <\/p>\n\n\n\n<figure class=\"wp-block-image size-large\"><img loading=\"lazy\" width=\"860\" height=\"718\" src=\"http:\/\/service.projektlabor.tu-berlin.de\/wordpress\/ws20-di-lichtorgel-469\/wp-content\/uploads\/sites\/30\/2021\/01\/dreieck_rechteck_sch.jpg\" alt=\"\" class=\"wp-image-15\" srcset=\"https:\/\/service.projektlabor.tu-berlin.de\/wordpress\/ws20-di-lichtorgel-469\/wp-content\/uploads\/sites\/30\/2021\/01\/dreieck_rechteck_sch.jpg 860w, https:\/\/service.projektlabor.tu-berlin.de\/wordpress\/ws20-di-lichtorgel-469\/wp-content\/uploads\/sites\/30\/2021\/01\/dreieck_rechteck_sch-300x250.jpg 300w, https:\/\/service.projektlabor.tu-berlin.de\/wordpress\/ws20-di-lichtorgel-469\/wp-content\/uploads\/sites\/30\/2021\/01\/dreieck_rechteck_sch-768x641.jpg 768w\" sizes=\"(max-width: 860px) 100vw, 860px\" \/><figcaption>Abb. 1: Schaltplan Dreieck-Rechteck Generator<\/figcaption><\/figure>\n\n\n\n<p>Als Gleichrichter wird eine Diode genutzt, die die negative Halbwelle des Sinuseingangssignals sperrt, sowie ein RC-Tiefpass, der das Signal gl\u00e4ttet. Da die Eingangssignale um 5V zentriert sind, muss auch hier wieder ein virtueller Ground von 5v erzeugt werden. Das geschieht mit einem Spannungsteiler sowie einem Gl\u00e4ttungskondensator.<br> Diese Schaltung wird dreimal ben\u00f6tigt, f\u00fcr die verschiedenen Eingangssignale, die aus der Filterschaltung kommen.<br> <\/p>\n\n\n\n<figure class=\"wp-block-image size-large\"><img loading=\"lazy\" width=\"1024\" height=\"440\" src=\"http:\/\/service.projektlabor.tu-berlin.de\/wordpress\/ws20-di-lichtorgel-469\/wp-content\/uploads\/sites\/30\/2021\/01\/gleichrichter_sch-1024x440.jpg\" alt=\"\" class=\"wp-image-17\" srcset=\"https:\/\/service.projektlabor.tu-berlin.de\/wordpress\/ws20-di-lichtorgel-469\/wp-content\/uploads\/sites\/30\/2021\/01\/gleichrichter_sch-1024x440.jpg 1024w, https:\/\/service.projektlabor.tu-berlin.de\/wordpress\/ws20-di-lichtorgel-469\/wp-content\/uploads\/sites\/30\/2021\/01\/gleichrichter_sch-300x129.jpg 300w, https:\/\/service.projektlabor.tu-berlin.de\/wordpress\/ws20-di-lichtorgel-469\/wp-content\/uploads\/sites\/30\/2021\/01\/gleichrichter_sch-768x330.jpg 768w, https:\/\/service.projektlabor.tu-berlin.de\/wordpress\/ws20-di-lichtorgel-469\/wp-content\/uploads\/sites\/30\/2021\/01\/gleichrichter_sch.jpg 1034w\" sizes=\"(max-width: 1024px) 100vw, 1024px\" \/><figcaption>Schaltplan Gleichrichter<\/figcaption><\/figure>\n\n\n\n<p><strong>Dimensionierung<\/strong><br>\nDer Widerstand <span class=\"math inline\"><em>R<\/em><sub>11<\/sub><\/span> beeinflusst die Amplitude des Dreiecks. Das muss so gew\u00e4hlt werden, dass sich das Dreieck im Bereich der gleichgerichteten Spannung bewegt. Mit <span class=\"math inline\"><em>R<\/em><sub>11<\/sub><\/span>=47k<span class=\"math inline\"><em>\u03a9<\/em><\/span> hat man eine Amplitude von ca. 4.8<span class=\"math inline\"><em>V<\/em><em>p<\/em><em>p<\/em><\/span>.<br>\nDer Widerstand <span class=\"math inline\"><em>R<\/em><sub>13<\/sub><\/span> hat einen Einfluss auf die Amplitude des Rechtecks und damit auf die Frequenz des Dreiecks. Bei dem aktuellen Widerstand, <span class=\"math inline\"><em>R<\/em><sub>13<\/sub><\/span>=330k<span class=\"math inline\"><em>\u03a9<\/em><\/span> hat das Dreieck eine Frequenz von rund 880<span class=\"math inline\"><em>H<\/em><em>z<\/em><\/span>.Dadurch ist garantiert, dass das PWM Signal eine Frequenz hat, bei der das Auge kein Flackern sehen kann.<br>\nDer Spannungsteiler, bestehend aus <span class=\"math inline\"><em>R<\/em><sub>14<\/sub><\/span> und <span class=\"math inline\"><em>R<\/em><sub>19<\/sub><\/span> am nicht invertierenden Eingang des Integrator, sorgt bei gleichen Werten (hier 100k<span class=\"math inline\"><em>\u03a9<\/em><\/span>), f\u00fcr ein symmetrisches Dreieck.<br>\nDer Widerstand <span class=\"math inline\"><em>R<\/em><sub>15<\/sub><\/span> wird parallel zum Potentiometer an Ground geschaltet. Dadurch gibt es die M\u00f6glichkeit, einen normalen Spannungsteiler zu nutzen, falls es zu schwierigkeiten mit dem Potentiometer auf der Platine kommt. Falls der Spannungsteiler nicht ben\u00f6tigt wird, kann er mit einem 1k<span class=\"math inline\"><em>\u03a9<\/em><\/span> Widerstand best\u00fcckt werden, nicht 100k<span class=\"math inline\"><em>\u03a9<\/em><\/span>.<br>\n<\/p>\n\n\n\n<p><strong>Bauteile<\/strong><\/p>\n\n\n\n<figure class=\"wp-block-table\"><table><thead><tr><th>Bauteil<\/th><th>Wert<\/th><th>Bauteil<\/th><th>Wert<\/th><\/tr><\/thead><tbody><tr><td><span class=\"math inline\"><em>R<\/em><sub>1<\/sub><\/span><\/td><td>100k<span class=\"math inline\"><em>\u03a9<\/em><\/span><\/td><td><span class=\"math inline\"><em>C<\/em><sub>1<\/sub><\/span><\/td><td>100n<span class=\"math inline\"><em>F<\/em><\/span><\/td><\/tr><tr><td><span class=\"math inline\"><em>R<\/em><sub>2<\/sub><\/span><\/td><td>100k<span class=\"math inline\"><em>\u03a9<\/em><\/span><\/td><td><span class=\"math inline\"><em>C<\/em><sub>2<\/sub><\/span><\/td><td>100n<span class=\"math inline\"><em>F<\/em><\/span><\/td><\/tr><tr><td><span class=\"math inline\"><em>R<\/em><sub>3<\/sub><\/span><\/td><td>100k<span class=\"math inline\"><em>\u03a9<\/em><\/span><\/td><td><span class=\"math inline\"><em>C<\/em><sub>3<\/sub><\/span><\/td><td>100n<span class=\"math inline\"><em>F<\/em><\/span><\/td><\/tr><tr><td><span class=\"math inline\"><em>R<\/em><sub>4<\/sub><\/span><\/td><td>10k<span class=\"math inline\"><em>\u03a9<\/em><\/span><\/td><td><span class=\"math inline\"><em>C<\/em><sub>4<\/sub><\/span><\/td><td>1<span class=\"math inline\"><em>\u03bc<\/em><em>F<\/em><\/span><\/td><\/tr><tr><td><span class=\"math inline\"><em>R<\/em><sub>5<\/sub><\/span><\/td><td>10k<span class=\"math inline\"><em>\u03a9<\/em><\/span><\/td><td><span class=\"math inline\"><em>C<\/em><sub>5<\/sub><\/span><\/td><td>100n<span class=\"math inline\"><em>F<\/em><\/span><\/td><\/tr><tr><td><span class=\"math inline\"><em>R<\/em><sub>6<\/sub><\/span><\/td><td>150k<span class=\"math inline\"><em>\u03a9<\/em><\/span><\/td><td><span class=\"math inline\"><em>C<\/em><sub>6<\/sub><\/span><\/td><td>100n<span class=\"math inline\"><em>F<\/em><\/span><\/td><\/tr><tr><td><span class=\"math inline\"><em>R<\/em><sub>7<\/sub><\/span><\/td><td>10k<span class=\"math inline\"><em>\u03a9<\/em><\/span><\/td><td><span class=\"math inline\"><em>C<\/em><sub>7<\/sub><\/span><\/td><td>10<span class=\"math inline\"><em>\u03bc<\/em><em>F<\/em><\/span><\/td><\/tr><tr><td><span class=\"math inline\"><em>R<\/em><sub>8<\/sub><\/span><\/td><td>10k<span class=\"math inline\"><em>\u03a9<\/em><\/span><\/td><td><span class=\"math inline\"><em>C<\/em><sub>8<\/sub><\/span><\/td><td>100n<span class=\"math inline\"><em>F<\/em><\/span><\/td><\/tr><tr><td><span class=\"math inline\"><em>R<\/em><sub>9<\/sub><\/span><\/td><td>150k<span class=\"math inline\"><em>\u03a9<\/em><\/span><\/td><td><span class=\"math inline\"><em>C<\/em><sub>9<\/sub><\/span><\/td><td>10<span class=\"math inline\"><em>\u03bc<\/em><em>F<\/em><\/span><\/td><\/tr><tr><td><span class=\"math inline\"><em>R<\/em><sub>10<\/sub><\/span><\/td><td>10k<span class=\"math inline\"><em>\u03a9<\/em><\/span><\/td><td><span class=\"math inline\"><em>C<\/em><sub>10<\/sub><\/span><\/td><td>10<span class=\"math inline\"><em>\u03bc<\/em><em>F<\/em><\/span><\/td><\/tr><tr><td><span class=\"math inline\"><em>R<\/em><sub>11<\/sub><\/span><\/td><td>47k<span class=\"math inline\"><em>\u03a9<\/em><\/span><\/td><td><span class=\"math inline\"><em>C<\/em><sub>11<\/sub><\/span><\/td><td>10n<span class=\"math inline\"><em>F<\/em><\/span><\/td><\/tr><tr><td><span class=\"math inline\"><em>R<\/em><sub>12<\/sub><\/span><\/td><td>100k<span class=\"math inline\"><em>\u03a9<\/em><\/span><\/td><td><span class=\"math inline\"><em>C<\/em><sub>12<\/sub><\/span><\/td><td>1<span class=\"math inline\"><em>\u03bc<\/em><em>F<\/em><\/span><\/td><\/tr><tr><td><span class=\"math inline\"><em>R<\/em><sub>13<\/sub><\/span><\/td><td>330k<span class=\"math inline\"><em>\u03a9<\/em><\/span><\/td><td><span class=\"math inline\"><em>D<\/em><sub>1<\/sub><\/span><\/td><td>1N4148<\/td><\/tr><tr><td><span class=\"math inline\"><em>R<\/em><sub>14<\/sub><\/span><\/td><td>100k<span class=\"math inline\"><em>\u03a9<\/em><\/span><\/td><td><span class=\"math inline\"><em>D<\/em><sub>2<\/sub><\/span><\/td><td>1N4148<\/td><\/tr><tr><td><span class=\"math inline\"><em>R<\/em><sub>15<\/sub><\/span><\/td><td>1k<span class=\"math inline\"><em>\u03a9<\/em><\/span><\/td><td><span class=\"math inline\"><em>D<\/em><sub>3<\/sub><\/span><\/td><td>1N4148<\/td><\/tr><tr><td><span class=\"math inline\"><em>R<\/em><sub>16<\/sub><\/span><\/td><td>10k<span class=\"math inline\"><em>\u03a9<\/em><\/span><\/td><td><span class=\"math inline\"><em>Q<\/em><sub>21<\/sub><\/span><\/td><td>BS170<\/td><\/tr><tr><td><span class=\"math inline\"><em>R<\/em><sub>17<\/sub><\/span><\/td><td>150k<span class=\"math inline\"><em>\u03a9<\/em><\/span><\/td><td><span class=\"math inline\"><em>Q<\/em><sub>31<\/sub><\/span><\/td><td>BS170<\/td><\/tr><tr><td><span class=\"math inline\"><em>R<\/em><sub>18<\/sub><\/span><\/td><td>100k<span class=\"math inline\"><em>\u03a9<\/em><\/span><\/td><td><span class=\"math inline\"><em>Q<\/em><sub>41<\/sub><\/span><\/td><td>BS170<\/td><\/tr><tr><td><span class=\"math inline\"><em>R<\/em><sub>19<\/sub><\/span><\/td><td>100k<span class=\"math inline\"><em>\u03a9<\/em><\/span><\/td><td><\/td><td><\/td><\/tr><tr><td><span class=\"math inline\"><em>I<\/em><em>C<\/em><sub>1<\/sub><\/span><\/td><td>TL072<\/td><td><span class=\"math inline\"><em>I<\/em><em>C<\/em><sub>2<\/sub><\/span><\/td><td>TL074<\/td><\/tr><\/tbody><\/table><\/figure>\n\n\n\n<h2 id=\"testung-und-aufbau-der-schaltung-1\">Testung und Aufbau der Schaltung<\/h2>\n\n\n\n<h3 id=\"simulation-1\">Simulation<\/h3>\n\n\n\n<p>Bevor die Schaltung mit realen Bauteilen aufgebaut wird, wird die in LT Spice simuliert. Abbildung 2 zeigt den in LT Spice aufgebauten Schaltplan.<br> <\/p>\n\n\n\n<figure class=\"wp-block-image size-large\"><img loading=\"lazy\" width=\"1024\" height=\"584\" src=\"http:\/\/service.projektlabor.tu-berlin.de\/wordpress\/ws20-di-lichtorgel-469\/wp-content\/uploads\/sites\/30\/2021\/01\/lt_spice-1024x584.jpg\" alt=\"\" class=\"wp-image-20\" srcset=\"https:\/\/service.projektlabor.tu-berlin.de\/wordpress\/ws20-di-lichtorgel-469\/wp-content\/uploads\/sites\/30\/2021\/01\/lt_spice-1024x584.jpg 1024w, https:\/\/service.projektlabor.tu-berlin.de\/wordpress\/ws20-di-lichtorgel-469\/wp-content\/uploads\/sites\/30\/2021\/01\/lt_spice-300x171.jpg 300w, https:\/\/service.projektlabor.tu-berlin.de\/wordpress\/ws20-di-lichtorgel-469\/wp-content\/uploads\/sites\/30\/2021\/01\/lt_spice-768x438.jpg 768w, https:\/\/service.projektlabor.tu-berlin.de\/wordpress\/ws20-di-lichtorgel-469\/wp-content\/uploads\/sites\/30\/2021\/01\/lt_spice-1200x685.jpg 1200w, https:\/\/service.projektlabor.tu-berlin.de\/wordpress\/ws20-di-lichtorgel-469\/wp-content\/uploads\/sites\/30\/2021\/01\/lt_spice.jpg 1409w\" sizes=\"(max-width: 1024px) 100vw, 1024px\" \/><figcaption>Abb. 2: LT Spice Schaltplan<\/figcaption><\/figure>\n\n\n\n<figure class=\"wp-block-image size-large\"><img loading=\"lazy\" width=\"1024\" height=\"444\" src=\"http:\/\/service.projektlabor.tu-berlin.de\/wordpress\/ws20-di-lichtorgel-469\/wp-content\/uploads\/sites\/30\/2021\/01\/sim_gleichtichter-1024x444.jpg\" alt=\"\" class=\"wp-image-39\" srcset=\"https:\/\/service.projektlabor.tu-berlin.de\/wordpress\/ws20-di-lichtorgel-469\/wp-content\/uploads\/sites\/30\/2021\/01\/sim_gleichtichter-1024x444.jpg 1024w, https:\/\/service.projektlabor.tu-berlin.de\/wordpress\/ws20-di-lichtorgel-469\/wp-content\/uploads\/sites\/30\/2021\/01\/sim_gleichtichter-300x130.jpg 300w, https:\/\/service.projektlabor.tu-berlin.de\/wordpress\/ws20-di-lichtorgel-469\/wp-content\/uploads\/sites\/30\/2021\/01\/sim_gleichtichter-768x333.jpg 768w, https:\/\/service.projektlabor.tu-berlin.de\/wordpress\/ws20-di-lichtorgel-469\/wp-content\/uploads\/sites\/30\/2021\/01\/sim_gleichtichter-1200x520.jpg 1200w, https:\/\/service.projektlabor.tu-berlin.de\/wordpress\/ws20-di-lichtorgel-469\/wp-content\/uploads\/sites\/30\/2021\/01\/sim_gleichtichter.jpg 1338w\" sizes=\"(max-width: 1024px) 100vw, 1024px\" \/><figcaption>Abb. 3: LT Spice Simulation Gleichrichter<\/figcaption><\/figure>\n\n\n\n<p>In Abbildung 3 sieht man eine Simulation der Gleichrichter Schaltung. Das Eingangssignal ist ein Sinus mit f=10<span class=\"math inline\"><em>Hz<\/em><\/span>, <span class=\"math inline\"><em>Vpp<\/em>\u2004=\u20041<em>V<\/em><\/span> und 5V DC-Offset. Man sieht, dass der Sinus ziemlich glatt gleichgerichtet wird. Das gleichgerichtete Signal ist nur etwas kleiner, als das Eingangssignal.<br> Die Grafik Abb. 4 zeigt das Dreieck Signal, das gleichgerichtete Signal sowie das resultierende PWM Signal. Auch diese funktionieren in der Simulation wie gew\u00fcnscht.<br> <\/p>\n\n\n\n<figure class=\"wp-block-image size-large\"><img loading=\"lazy\" width=\"1024\" height=\"495\" src=\"http:\/\/service.projektlabor.tu-berlin.de\/wordpress\/ws20-di-lichtorgel-469\/wp-content\/uploads\/sites\/30\/2021\/01\/sim_pwm-1024x495.png\" alt=\"\" class=\"wp-image-40\" srcset=\"https:\/\/service.projektlabor.tu-berlin.de\/wordpress\/ws20-di-lichtorgel-469\/wp-content\/uploads\/sites\/30\/2021\/01\/sim_pwm-1024x495.png 1024w, https:\/\/service.projektlabor.tu-berlin.de\/wordpress\/ws20-di-lichtorgel-469\/wp-content\/uploads\/sites\/30\/2021\/01\/sim_pwm-300x145.png 300w, https:\/\/service.projektlabor.tu-berlin.de\/wordpress\/ws20-di-lichtorgel-469\/wp-content\/uploads\/sites\/30\/2021\/01\/sim_pwm-768x372.png 768w, https:\/\/service.projektlabor.tu-berlin.de\/wordpress\/ws20-di-lichtorgel-469\/wp-content\/uploads\/sites\/30\/2021\/01\/sim_pwm-1536x743.png 1536w, https:\/\/service.projektlabor.tu-berlin.de\/wordpress\/ws20-di-lichtorgel-469\/wp-content\/uploads\/sites\/30\/2021\/01\/sim_pwm-1200x580.png 1200w, https:\/\/service.projektlabor.tu-berlin.de\/wordpress\/ws20-di-lichtorgel-469\/wp-content\/uploads\/sites\/30\/2021\/01\/sim_pwm.png 1906w\" sizes=\"(max-width: 1024px) 100vw, 1024px\" \/><figcaption>Abb. 4: Simulation PWM<\/figcaption><\/figure>\n\n\n\n<h3 id=\"steckbrettaufbau-1\">Steckbrettaufbau<\/h3>\n\n\n\n<p>Nach erfolgreicher Simulation kann die Schaltung zum Testen auf ein Steckbrett gebaut werden.<br>\n<\/p>\n\n\n\n<figure class=\"wp-block-image size-large\"><img loading=\"lazy\" width=\"1024\" height=\"768\" src=\"http:\/\/service.projektlabor.tu-berlin.de\/wordpress\/ws20-di-lichtorgel-469\/wp-content\/uploads\/sites\/30\/2021\/01\/dreieck_komparator-1024x768.jpg\" alt=\"\" class=\"wp-image-14\" srcset=\"https:\/\/service.projektlabor.tu-berlin.de\/wordpress\/ws20-di-lichtorgel-469\/wp-content\/uploads\/sites\/30\/2021\/01\/dreieck_komparator-1024x768.jpg 1024w, https:\/\/service.projektlabor.tu-berlin.de\/wordpress\/ws20-di-lichtorgel-469\/wp-content\/uploads\/sites\/30\/2021\/01\/dreieck_komparator-300x225.jpg 300w, https:\/\/service.projektlabor.tu-berlin.de\/wordpress\/ws20-di-lichtorgel-469\/wp-content\/uploads\/sites\/30\/2021\/01\/dreieck_komparator-768x576.jpg 768w, https:\/\/service.projektlabor.tu-berlin.de\/wordpress\/ws20-di-lichtorgel-469\/wp-content\/uploads\/sites\/30\/2021\/01\/dreieck_komparator-1200x900.jpg 1200w, https:\/\/service.projektlabor.tu-berlin.de\/wordpress\/ws20-di-lichtorgel-469\/wp-content\/uploads\/sites\/30\/2021\/01\/dreieck_komparator.jpg 1280w\" sizes=\"(max-width: 1024px) 100vw, 1024px\" \/><figcaption>Abb. 5: Steckbrett IC mit Dreieck Generator, Komparator und LED<\/figcaption><\/figure>\n\n\n\n<p>Abbildung 5 zeigt einen Teil des Steckbrett Aufbaus. 2 der Operationsverst\u00e4rker am IC wurden f\u00fcr den Dreieck Rechteck Generator genutzt (links oben und rechts oben). Der OPV rechts unten wurde als Komparator verschaltet. An den Komparator wird das Ausgangssignal der Gleichrichter Schaltung gef\u00fchrt.<br> In diesem Bild ist nur der einfache Spannungsteiler, kein Potentiometer f\u00fcr den Offset des Dreieckssignals verschaltet. In dem Bild ist auch noch kein Mosfet verschaltet, lediglich der Vorwiderstand der Diode. Bei einer LED reicht der Strom es OPV aus. Beides wurde aber auch auf dem Steckbrett getestet und funktioniert.<br> <\/p>\n\n\n\n<figure class=\"wp-block-image size-large\"><img loading=\"lazy\" width=\"1024\" height=\"619\" src=\"http:\/\/service.projektlabor.tu-berlin.de\/wordpress\/ws20-di-lichtorgel-469\/wp-content\/uploads\/sites\/30\/2021\/01\/Gleichrichter-1024x619.jpg\" alt=\"\" class=\"wp-image-16\" srcset=\"https:\/\/service.projektlabor.tu-berlin.de\/wordpress\/ws20-di-lichtorgel-469\/wp-content\/uploads\/sites\/30\/2021\/01\/Gleichrichter-1024x619.jpg 1024w, https:\/\/service.projektlabor.tu-berlin.de\/wordpress\/ws20-di-lichtorgel-469\/wp-content\/uploads\/sites\/30\/2021\/01\/Gleichrichter-300x181.jpg 300w, https:\/\/service.projektlabor.tu-berlin.de\/wordpress\/ws20-di-lichtorgel-469\/wp-content\/uploads\/sites\/30\/2021\/01\/Gleichrichter-768x464.jpg 768w, https:\/\/service.projektlabor.tu-berlin.de\/wordpress\/ws20-di-lichtorgel-469\/wp-content\/uploads\/sites\/30\/2021\/01\/Gleichrichter-1200x726.jpg 1200w, https:\/\/service.projektlabor.tu-berlin.de\/wordpress\/ws20-di-lichtorgel-469\/wp-content\/uploads\/sites\/30\/2021\/01\/Gleichrichter.jpg 1280w\" sizes=\"(max-width: 1024px) 100vw, 1024px\" \/><figcaption>Abb. 6: Steckbrett Aufbau Gleichrichter<span><\/span><\/figcaption><\/figure>\n\n\n\n<p>In Abbildung 6 ist der Steckbrettaufbau der Gleichrichterschaltung zu sehen.<br> Die Testschaltung wurde mit 10V DC in Betrieb genommen und hat ein Sinus Eingangssignal mit einem 5C DC Offset erhalten. Abbildung 7 zeigt das Sinussignal (lila) sowie das gleichgerichtete Signal. Es ist nicht exakt gleichgerichtet, aber f\u00fcr die Schaltung glatt genug.<br> In Abbildung 8 widr die Oszikkoskop Messung des PWM Signal dargestellt. Channel 2 zeigt das 3-Eck Signal, Channel 4 weiter das gleichgerichtete Signal und auf Channel 1 wird das Ausgangssignal des Komparators gemessen.<br> Die Schaltung funktioniert wie gew\u00fcnscht, die LED leuchten, wenn es ein Eingangssignal gibt und ist aus, wenn es keins gibt.<br> <\/p>\n\n\n\n<figure class=\"wp-block-image size-large\"><img loading=\"lazy\" width=\"1024\" height=\"580\" src=\"http:\/\/service.projektlabor.tu-berlin.de\/wordpress\/ws20-di-lichtorgel-469\/wp-content\/uploads\/sites\/30\/2021\/01\/oszi_gr-1024x580.jpg\" alt=\"\" class=\"wp-image-27\" srcset=\"https:\/\/service.projektlabor.tu-berlin.de\/wordpress\/ws20-di-lichtorgel-469\/wp-content\/uploads\/sites\/30\/2021\/01\/oszi_gr-1024x580.jpg 1024w, https:\/\/service.projektlabor.tu-berlin.de\/wordpress\/ws20-di-lichtorgel-469\/wp-content\/uploads\/sites\/30\/2021\/01\/oszi_gr-300x170.jpg 300w, https:\/\/service.projektlabor.tu-berlin.de\/wordpress\/ws20-di-lichtorgel-469\/wp-content\/uploads\/sites\/30\/2021\/01\/oszi_gr-768x435.jpg 768w, https:\/\/service.projektlabor.tu-berlin.de\/wordpress\/ws20-di-lichtorgel-469\/wp-content\/uploads\/sites\/30\/2021\/01\/oszi_gr-1200x680.jpg 1200w, https:\/\/service.projektlabor.tu-berlin.de\/wordpress\/ws20-di-lichtorgel-469\/wp-content\/uploads\/sites\/30\/2021\/01\/oszi_gr.jpg 1280w\" sizes=\"(max-width: 1024px) 100vw, 1024px\" \/><figcaption>Abb. 7: Oszilloskop Gleichrichter<\/figcaption><\/figure>\n\n\n\n<figure class=\"wp-block-image size-large\"><img loading=\"lazy\" width=\"1024\" height=\"574\" src=\"http:\/\/service.projektlabor.tu-berlin.de\/wordpress\/ws20-di-lichtorgel-469\/wp-content\/uploads\/sites\/30\/2021\/01\/oszi_pwm-1024x574.jpg\" alt=\"\" class=\"wp-image-28\" srcset=\"https:\/\/service.projektlabor.tu-berlin.de\/wordpress\/ws20-di-lichtorgel-469\/wp-content\/uploads\/sites\/30\/2021\/01\/oszi_pwm-1024x574.jpg 1024w, https:\/\/service.projektlabor.tu-berlin.de\/wordpress\/ws20-di-lichtorgel-469\/wp-content\/uploads\/sites\/30\/2021\/01\/oszi_pwm-300x168.jpg 300w, https:\/\/service.projektlabor.tu-berlin.de\/wordpress\/ws20-di-lichtorgel-469\/wp-content\/uploads\/sites\/30\/2021\/01\/oszi_pwm-768x430.jpg 768w, https:\/\/service.projektlabor.tu-berlin.de\/wordpress\/ws20-di-lichtorgel-469\/wp-content\/uploads\/sites\/30\/2021\/01\/oszi_pwm-1200x672.jpg 1200w, https:\/\/service.projektlabor.tu-berlin.de\/wordpress\/ws20-di-lichtorgel-469\/wp-content\/uploads\/sites\/30\/2021\/01\/oszi_pwm.jpg 1280w\" sizes=\"(max-width: 1024px) 100vw, 1024px\" \/><figcaption>Abb. 8: Oszilloskop PWM Signal<\/figcaption><\/figure>\n","protected":false},"excerpt":{"rendered":"<p>LED Treiber Einleitung Es werden ein LED Treiber, sowie eine Ansteuerung f\u00fcr diesen ben\u00f6tigt. Die LEDs in dieser Schaltung werden mit einem PWM (Pulse-width-modulation) Signal angesteuert. Dadurch entsteht die M\u00f6glichkeit, die LEDs zu dimmen. Konzept Das PWM Signal wird erzeugt, indem eine Gleichspannung und eine Dreieck Spannung verglichen werden. Je nach Intensit\u00e4t des Eingangssignal hat [&hellip;]<\/p>\n","protected":false},"author":123,"featured_media":0,"parent":0,"menu_order":0,"comment_status":"closed","ping_status":"closed","template":"","meta":[],"_links":{"self":[{"href":"https:\/\/service.projektlabor.tu-berlin.de\/wordpress\/ws20-di-lichtorgel-469\/wp-json\/wp\/v2\/pages\/61"}],"collection":[{"href":"https:\/\/service.projektlabor.tu-berlin.de\/wordpress\/ws20-di-lichtorgel-469\/wp-json\/wp\/v2\/pages"}],"about":[{"href":"https:\/\/service.projektlabor.tu-berlin.de\/wordpress\/ws20-di-lichtorgel-469\/wp-json\/wp\/v2\/types\/page"}],"author":[{"embeddable":true,"href":"https:\/\/service.projektlabor.tu-berlin.de\/wordpress\/ws20-di-lichtorgel-469\/wp-json\/wp\/v2\/users\/123"}],"replies":[{"embeddable":true,"href":"https:\/\/service.projektlabor.tu-berlin.de\/wordpress\/ws20-di-lichtorgel-469\/wp-json\/wp\/v2\/comments?post=61"}],"version-history":[{"count":2,"href":"https:\/\/service.projektlabor.tu-berlin.de\/wordpress\/ws20-di-lichtorgel-469\/wp-json\/wp\/v2\/pages\/61\/revisions"}],"predecessor-version":[{"id":63,"href":"https:\/\/service.projektlabor.tu-berlin.de\/wordpress\/ws20-di-lichtorgel-469\/wp-json\/wp\/v2\/pages\/61\/revisions\/63"}],"wp:attachment":[{"href":"https:\/\/service.projektlabor.tu-berlin.de\/wordpress\/ws20-di-lichtorgel-469\/wp-json\/wp\/v2\/media?parent=61"}],"curies":[{"name":"wp","href":"https:\/\/api.w.org\/{rel}","templated":true}]}}