{"id":21,"date":"2021-01-25T23:34:45","date_gmt":"2021-01-25T22:34:45","guid":{"rendered":"http:\/\/service.projektlabor.tu-berlin.de\/wordpress\/ws20-di-lichtorgel-469\/?page_id=21"},"modified":"2021-01-25T23:34:45","modified_gmt":"2021-01-25T22:34:45","slug":"gruppe-1-mikrofonvorverstaerker","status":"publish","type":"page","link":"https:\/\/service.projektlabor.tu-berlin.de\/wordpress\/ws20-di-lichtorgel-469\/gruppe-1-mikrofonvorverstaerker\/","title":{"rendered":"Gruppe 1: Mikrofonvorverst\u00e4rker"},"content":{"rendered":"\n<h1 id=\"mikrofonvorverst\u00e4rker\">Mikrofonvorverst\u00e4rker<\/h1>\n\n\n\n<h2 id=\"einleitung\">Einleitung<\/h2>\n\n\n\n<p>In diesem Teil geht es um die Audiosignalaufnahme und die Verst\u00e4rkung dieses Signals, sodass es stark genug ist, um durch die verschiedenen Filter in die gebrauchten Frequenzspektren aufgeteilt zu werden und danach die LEDs f\u00fcr die jeweiligen vorher genannten Spektren steuern zu k\u00f6nnen.<\/p>\n\n\n\n<h2 id=\"konzept\">Konzept<\/h2>\n\n\n\n<p>F\u00fcr die Audiosignalaufnahme wird ein Elektretmikrofon verwendet, das je nach Abstand bzw. St\u00e4rke der Tonquelle relativ kleine Spannungssignale im mV-Bereich liefern kann. Daher wird hier eine Verst\u00e4rkerstufe ben\u00f6tigt. Dazu verwenden wir einen OPV als nichtinvertierende Verst\u00e4rkerschaltung. Damit die Verst\u00e4rkung im nachhinein ver\u00e4ndert werden kann, verl\u00e4uft die R\u00fcckkopplung zum invertierenden Eingang des OPVs durch ein Potentiometer.<\/p>\n\n\n\n<p>Der OPV wird mit 10V im single-supply betrieben. Um \u00dcbersteuerungen zu verhindern, werden verschiedenen Spannungsgleichanteile des Mikrofonsignals mithilfe eines Koppelkondensators rausgefiltert und anschlie\u00dfend wird das Signal in die Mitte des Arbeitsbereichs des OPVs verschoben. Das wird mit einem Spannungsteiler realisiert.<\/p>\n\n\n\n<h2 id=\"schaltungsentwurf\">Schaltungsentwurf<\/h2>\n\n\n\n<p><strong>Mikrofonvorverst\u00e4rker<\/strong><br>\nDer verwendete Mikrofonverst\u00e4rker sieht folgenderma\u00dfen aus:<\/p>\n\n\n\n<figure class=\"wp-block-image size-large\"><img loading=\"lazy\" width=\"1024\" height=\"571\" src=\"http:\/\/service.projektlabor.tu-berlin.de\/wordpress\/ws20-di-lichtorgel-469\/wp-content\/uploads\/sites\/30\/2021\/01\/Mikrofonverstaerker-1024x571.png\" alt=\"\" class=\"wp-image-22\" srcset=\"https:\/\/service.projektlabor.tu-berlin.de\/wordpress\/ws20-di-lichtorgel-469\/wp-content\/uploads\/sites\/30\/2021\/01\/Mikrofonverstaerker-1024x571.png 1024w, https:\/\/service.projektlabor.tu-berlin.de\/wordpress\/ws20-di-lichtorgel-469\/wp-content\/uploads\/sites\/30\/2021\/01\/Mikrofonverstaerker-300x167.png 300w, https:\/\/service.projektlabor.tu-berlin.de\/wordpress\/ws20-di-lichtorgel-469\/wp-content\/uploads\/sites\/30\/2021\/01\/Mikrofonverstaerker-768x428.png 768w, https:\/\/service.projektlabor.tu-berlin.de\/wordpress\/ws20-di-lichtorgel-469\/wp-content\/uploads\/sites\/30\/2021\/01\/Mikrofonverstaerker-1200x669.png 1200w, https:\/\/service.projektlabor.tu-berlin.de\/wordpress\/ws20-di-lichtorgel-469\/wp-content\/uploads\/sites\/30\/2021\/01\/Mikrofonverstaerker.png 1372w\" sizes=\"(max-width: 1024px) 100vw, 1024px\" \/><figcaption>Mikrofonverst\u00e4rker<\/figcaption><\/figure>\n\n\n\n<p>Folgende Bauteile wurden verwendet:<\/p>\n\n\n\n<ul><li><p><span class=\"math inline\"><em>R<\/em><sub>1<\/sub><\/span>=22k<span class=\"math inline\"><em>\u03a9<\/em><\/span><\/p><\/li><li><p><span class=\"math inline\"><em>R<\/em><sub>2<\/sub><\/span>=10k<span class=\"math inline\"><em>\u03a9<\/em><\/span><\/p><\/li><li><p><span class=\"math inline\"><em>R<\/em><sub>3<\/sub><\/span>=10k<span class=\"math inline\"><em>\u03a9<\/em><\/span><\/p><\/li><li><p><span class=\"math inline\"><em>R<\/em><sub>4<\/sub><\/span>=460<span class=\"math inline\"><em>\u03a9<\/em><\/span><\/p><\/li><li><p><span class=\"math inline\"><em>R<\/em><sub>5<\/sub><\/span>= bis zu 5k<span class=\"math inline\"><em>\u03a9<\/em><\/span><\/p><\/li><li><p><span class=\"math inline\"><em>C<\/em><sub>1<\/sub><\/span>=10<span class=\"math inline\"><em>\u03bc<\/em><\/span>F<\/p><\/li><li><p><span class=\"math inline\"><em>C<\/em><sub>2<\/sub><\/span>=0.1<span class=\"math inline\"><em>\u03bc<\/em><\/span>F<\/p><\/li><li><p>TL072 Operationsverst\u00e4rker<\/p><\/li><li><p>MC100 Elektret-Kondensator-Mikrofonkapsel<\/p><\/li><\/ul>\n\n\n\n<p>Die Verst\u00e4rkung wird so berechnet: <br><\/p>\n\n\n\n<figure class=\"wp-block-image size-large is-resized\"><img loading=\"lazy\" src=\"https:\/\/service.projektlabor.tu-berlin.de\/wordpress\/ws20-di-lichtorgel-469\/wp-content\/uploads\/sites\/30\/2021\/01\/image.png\" alt=\"\" class=\"wp-image-50\" width=\"285\" height=\"117\" \/><\/figure>\n\n\n\n<p><br><\/p>\n\n\n\n<h2 id=\"dokumentation-der-arbeitsentwicklung\">Dokumentation der Arbeitsentwicklung<\/h2>\n\n\n\n<p>Bevor die Schaltung auf ein Steckbrett umgesetzt wird, wird zumindest ein Teil der Schaltung mithilfe von LTSpice simuliert, um zu sehen ob die gew\u00fcnschte Verst\u00e4rkung erreicht wird. Dazu wird ein beliebiges Sinussignal erzeugt.<\/p>\n\n\n\n<figure class=\"wp-block-image size-large\"><img loading=\"lazy\" width=\"639\" height=\"399\" src=\"http:\/\/service.projektlabor.tu-berlin.de\/wordpress\/ws20-di-lichtorgel-469\/wp-content\/uploads\/sites\/30\/2021\/01\/MVsimu.png\" alt=\"\" class=\"wp-image-24\" srcset=\"https:\/\/service.projektlabor.tu-berlin.de\/wordpress\/ws20-di-lichtorgel-469\/wp-content\/uploads\/sites\/30\/2021\/01\/MVsimu.png 639w, https:\/\/service.projektlabor.tu-berlin.de\/wordpress\/ws20-di-lichtorgel-469\/wp-content\/uploads\/sites\/30\/2021\/01\/MVsimu-300x187.png 300w\" sizes=\"(max-width: 639px) 100vw, 639px\" \/><figcaption>Verst\u00e4rker Simulation<\/figcaption><\/figure>\n\n\n\n<p>Der Widerstand <span class=\"math inline\"><em>R<\/em><sub>4<\/sub><\/span>, an dessen Stelle sp\u00e4ter das Potentiometer kommt, wird zu Testzwecken so eingestellt, dass eine 10-fache Verst\u00e4rkung erreicht wird. Anschlie\u00dfend erhalten wir f\u00fcr das Eingangs- und Ausgangssignal folgende Ergebnisse:<\/p>\n\n\n\n<figure class=\"wp-block-image size-large\"><img loading=\"lazy\" width=\"1024\" height=\"487\" src=\"http:\/\/service.projektlabor.tu-berlin.de\/wordpress\/ws20-di-lichtorgel-469\/wp-content\/uploads\/sites\/30\/2021\/01\/MVsimuPlot-1024x487.png\" alt=\"\" class=\"wp-image-25\" srcset=\"https:\/\/service.projektlabor.tu-berlin.de\/wordpress\/ws20-di-lichtorgel-469\/wp-content\/uploads\/sites\/30\/2021\/01\/MVsimuPlot-1024x487.png 1024w, https:\/\/service.projektlabor.tu-berlin.de\/wordpress\/ws20-di-lichtorgel-469\/wp-content\/uploads\/sites\/30\/2021\/01\/MVsimuPlot-300x143.png 300w, https:\/\/service.projektlabor.tu-berlin.de\/wordpress\/ws20-di-lichtorgel-469\/wp-content\/uploads\/sites\/30\/2021\/01\/MVsimuPlot-768x366.png 768w, https:\/\/service.projektlabor.tu-berlin.de\/wordpress\/ws20-di-lichtorgel-469\/wp-content\/uploads\/sites\/30\/2021\/01\/MVsimuPlot-1536x731.png 1536w, https:\/\/service.projektlabor.tu-berlin.de\/wordpress\/ws20-di-lichtorgel-469\/wp-content\/uploads\/sites\/30\/2021\/01\/MVsimuPlot-1200x571.png 1200w, https:\/\/service.projektlabor.tu-berlin.de\/wordpress\/ws20-di-lichtorgel-469\/wp-content\/uploads\/sites\/30\/2021\/01\/MVsimuPlot.png 1916w\" sizes=\"(max-width: 1024px) 100vw, 1024px\" \/><figcaption>Signalverst\u00e4rkung<\/figcaption><\/figure>\n\n\n\n<p>Anschlie\u00dfend wird die Theorie auf das Steckbrett \u00fcbertragen und sieht dann folgenderma\u00dfen aus:<\/p>\n\n\n\n<figure class=\"wp-block-image size-large\"><img loading=\"lazy\" width=\"1017\" height=\"1024\" src=\"http:\/\/service.projektlabor.tu-berlin.de\/wordpress\/ws20-di-lichtorgel-469\/wp-content\/uploads\/sites\/30\/2021\/01\/MVsteckbrett1-1017x1024.jpg\" alt=\"\" class=\"wp-image-26\" srcset=\"https:\/\/service.projektlabor.tu-berlin.de\/wordpress\/ws20-di-lichtorgel-469\/wp-content\/uploads\/sites\/30\/2021\/01\/MVsteckbrett1-1017x1024.jpg 1017w, https:\/\/service.projektlabor.tu-berlin.de\/wordpress\/ws20-di-lichtorgel-469\/wp-content\/uploads\/sites\/30\/2021\/01\/MVsteckbrett1-298x300.jpg 298w, https:\/\/service.projektlabor.tu-berlin.de\/wordpress\/ws20-di-lichtorgel-469\/wp-content\/uploads\/sites\/30\/2021\/01\/MVsteckbrett1-150x150.jpg 150w, https:\/\/service.projektlabor.tu-berlin.de\/wordpress\/ws20-di-lichtorgel-469\/wp-content\/uploads\/sites\/30\/2021\/01\/MVsteckbrett1-768x773.jpg 768w, https:\/\/service.projektlabor.tu-berlin.de\/wordpress\/ws20-di-lichtorgel-469\/wp-content\/uploads\/sites\/30\/2021\/01\/MVsteckbrett1-1525x1536.jpg 1525w, https:\/\/service.projektlabor.tu-berlin.de\/wordpress\/ws20-di-lichtorgel-469\/wp-content\/uploads\/sites\/30\/2021\/01\/MVsteckbrett1-1200x1208.jpg 1200w, https:\/\/service.projektlabor.tu-berlin.de\/wordpress\/ws20-di-lichtorgel-469\/wp-content\/uploads\/sites\/30\/2021\/01\/MVsteckbrett1.jpg 1704w\" sizes=\"(max-width: 1017px) 100vw, 1017px\" \/><figcaption>Mikrofonverst\u00e4rker Steckbrett<\/figcaption><\/figure>\n\n\n\n<p>Mit dieser Schaltung lassen wir uns sowohl das Mikrofonsignal (blau) als auch das Verst\u00e4rkte Signal (gelb) am Oszilloskop anzeigen:<\/p>\n\n\n\n<figure class=\"wp-block-image size-large\"><img loading=\"lazy\" width=\"940\" height=\"457\" src=\"http:\/\/service.projektlabor.tu-berlin.de\/wordpress\/ws20-di-lichtorgel-469\/wp-content\/uploads\/sites\/30\/2021\/01\/mvoszi1.jpg\" alt=\"\" class=\"wp-image-23\" srcset=\"https:\/\/service.projektlabor.tu-berlin.de\/wordpress\/ws20-di-lichtorgel-469\/wp-content\/uploads\/sites\/30\/2021\/01\/mvoszi1.jpg 940w, https:\/\/service.projektlabor.tu-berlin.de\/wordpress\/ws20-di-lichtorgel-469\/wp-content\/uploads\/sites\/30\/2021\/01\/mvoszi1-300x146.jpg 300w, https:\/\/service.projektlabor.tu-berlin.de\/wordpress\/ws20-di-lichtorgel-469\/wp-content\/uploads\/sites\/30\/2021\/01\/mvoszi1-768x373.jpg 768w\" sizes=\"(max-width: 940px) 100vw, 940px\" \/><figcaption>Mikrofonverst\u00e4rkung am Oszilloskop<\/figcaption><\/figure>\n","protected":false},"excerpt":{"rendered":"<p>Mikrofonvorverst\u00e4rker Einleitung In diesem Teil geht es um die Audiosignalaufnahme und die Verst\u00e4rkung dieses Signals, sodass es stark genug ist, um durch die verschiedenen Filter in die gebrauchten Frequenzspektren aufgeteilt zu werden und danach die LEDs f\u00fcr die jeweiligen vorher genannten Spektren steuern zu k\u00f6nnen. Konzept F\u00fcr die Audiosignalaufnahme wird ein Elektretmikrofon verwendet, das je [&hellip;]<\/p>\n","protected":false},"author":123,"featured_media":0,"parent":0,"menu_order":0,"comment_status":"closed","ping_status":"closed","template":"","meta":[],"_links":{"self":[{"href":"https:\/\/service.projektlabor.tu-berlin.de\/wordpress\/ws20-di-lichtorgel-469\/wp-json\/wp\/v2\/pages\/21"}],"collection":[{"href":"https:\/\/service.projektlabor.tu-berlin.de\/wordpress\/ws20-di-lichtorgel-469\/wp-json\/wp\/v2\/pages"}],"about":[{"href":"https:\/\/service.projektlabor.tu-berlin.de\/wordpress\/ws20-di-lichtorgel-469\/wp-json\/wp\/v2\/types\/page"}],"author":[{"embeddable":true,"href":"https:\/\/service.projektlabor.tu-berlin.de\/wordpress\/ws20-di-lichtorgel-469\/wp-json\/wp\/v2\/users\/123"}],"replies":[{"embeddable":true,"href":"https:\/\/service.projektlabor.tu-berlin.de\/wordpress\/ws20-di-lichtorgel-469\/wp-json\/wp\/v2\/comments?post=21"}],"version-history":[{"count":1,"href":"https:\/\/service.projektlabor.tu-berlin.de\/wordpress\/ws20-di-lichtorgel-469\/wp-json\/wp\/v2\/pages\/21\/revisions"}],"predecessor-version":[{"id":51,"href":"https:\/\/service.projektlabor.tu-berlin.de\/wordpress\/ws20-di-lichtorgel-469\/wp-json\/wp\/v2\/pages\/21\/revisions\/51"}],"wp:attachment":[{"href":"https:\/\/service.projektlabor.tu-berlin.de\/wordpress\/ws20-di-lichtorgel-469\/wp-json\/wp\/v2\/media?parent=21"}],"curies":[{"name":"wp","href":"https:\/\/api.w.org\/{rel}","templated":true}]}}