{"id":31,"date":"2014-02-06T17:39:48","date_gmt":"2014-02-06T15:39:48","guid":{"rendered":"http:\/\/service.projektlabor.tu-berlin.de\/wordpress\/theribaby\/?page_id=31"},"modified":"2014-03-11T22:30:32","modified_gmt":"2014-03-11T20:30:32","slug":"gruppe-1","status":"publish","type":"page","link":"https:\/\/service.projektlabor.tu-berlin.de\/wordpress\/theribaby\/gruppe-1\/","title":{"rendered":"Gruppe 1"},"content":{"rendered":"<p><span style=\"text-decoration: underline\"><strong>Gruppe 1: Tonerzeugung<\/strong><\/span><\/p>\n<p><a href=\"http:\/\/service.projektlabor.tu-berlin.de\/wordpress\/theribaby\/wp-content\/uploads\/sites\/6\/2014\/02\/BSB.jpg\"><img loading=\"lazy\" class=\"alignnone size-large wp-image-91\" alt=\"BSB\" src=\"http:\/\/service.projektlabor.tu-berlin.de\/wordpress\/theribaby\/wp-content\/uploads\/sites\/6\/2014\/02\/BSB-1024x559.jpg\" width=\"625\" height=\"341\" srcset=\"https:\/\/service.projektlabor.tu-berlin.de\/wordpress\/theribaby\/wp-content\/uploads\/sites\/6\/2014\/02\/BSB-1024x559.jpg 1024w, https:\/\/service.projektlabor.tu-berlin.de\/wordpress\/theribaby\/wp-content\/uploads\/sites\/6\/2014\/02\/BSB-300x163.jpg 300w, https:\/\/service.projektlabor.tu-berlin.de\/wordpress\/theribaby\/wp-content\/uploads\/sites\/6\/2014\/02\/BSB-624x340.jpg 624w, https:\/\/service.projektlabor.tu-berlin.de\/wordpress\/theribaby\/wp-content\/uploads\/sites\/6\/2014\/02\/BSB.jpg 1402w\" sizes=\"(max-width: 625px) 100vw, 625px\" \/><\/a><\/p>\n<p><span style=\"line-height: 1.714285714;font-size: 1rem\">Wir befinden uns nun im roten Bereich.<\/span><\/p>\n<p><strong>Gruppenfoto:<\/strong><\/p>\n<p><a href=\"http:\/\/service.projektlabor.tu-berlin.de\/wordpress\/theribaby\/wp-content\/uploads\/sites\/6\/2014\/02\/Gruppenfoto1.jpg\"><img loading=\"lazy\" class=\"alignnone size-full wp-image-154\" alt=\"Gruppenfoto\" src=\"http:\/\/service.projektlabor.tu-berlin.de\/wordpress\/theribaby\/wp-content\/uploads\/sites\/6\/2014\/02\/Gruppenfoto1.jpg\" width=\"960\" height=\"540\" srcset=\"https:\/\/service.projektlabor.tu-berlin.de\/wordpress\/theribaby\/wp-content\/uploads\/sites\/6\/2014\/02\/Gruppenfoto1.jpg 960w, https:\/\/service.projektlabor.tu-berlin.de\/wordpress\/theribaby\/wp-content\/uploads\/sites\/6\/2014\/02\/Gruppenfoto1-300x168.jpg 300w, https:\/\/service.projektlabor.tu-berlin.de\/wordpress\/theribaby\/wp-content\/uploads\/sites\/6\/2014\/02\/Gruppenfoto1-624x351.jpg 624w\" sizes=\"(max-width: 960px) 100vw, 960px\" \/><\/a><\/p>\n<p>Wir sind das Herz des Theremins da wir f\u00fcr die Erzeugung eines Tons zust\u00e4ndig sind. Um dieses verwirklichen zu k\u00f6nnen, haben wir uns in Teilgruppen aufgeteilt:<\/p>\n<p><a href=\"http:\/\/service.projektlabor.tu-berlin.de\/wordpress\/theribaby\/wp-content\/uploads\/sites\/6\/2014\/02\/BSB_ganz.jpg\"><img loading=\"lazy\" class=\"alignnone size-full wp-image-157\" alt=\"BSB_ganz\" src=\"http:\/\/service.projektlabor.tu-berlin.de\/wordpress\/theribaby\/wp-content\/uploads\/sites\/6\/2014\/02\/BSB_ganz.jpg\" width=\"1023\" height=\"319\" srcset=\"https:\/\/service.projektlabor.tu-berlin.de\/wordpress\/theribaby\/wp-content\/uploads\/sites\/6\/2014\/02\/BSB_ganz.jpg 1023w, https:\/\/service.projektlabor.tu-berlin.de\/wordpress\/theribaby\/wp-content\/uploads\/sites\/6\/2014\/02\/BSB_ganz-300x93.jpg 300w, https:\/\/service.projektlabor.tu-berlin.de\/wordpress\/theribaby\/wp-content\/uploads\/sites\/6\/2014\/02\/BSB_ganz-624x194.jpg 624w\" sizes=\"(max-width: 1023px) 100vw, 1023px\" \/><\/a><\/p>\n<p>Die Teilgruppe \u201eOszillator (fest)\u201c besch\u00e4ftigt sich mit einer Oszillatorschaltung, die eine feste Frequenz erzeugt. Um mit einer Hand die Tonh\u00f6he ver\u00e4ndern zu k\u00f6nnen, ben\u00f6tigt man einen weiteren Oszillator. In diese Schaltung muss zus\u00e4tzlich eine Antenne integriert werden, um eine Variation der Frequenz zu erm\u00f6glichen. Dabei ist zu beachten, dass die die Frequenz des festen Oszillators mit der Grundfrequenz des variablen Oszillators \u00fcbereinstimmt.<br \/>\nDiese zwei Schwingungen werden anschlie\u00dfend dem Mischer bzw. Mixer \u00fcbergeben und die erhaltene Frequenz wird noch gefiltert.<\/p>\n<p>Dadurch ist es uns m\u00f6glich aus zwei nicht h\u00f6rbaren Frequenzen eine Frequenz im h\u00f6rbaren Bereich zu erzeugen.<\/p>\n<p>Alle Schaltungen und Platinen sind in der Bildergalerie (Link einf\u00fcgen) zu finden.<span style=\"line-height: 1.714285714;font-size: 1rem\">\u00a0<\/span><\/p>\n<div id=\"attachment_155\" style=\"width: 823px\" class=\"wp-caption aligncenter\"><a href=\"http:\/\/service.projektlabor.tu-berlin.de\/wordpress\/theribaby\/wp-content\/uploads\/sites\/6\/2014\/02\/Mischer-und-fester-Oszilator.jpg\"><img aria-describedby=\"caption-attachment-155\" loading=\"lazy\" class=\" wp-image-155 \" title=\"Mischer und fester Oszilator\" alt=\"Mischer und fester Oszilator\" src=\"http:\/\/service.projektlabor.tu-berlin.de\/wordpress\/theribaby\/wp-content\/uploads\/sites\/6\/2014\/02\/Mischer-und-fester-Oszilator-1024x613.jpg\" width=\"813\" height=\"486\" srcset=\"https:\/\/service.projektlabor.tu-berlin.de\/wordpress\/theribaby\/wp-content\/uploads\/sites\/6\/2014\/02\/Mischer-und-fester-Oszilator-1024x613.jpg 1024w, https:\/\/service.projektlabor.tu-berlin.de\/wordpress\/theribaby\/wp-content\/uploads\/sites\/6\/2014\/02\/Mischer-und-fester-Oszilator-300x179.jpg 300w, https:\/\/service.projektlabor.tu-berlin.de\/wordpress\/theribaby\/wp-content\/uploads\/sites\/6\/2014\/02\/Mischer-und-fester-Oszilator-624x373.jpg 624w\" sizes=\"(max-width: 813px) 100vw, 813px\" \/><\/a><p id=\"caption-attachment-155\" class=\"wp-caption-text\">Mischer und fester Oszilator<\/p><\/div>\n<p style=\"text-align: center\">\n<p>&nbsp;<\/p>\n<p>&nbsp;<\/p>\n<p>&nbsp;<\/p>\n","protected":false},"excerpt":{"rendered":"<p>Gruppe 1: Tonerzeugung Wir befinden uns nun im roten Bereich. Gruppenfoto: Wir sind das Herz des Theremins da wir f\u00fcr die Erzeugung eines Tons zust\u00e4ndig sind. Um dieses verwirklichen zu k\u00f6nnen, haben wir uns in Teilgruppen aufgeteilt: Die Teilgruppe \u201eOszillator (fest)\u201c besch\u00e4ftigt sich mit einer Oszillatorschaltung, die eine feste Frequenz erzeugt. Um mit einer Hand [&hellip;]<\/p>\n","protected":false},"author":10,"featured_media":0,"parent":0,"menu_order":2,"comment_status":"closed","ping_status":"open","template":"","meta":[],"_links":{"self":[{"href":"https:\/\/service.projektlabor.tu-berlin.de\/wordpress\/theribaby\/wp-json\/wp\/v2\/pages\/31"}],"collection":[{"href":"https:\/\/service.projektlabor.tu-berlin.de\/wordpress\/theribaby\/wp-json\/wp\/v2\/pages"}],"about":[{"href":"https:\/\/service.projektlabor.tu-berlin.de\/wordpress\/theribaby\/wp-json\/wp\/v2\/types\/page"}],"author":[{"embeddable":true,"href":"https:\/\/service.projektlabor.tu-berlin.de\/wordpress\/theribaby\/wp-json\/wp\/v2\/users\/10"}],"replies":[{"embeddable":true,"href":"https:\/\/service.projektlabor.tu-berlin.de\/wordpress\/theribaby\/wp-json\/wp\/v2\/comments?post=31"}],"version-history":[{"count":11,"href":"https:\/\/service.projektlabor.tu-berlin.de\/wordpress\/theribaby\/wp-json\/wp\/v2\/pages\/31\/revisions"}],"predecessor-version":[{"id":162,"href":"https:\/\/service.projektlabor.tu-berlin.de\/wordpress\/theribaby\/wp-json\/wp\/v2\/pages\/31\/revisions\/162"}],"wp:attachment":[{"href":"https:\/\/service.projektlabor.tu-berlin.de\/wordpress\/theribaby\/wp-json\/wp\/v2\/media?parent=31"}],"curies":[{"name":"wp","href":"https:\/\/api.w.org\/{rel}","templated":true}]}}