{"id":28,"date":"2014-02-06T17:38:13","date_gmt":"2014-02-06T15:38:13","guid":{"rendered":"http:\/\/service.projektlabor.tu-berlin.de\/wordpress\/theribaby\/?page_id=28"},"modified":"2014-03-23T20:59:18","modified_gmt":"2014-03-23T18:59:18","slug":"einleitung","status":"publish","type":"page","link":"https:\/\/service.projektlabor.tu-berlin.de\/wordpress\/theribaby\/","title":{"rendered":"Einleitung"},"content":{"rendered":"<p>Sehr geehrte Damen und Herren,<\/p>\n<p>herzlich willkommen zum Projekt <em>Theribaby<\/em>.<\/p>\n<p>Das Projekt wurde im Rahmen des Projektlabors der Technischen Universit\u00e4t Berlin im Wintersemester 2013\/14 umgesetzt.<br \/>\n<em>Theribaby<\/em> ist ein Theremin.<br \/>\nGenau ein Theremin&#8230;.dieses Musikinstrument<\/p>\n<p>Schauen Sie sich eines in action an&#8230;Sie werden es nicht bereuen!<\/p>\n<p>&nbsp;<\/p>\n<p><iframe loading=\"lazy\" width=\"625\" height=\"469\" src=\"http:\/\/www.youtube.com\/embed\/e6bSRcRAhnc?feature=oembed\" frameborder=\"0\" allowfullscreen><\/iframe><\/p>\n<p>Die Studierenden haben es sich zur Aufgabe gemacht dieses Musikinstrument selbst zu bauen.<\/p>\n<p>Das Projektlabor umfasste in diesem Semester ca. 50 Teilnehmer und wurde in 5 Gruppen aufgeteilt. Im folgenden Bild sind die 5 Gruppen in verschiedenen Farben dargestellt.<\/p>\n<p><span style=\"text-decoration: underline\"><strong>Das Blockschaltbild<\/strong><\/span><\/p>\n<p><a href=\"http:\/\/service.projektlabor.tu-berlin.de\/wordpress\/theribaby\/wp-content\/uploads\/sites\/6\/2014\/02\/BSB.jpg\"><img loading=\"lazy\" class=\"alignnone size-large wp-image-91\" alt=\"BSB\" src=\"http:\/\/service.projektlabor.tu-berlin.de\/wordpress\/theribaby\/wp-content\/uploads\/sites\/6\/2014\/02\/BSB-1024x559.jpg\" width=\"625\" height=\"341\" srcset=\"https:\/\/service.projektlabor.tu-berlin.de\/wordpress\/theribaby\/wp-content\/uploads\/sites\/6\/2014\/02\/BSB-1024x559.jpg 1024w, https:\/\/service.projektlabor.tu-berlin.de\/wordpress\/theribaby\/wp-content\/uploads\/sites\/6\/2014\/02\/BSB-300x163.jpg 300w, https:\/\/service.projektlabor.tu-berlin.de\/wordpress\/theribaby\/wp-content\/uploads\/sites\/6\/2014\/02\/BSB-624x340.jpg 624w, https:\/\/service.projektlabor.tu-berlin.de\/wordpress\/theribaby\/wp-content\/uploads\/sites\/6\/2014\/02\/BSB.jpg 1402w\" sizes=\"(max-width: 625px) 100vw, 625px\" \/><\/a><\/p>\n<p>&nbsp;<\/p>\n<ul>\n<li>Die rote Gruppe erzeugt einen Ton, den man angezeigt bekommt und die lila Gruppe f\u00fcgt diesem Ton Klangeffekte hinzu.<\/li>\n<li>Die gelbe Gruppe erzeugt ein &#8222;Laust\u00e4rkesignal&#8220;.<\/li>\n<li>Die Signale der roten (durch lila ver\u00e4ndert) und gelben Gruppe werden im Verst\u00e4rker derart zusammenmodeliert, dass man ein Signal erh\u00e4lt, was im h\u00f6rbaren Bereich ist \u00a0 (ca. 20 &#8211; 20.000 Hz).<\/li>\n<\/ul>\n<p>&nbsp;<\/p>\n<p>Webseitenaministrator:\u00a0<a href=\"http:\/\/www.linkedin.com\/pub\/sebastian-maus\/91\/463\/70\">Sebastian Maus<\/a><\/p>\n","protected":false},"excerpt":{"rendered":"<p>Sehr geehrte Damen und Herren, herzlich willkommen zum Projekt Theribaby. Das Projekt wurde im Rahmen des Projektlabors der Technischen Universit\u00e4t Berlin im Wintersemester 2013\/14 umgesetzt. Theribaby ist ein Theremin. Genau ein Theremin&#8230;.dieses Musikinstrument Schauen Sie sich eines in action an&#8230;Sie werden es nicht bereuen! &nbsp; Die Studierenden haben es sich zur Aufgabe gemacht dieses Musikinstrument [&hellip;]<\/p>\n","protected":false},"author":10,"featured_media":0,"parent":0,"menu_order":1,"comment_status":"closed","ping_status":"open","template":"","meta":[],"_links":{"self":[{"href":"https:\/\/service.projektlabor.tu-berlin.de\/wordpress\/theribaby\/wp-json\/wp\/v2\/pages\/28"}],"collection":[{"href":"https:\/\/service.projektlabor.tu-berlin.de\/wordpress\/theribaby\/wp-json\/wp\/v2\/pages"}],"about":[{"href":"https:\/\/service.projektlabor.tu-berlin.de\/wordpress\/theribaby\/wp-json\/wp\/v2\/types\/page"}],"author":[{"embeddable":true,"href":"https:\/\/service.projektlabor.tu-berlin.de\/wordpress\/theribaby\/wp-json\/wp\/v2\/users\/10"}],"replies":[{"embeddable":true,"href":"https:\/\/service.projektlabor.tu-berlin.de\/wordpress\/theribaby\/wp-json\/wp\/v2\/comments?post=28"}],"version-history":[{"count":16,"href":"https:\/\/service.projektlabor.tu-berlin.de\/wordpress\/theribaby\/wp-json\/wp\/v2\/pages\/28\/revisions"}],"predecessor-version":[{"id":177,"href":"https:\/\/service.projektlabor.tu-berlin.de\/wordpress\/theribaby\/wp-json\/wp\/v2\/pages\/28\/revisions\/177"}],"wp:attachment":[{"href":"https:\/\/service.projektlabor.tu-berlin.de\/wordpress\/theribaby\/wp-json\/wp\/v2\/media?parent=28"}],"curies":[{"name":"wp","href":"https:\/\/api.w.org\/{rel}","templated":true}]}}