{"id":290,"date":"2018-02-01T14:19:37","date_gmt":"2018-02-01T13:19:37","guid":{"rendered":"http:\/\/service.projektlabor.tu-berlin.de\/wordpress\/octolaser\/?page_id=290"},"modified":"2018-02-05T16:49:15","modified_gmt":"2018-02-05T15:49:15","slug":"multiplizierer","status":"publish","type":"page","link":"https:\/\/service.projektlabor.tu-berlin.de\/wordpress\/octolaser\/gruppe-2-tonerzeugung\/multiplizierer\/","title":{"rendered":"Multiplizierer"},"content":{"rendered":"<p><strong>Signalmultiplikation<\/strong><\/p>\n<p>Unsere Gruppe bearbeitet die analoge Multiplikation der Signale (ADSR und uC, die 3 mal parallel stattfinden soll. Eventuell wird Sie sich auch darum k\u00fcmmern, einen Addierer zu Bauen, um die 3 Parallelverfahren zu addiereren und das gesamte Signal durch eine Leitung weiterzuleiten.<\/p>\n<p>Um den analogen Multiplizierer zu bauen haben wir 3 Modelle in Betracht gezogen:<\/p>\n<p><strong>Dioden-Implementation<\/strong><\/p>\n<p><a href=\"http:\/\/service.projektlabor.tu-berlin.de\/wordpress\/octolaser\/wp-content\/uploads\/sites\/21\/2017\/11\/LigMitOPV.png\"><img loading=\"lazy\" class=\"size-medium wp-image-125 aligncenter\" src=\"http:\/\/service.projektlabor.tu-berlin.de\/wordpress\/octolaser\/wp-content\/uploads\/sites\/21\/2017\/11\/LigMitOPV-300x133.png\" alt=\"LigMitOPV\" width=\"300\" height=\"133\" srcset=\"https:\/\/service.projektlabor.tu-berlin.de\/wordpress\/octolaser\/wp-content\/uploads\/sites\/21\/2017\/11\/LigMitOPV-300x133.png 300w, https:\/\/service.projektlabor.tu-berlin.de\/wordpress\/octolaser\/wp-content\/uploads\/sites\/21\/2017\/11\/LigMitOPV-1024x453.png 1024w, https:\/\/service.projektlabor.tu-berlin.de\/wordpress\/octolaser\/wp-content\/uploads\/sites\/21\/2017\/11\/LigMitOPV-624x276.png 624w\" sizes=\"(max-width: 300px) 100vw, 300px\" \/><\/a><\/p>\n<p><a href=\"http:\/\/service.projektlabor.tu-berlin.de\/wordpress\/octolaser\/wp-content\/uploads\/sites\/21\/2017\/11\/LogMultipl.png\"><img loading=\"lazy\" class=\"size-medium wp-image-126 aligncenter\" src=\"http:\/\/service.projektlabor.tu-berlin.de\/wordpress\/octolaser\/wp-content\/uploads\/sites\/21\/2017\/11\/LogMultipl-300x77.png\" alt=\"LogMultipl\" width=\"300\" height=\"77\" srcset=\"https:\/\/service.projektlabor.tu-berlin.de\/wordpress\/octolaser\/wp-content\/uploads\/sites\/21\/2017\/11\/LogMultipl-300x77.png 300w, https:\/\/service.projektlabor.tu-berlin.de\/wordpress\/octolaser\/wp-content\/uploads\/sites\/21\/2017\/11\/LogMultipl-1024x263.png 1024w, https:\/\/service.projektlabor.tu-berlin.de\/wordpress\/octolaser\/wp-content\/uploads\/sites\/21\/2017\/11\/LogMultipl-624x160.png 624w, https:\/\/service.projektlabor.tu-berlin.de\/wordpress\/octolaser\/wp-content\/uploads\/sites\/21\/2017\/11\/LogMultipl.png 1655w\" sizes=\"(max-width: 300px) 100vw, 300px\" \/><\/a><\/p>\n<p><strong>MOS-Implementation<\/strong><\/p>\n<p><a href=\"http:\/\/service.projektlabor.tu-berlin.de\/wordpress\/octolaser\/wp-content\/uploads\/sites\/21\/2017\/11\/MOSMultipl.png\"><img loading=\"lazy\" class=\"size-medium wp-image-127 aligncenter\" src=\"http:\/\/service.projektlabor.tu-berlin.de\/wordpress\/octolaser\/wp-content\/uploads\/sites\/21\/2017\/11\/MOSMultipl-300x191.png\" alt=\"MOSMultipl\" width=\"300\" height=\"191\" srcset=\"https:\/\/service.projektlabor.tu-berlin.de\/wordpress\/octolaser\/wp-content\/uploads\/sites\/21\/2017\/11\/MOSMultipl-300x191.png 300w, https:\/\/service.projektlabor.tu-berlin.de\/wordpress\/octolaser\/wp-content\/uploads\/sites\/21\/2017\/11\/MOSMultipl-1024x652.png 1024w, https:\/\/service.projektlabor.tu-berlin.de\/wordpress\/octolaser\/wp-content\/uploads\/sites\/21\/2017\/11\/MOSMultipl-624x397.png 624w\" sizes=\"(max-width: 300px) 100vw, 300px\" \/><\/a><\/p>\n<p><strong>Steilheits Multiplizierer<\/strong><\/p>\n<p><a href=\"http:\/\/service.projektlabor.tu-berlin.de\/wordpress\/octolaser\/wp-content\/uploads\/sites\/21\/2017\/11\/Tieske.png\"><img loading=\"lazy\" class=\"size-medium wp-image-128 aligncenter\" src=\"http:\/\/service.projektlabor.tu-berlin.de\/wordpress\/octolaser\/wp-content\/uploads\/sites\/21\/2017\/11\/Tieske-300x181.png\" alt=\"Tieske\" width=\"300\" height=\"181\" srcset=\"https:\/\/service.projektlabor.tu-berlin.de\/wordpress\/octolaser\/wp-content\/uploads\/sites\/21\/2017\/11\/Tieske-300x181.png 300w, https:\/\/service.projektlabor.tu-berlin.de\/wordpress\/octolaser\/wp-content\/uploads\/sites\/21\/2017\/11\/Tieske-1024x617.png 1024w, https:\/\/service.projektlabor.tu-berlin.de\/wordpress\/octolaser\/wp-content\/uploads\/sites\/21\/2017\/11\/Tieske-624x376.png 624w, https:\/\/service.projektlabor.tu-berlin.de\/wordpress\/octolaser\/wp-content\/uploads\/sites\/21\/2017\/11\/Tieske.png 1178w\" sizes=\"(max-width: 300px) 100vw, 300px\" \/><\/a><\/p>\n<p>Der Steilheits Multiplizierer funktioniert nach folgendem Prinzip:<\/p>\n<p><a href=\"http:\/\/service.projektlabor.tu-berlin.de\/wordpress\/octolaser\/wp-content\/uploads\/sites\/21\/2017\/11\/Formel.png\"><img loading=\"lazy\" class=\"size-full wp-image-131 aligncenter\" src=\"http:\/\/service.projektlabor.tu-berlin.de\/wordpress\/octolaser\/wp-content\/uploads\/sites\/21\/2017\/11\/Formel.png\" alt=\"Formel\" width=\"208\" height=\"92\" \/><\/a><\/p>\n<p>Wegen einiger Vorteile, wie z.B. gute vorhandene Dokumentation und geringer Bauteilaufwand an aktiven Elementen, haben wir uns f\u00fcr das Modell des Steilheitsmultiplizierers entschieden und es mit LTSpice simuliert. Wir haben es dann mit den verf\u00fcgbaren Bauteilen dimensioniert und auf ein Steckbrett aufgebaut. Aufgrund der Empfindlichkeit der Schaltung bzw. der Transistoren haben wir zus\u00e4tzliche Potentiometer angewendet, um die Abweichung der inneren Widerst\u00e4nden ausgleichen zu k\u00f6nnen.<br \/>\nDas Ausgangssignal ist wegen des Rauschens an den Signalen durch die verschiedenen Widerst\u00e4nde und Leitungen noch nicht v\u00f6llig symmetrisch. Unsere Gruppe hat das Ausgangssignal \u00fcber Lautsprecher gespielt und hat festgestellt, dass die kleine Asymmetrie im gro\u00dfen und ganzen das Ausgangssignal nicht stark beeinflusst und dass die Multiplikation von den zwei Signalen immer noch stattfindet. Diese Asymmetrie ist relativ klein im Vergleich zum Signal und wird sich durch die Anwendung der Platinen h\u00f6chstwahrscheinlich verbessern.<br \/>\nF\u00fcr die Summierung der 3 Signale haben wir die Schaltung in Abbildung entwickelt.<a href=\"http:\/\/service.projektlabor.tu-berlin.de\/wordpress\/octolaser\/wp-content\/uploads\/sites\/21\/2018\/02\/Eagle_Schaltung_AM-Summierer.jpg\"><img loading=\"lazy\" class=\"wp-image-418 aligncenter\" src=\"http:\/\/service.projektlabor.tu-berlin.de\/wordpress\/octolaser\/wp-content\/uploads\/sites\/21\/2018\/02\/Eagle_Schaltung_AM-Summierer-300x212.jpg\" alt=\"Eagle_Schaltung_AM-Summierer\" width=\"351\" height=\"248\" srcset=\"https:\/\/service.projektlabor.tu-berlin.de\/wordpress\/octolaser\/wp-content\/uploads\/sites\/21\/2018\/02\/Eagle_Schaltung_AM-Summierer-300x212.jpg 300w, https:\/\/service.projektlabor.tu-berlin.de\/wordpress\/octolaser\/wp-content\/uploads\/sites\/21\/2018\/02\/Eagle_Schaltung_AM-Summierer-1024x723.jpg 1024w, https:\/\/service.projektlabor.tu-berlin.de\/wordpress\/octolaser\/wp-content\/uploads\/sites\/21\/2018\/02\/Eagle_Schaltung_AM-Summierer-624x441.jpg 624w, https:\/\/service.projektlabor.tu-berlin.de\/wordpress\/octolaser\/wp-content\/uploads\/sites\/21\/2018\/02\/Eagle_Schaltung_AM-Summierer.jpg 1754w\" sizes=\"(max-width: 351px) 100vw, 351px\" \/><\/a><\/p>\n<p>F\u00fcr die Herstellung einer Platine haben wir in Eagle ein Boardlayout erstellt. Nachdem wir unsere Platine ge\u00e4tzt, gebohrt, best\u00fcckt und getestet haben, haben wir festgestellt dass einer der drei Analogmultiplizierer ein nicht-erw\u00fcnschtes Signal ausgegeben hat. Der nicht korrekt funktionierende Multiplizierer Schaltung war die mit den zweiten Signal eingespeisst wird. Beim debuggen und durchmessen der Platine haben wir dann festgestellt, dass die Widerstandsverh\u00e4ltnisse beim zweiten Multiplizierer nicht korrekt waren. F\u00fcr diesen Fall haben wir einen Breadboardbereich auf der Platine vorgesehen. Dadurch konnten wir durch hinzuf\u00fcgen eines Potentiometers und das richtige Justieren den Fehler beheben.<\/p>\n","protected":false},"excerpt":{"rendered":"<p>Signalmultiplikation Unsere Gruppe bearbeitet die analoge Multiplikation der Signale (ADSR und uC, die 3 mal parallel stattfinden soll. Eventuell wird Sie sich auch darum k\u00fcmmern, einen Addierer zu Bauen, um die 3 Parallelverfahren zu addiereren und das gesamte Signal durch eine Leitung weiterzuleiten. Um den analogen Multiplizierer zu bauen haben wir 3 Modelle in Betracht [&hellip;]<\/p>\n","protected":false},"author":62,"featured_media":0,"parent":15,"menu_order":0,"comment_status":"closed","ping_status":"closed","template":"","meta":[],"_links":{"self":[{"href":"https:\/\/service.projektlabor.tu-berlin.de\/wordpress\/octolaser\/wp-json\/wp\/v2\/pages\/290"}],"collection":[{"href":"https:\/\/service.projektlabor.tu-berlin.de\/wordpress\/octolaser\/wp-json\/wp\/v2\/pages"}],"about":[{"href":"https:\/\/service.projektlabor.tu-berlin.de\/wordpress\/octolaser\/wp-json\/wp\/v2\/types\/page"}],"author":[{"embeddable":true,"href":"https:\/\/service.projektlabor.tu-berlin.de\/wordpress\/octolaser\/wp-json\/wp\/v2\/users\/62"}],"replies":[{"embeddable":true,"href":"https:\/\/service.projektlabor.tu-berlin.de\/wordpress\/octolaser\/wp-json\/wp\/v2\/comments?post=290"}],"version-history":[{"count":4,"href":"https:\/\/service.projektlabor.tu-berlin.de\/wordpress\/octolaser\/wp-json\/wp\/v2\/pages\/290\/revisions"}],"predecessor-version":[{"id":419,"href":"https:\/\/service.projektlabor.tu-berlin.de\/wordpress\/octolaser\/wp-json\/wp\/v2\/pages\/290\/revisions\/419"}],"up":[{"embeddable":true,"href":"https:\/\/service.projektlabor.tu-berlin.de\/wordpress\/octolaser\/wp-json\/wp\/v2\/pages\/15"}],"wp:attachment":[{"href":"https:\/\/service.projektlabor.tu-berlin.de\/wordpress\/octolaser\/wp-json\/wp\/v2\/media?parent=290"}],"curies":[{"name":"wp","href":"https:\/\/api.w.org\/{rel}","templated":true}]}}