{"id":205,"date":"2018-01-16T17:32:47","date_gmt":"2018-01-16T16:32:47","guid":{"rendered":"http:\/\/service.projektlabor.tu-berlin.de\/wordpress\/octolaser\/?page_id=205"},"modified":"2018-02-08T16:49:56","modified_gmt":"2018-02-08T15:49:56","slug":"schaltung-display","status":"publish","type":"page","link":"https:\/\/service.projektlabor.tu-berlin.de\/wordpress\/octolaser\/gruppe-4-features\/zweite-kleingruppe-display\/schaltung-display\/","title":{"rendered":"Schaltung Display"},"content":{"rendered":"<div class=\"page\" title=\"Page 17\">\n<div class=\"layoutArea\">\n<div class=\"column\">\n<p>Die Schaltung besteht aus einem simplen vu-Meter. Dabei sind f\u00fcr f\u00fcnf LEDs f\u00fcnf Zwei- ge parallel geschaltet, welche jeweils \u00fcber die Basis eines Bipolartransistor mit dem Signaleingang verbunden sind. Ist die Spannung an der Basis hoch genug, um einen Bi- polartransistor leiten zu lassen, f\u00e4ngt die LED des jeweiligen Zweiges an zu leuchten. Der Strom f\u00fcr die LEDs wird hierf\u00fcr von einer entsprechenden Spannungsquelle getrieben. Zwischen den LED-Zweigen befinden sich Zehner-Dioden, welche die Spannungsabstu- fung simulieren sollen. \u00dcber jede Zehner-Diode f\u00e4llt dabei eine Spannung von circa 0.7 V ab. Die Spannung muss also jeweils um 0,7 V erh\u00f6ht werden, damit der n\u00e4chste Zweig leitet und die jeweilige LED anf\u00e4ngt zu leuchten. Die Widerst\u00e4nde, welche in Reihe mit den LEDs geschaltet sind, dienen als Helligkeitsregulation und haben f\u00fcr unsere Schal- tung eine Gr\u00f6\u00dfe von 1 k\u03a9. Da am Eingang ein Wechselspannungssignal anliegen wird, haben wir zur Gleichrichtung eine Diode und parallel dazu, einen Kondensator zur Gl\u00e4t- tung dazwischengeschaltet.<\/p>\n<div class=\"page\" title=\"Page 50\">\n<div class=\"layoutArea\">\n<div class=\"column\">\n<p>Wir haben uns bei der Realisierung der vu-Meter f\u00fcr andere LEDs entschieden, als wir in der ersten Simulation verwendet haben, weil sich der Pegel des Eingangs mehrfach ge\u00e4ndert hat. Die nun verwendeten LEDs sind hier im folgenden Schaltplan richtig be- zeichnet, es werden L-813GD der Firma Kingbright bzw. andere F\u00e4rbungen verwendet. Da die gew\u00e4hlten LEDs aber nur eine Vorw\u00e4rtsspannung Uf von 2,5 V vertragen, haben wir die Spannungsversorgung der LEDs auf 5 V gesetzt und mit Hilfe eines Spannungstei- lers auf 2,5 V reduziert. Die Funktionsf\u00e4higkeit des Aufbaus wurde auf einem Steckbrett erfolgreich getestet.<\/p>\n<p><a href=\"http:\/\/service.projektlabor.tu-berlin.de\/wordpress\/octolaser\/wp-content\/uploads\/sites\/21\/2018\/01\/41vu.png\"><img loading=\"lazy\" class=\"alignnone size-full wp-image-483\" src=\"http:\/\/service.projektlabor.tu-berlin.de\/wordpress\/octolaser\/wp-content\/uploads\/sites\/21\/2018\/01\/41vu.png\" alt=\"41vu\" width=\"574\" height=\"825\" srcset=\"https:\/\/service.projektlabor.tu-berlin.de\/wordpress\/octolaser\/wp-content\/uploads\/sites\/21\/2018\/01\/41vu.png 574w, https:\/\/service.projektlabor.tu-berlin.de\/wordpress\/octolaser\/wp-content\/uploads\/sites\/21\/2018\/01\/41vu-209x300.png 209w\" sizes=\"(max-width: 574px) 100vw, 574px\" \/><\/a><\/p>\n<p>&nbsp;<\/p>\n<\/div>\n<\/div>\n<\/div>\n<\/div>\n<\/div>\n<\/div>\n","protected":false},"excerpt":{"rendered":"<p>Die Schaltung besteht aus einem simplen vu-Meter. Dabei sind f\u00fcr f\u00fcnf LEDs f\u00fcnf Zwei- ge parallel geschaltet, welche jeweils \u00fcber die Basis eines Bipolartransistor mit dem Signaleingang verbunden sind. Ist die Spannung an der Basis hoch genug, um einen Bi- polartransistor leiten zu lassen, f\u00e4ngt die LED des jeweiligen Zweiges an zu leuchten. Der Strom [&hellip;]<\/p>\n","protected":false},"author":63,"featured_media":0,"parent":181,"menu_order":2,"comment_status":"closed","ping_status":"closed","template":"page-templates\/full-width.php","meta":[],"_links":{"self":[{"href":"https:\/\/service.projektlabor.tu-berlin.de\/wordpress\/octolaser\/wp-json\/wp\/v2\/pages\/205"}],"collection":[{"href":"https:\/\/service.projektlabor.tu-berlin.de\/wordpress\/octolaser\/wp-json\/wp\/v2\/pages"}],"about":[{"href":"https:\/\/service.projektlabor.tu-berlin.de\/wordpress\/octolaser\/wp-json\/wp\/v2\/types\/page"}],"author":[{"embeddable":true,"href":"https:\/\/service.projektlabor.tu-berlin.de\/wordpress\/octolaser\/wp-json\/wp\/v2\/users\/63"}],"replies":[{"embeddable":true,"href":"https:\/\/service.projektlabor.tu-berlin.de\/wordpress\/octolaser\/wp-json\/wp\/v2\/comments?post=205"}],"version-history":[{"count":6,"href":"https:\/\/service.projektlabor.tu-berlin.de\/wordpress\/octolaser\/wp-json\/wp\/v2\/pages\/205\/revisions"}],"predecessor-version":[{"id":482,"href":"https:\/\/service.projektlabor.tu-berlin.de\/wordpress\/octolaser\/wp-json\/wp\/v2\/pages\/205\/revisions\/482"}],"up":[{"embeddable":true,"href":"https:\/\/service.projektlabor.tu-berlin.de\/wordpress\/octolaser\/wp-json\/wp\/v2\/pages\/181"}],"wp:attachment":[{"href":"https:\/\/service.projektlabor.tu-berlin.de\/wordpress\/octolaser\/wp-json\/wp\/v2\/media?parent=205"}],"curies":[{"name":"wp","href":"https:\/\/api.w.org\/{rel}","templated":true}]}}