{"id":210,"date":"2019-06-27T10:57:33","date_gmt":"2019-06-27T08:57:33","guid":{"rendered":"http:\/\/service.projektlabor.tu-berlin.de\/wordpress\/ss2019do\/?page_id=210"},"modified":"2019-07-11T14:26:51","modified_gmt":"2019-07-11T12:26:51","slug":"antenne","status":"publish","type":"page","link":"https:\/\/service.projektlabor.tu-berlin.de\/wordpress\/morse-decoder\/funk-uebertragung\/abschlussbericht\/antenne\/","title":{"rendered":"Antenne"},"content":{"rendered":"<p>Eine Antenne ist ein Ger\u00e4t, dass Strahlungs oder Radiowellen empfangen und senden kann.<br \/>\nDie Antennen sind je nach Verwendungszweck in Empfangs-, Sende und Empfangssenderantenne unterteilt. Die Antenne im \u00dcbertragungsmodus wandelt die Energie, die aus dem Funksender durch elektromagnetische Schwingungen entsteht, in elektromagnetische Wellen um, die sich im Raum ausbreitet. Die Antenne im Empfangsmodus wandelt die Energie der elektromagnetischen Wellen, die auf die Antenne f\u00e4llt, in elektromagnetische Schwingungen um, die durch den Funkempf\u00e4nger verarbeitet werden. So ist die Antenne ein Wandler, der elektromagnetische Schwingung (Wechselstrom, der in der Wellenf\u00fchrung der elektromagnetischen Welle kanalisiert wird) in elektromagnetische Strahlung umwandelt und umgekehrt.<br \/>\nDas Prinzip des Antennenbetriebs wird im Folgenden vereinfacht. Das Design der Antenne enth\u00e4lt in der Regel metallische Elemente, die elektrisch (direkt oder \u00fcber einen Stromzeilenanleger) mit einem Funksender oder mit einem Funkempf\u00e4nger verbunden sind. Im \u00dcbertragungsmodus entsteht durch den elektrischen Strom, der durch die Quelle erzeugt wird (z.B. Funksender) und durch die leitenden Elemente einer solchen Antenne flie\u00dft, ein variables Magnetfeld um die Antenne. Dieses zeitver\u00e4nderliche Magnetfeld wiederum wirkt sich nicht nur auf den erzeugten elektrischen Strom nach dem Faraday-Gesetz aus, sondern erzeugt auch ein zeitver\u00e4nderliches Wirbel-Elektrofeld. Dieses Wirbelfeld erzeugt wieder ein variables Magnetfeld um sich herum. Dadurch entsteht ein miteinander verbundenes, sich abwechselndes elektromagnetisches Feld, dass eine elektromagnetische Welle bildet, die sich von der Antenne in den Raum ausbreitet. Die Energie der elektrischen Stromquelle wird durch die Antenne in elektromagnetische Wellenenergie umgewandelt und durch elektromagnetische Wellen im Raum \u00fcbertragen. Im Empfangmodus erzeugt das abwechselnde elektromagnetische Feld der Welle, die auf eine Antenne f\u00e4llt, Str\u00f6me auf den leitf\u00e4higen Elementen eines Designs der Antenne, die in der Belastung ankommen (Feeder, Radioempf\u00e4nger). Die ausgel\u00f6sten Str\u00f6me erzeugen dann eine Spannung an der Eingangsimpedanz des Empf\u00e4ngers.<\/p>\n<p>Wir benutzen eine handels\u00fcbliche Antenne, welche auf dem ISM-Band senden kann und damit sie auf unsere Platine passt, nutzen wir einen SMA-Plug. Die Antenne mit Plug sieht folgenderma\u00dfen aus:<\/p>\n<p><img loading=\"lazy\" class=\"alignnone size-medium wp-image-281\" style=\"color: #333333;font-style: normal;font-weight: 300\" src=\"http:\/\/service.projektlabor.tu-berlin.de\/wordpress\/ss2019do\/wp-content\/uploads\/sites\/26\/2019\/07\/Antenne-300x225.jpg\" alt=\"\" width=\"300\" height=\"225\" srcset=\"https:\/\/service.projektlabor.tu-berlin.de\/wordpress\/morse-decoder\/wp-content\/uploads\/sites\/26\/2019\/07\/Antenne-300x225.jpg 300w, https:\/\/service.projektlabor.tu-berlin.de\/wordpress\/morse-decoder\/wp-content\/uploads\/sites\/26\/2019\/07\/Antenne-768x576.jpg 768w, https:\/\/service.projektlabor.tu-berlin.de\/wordpress\/morse-decoder\/wp-content\/uploads\/sites\/26\/2019\/07\/Antenne-1024x768.jpg 1024w, https:\/\/service.projektlabor.tu-berlin.de\/wordpress\/morse-decoder\/wp-content\/uploads\/sites\/26\/2019\/07\/Antenne-400x300.jpg 400w, https:\/\/service.projektlabor.tu-berlin.de\/wordpress\/morse-decoder\/wp-content\/uploads\/sites\/26\/2019\/07\/Antenne.jpg 1280w\" sizes=\"(max-width: 300px) 100vw, 300px\" \/><\/p>\n","protected":false},"excerpt":{"rendered":"<p>Eine Antenne ist ein Ger\u00e4t, dass Strahlungs oder Radiowellen empfangen und senden kann. Die Antennen sind je nach Verwendungszweck in Empfangs-, Sende und Empfangssenderantenne unterteilt. Die Antenne im \u00dcbertragungsmodus wandelt die Energie, die aus dem Funksender durch elektromagnetische Schwingungen entsteht, &hellip; <a href=\"https:\/\/service.projektlabor.tu-berlin.de\/wordpress\/morse-decoder\/funk-uebertragung\/abschlussbericht\/antenne\/\">Weiterlesen <span class=\"meta-nav\">&rarr;<\/span><\/a><\/p>\n","protected":false},"author":88,"featured_media":0,"parent":300,"menu_order":0,"comment_status":"closed","ping_status":"closed","template":"","meta":[],"_links":{"self":[{"href":"https:\/\/service.projektlabor.tu-berlin.de\/wordpress\/morse-decoder\/wp-json\/wp\/v2\/pages\/210"}],"collection":[{"href":"https:\/\/service.projektlabor.tu-berlin.de\/wordpress\/morse-decoder\/wp-json\/wp\/v2\/pages"}],"about":[{"href":"https:\/\/service.projektlabor.tu-berlin.de\/wordpress\/morse-decoder\/wp-json\/wp\/v2\/types\/page"}],"author":[{"embeddable":true,"href":"https:\/\/service.projektlabor.tu-berlin.de\/wordpress\/morse-decoder\/wp-json\/wp\/v2\/users\/88"}],"replies":[{"embeddable":true,"href":"https:\/\/service.projektlabor.tu-berlin.de\/wordpress\/morse-decoder\/wp-json\/wp\/v2\/comments?post=210"}],"version-history":[{"count":4,"href":"https:\/\/service.projektlabor.tu-berlin.de\/wordpress\/morse-decoder\/wp-json\/wp\/v2\/pages\/210\/revisions"}],"predecessor-version":[{"id":282,"href":"https:\/\/service.projektlabor.tu-berlin.de\/wordpress\/morse-decoder\/wp-json\/wp\/v2\/pages\/210\/revisions\/282"}],"up":[{"embeddable":true,"href":"https:\/\/service.projektlabor.tu-berlin.de\/wordpress\/morse-decoder\/wp-json\/wp\/v2\/pages\/300"}],"wp:attachment":[{"href":"https:\/\/service.projektlabor.tu-berlin.de\/wordpress\/morse-decoder\/wp-json\/wp\/v2\/media?parent=210"}],"curies":[{"name":"wp","href":"https:\/\/api.w.org\/{rel}","templated":true}]}}