{"id":118,"date":"2019-06-06T19:46:06","date_gmt":"2019-06-06T17:46:06","guid":{"rendered":"http:\/\/service.projektlabor.tu-berlin.de\/wordpress\/ss2019do\/?page_id=118"},"modified":"2019-07-11T11:55:27","modified_gmt":"2019-07-11T09:55:27","slug":"einlatung","status":"publish","type":"page","link":"https:\/\/service.projektlabor.tu-berlin.de\/wordpress\/morse-decoder\/decoder\/zwischenbericht\/einlatung\/","title":{"rendered":"Einleitung"},"content":{"rendered":"<p>Teilnehmer der Ausgabegruppe sind Stefanie, Huy, Facundo, Joe, Frank, Johannes, Tianjing, Yangfan und Marvyn(Tutor der Ausgabegruppe). Wir haben uns in drei kleine Gruppe aufgeteilt. Eine 4 Personen Gruppe f\u00fcr das Abspeichern, das Digitalisieren, die Kn\u00f6pfe und den Morsedecoder, eine 2 Personen Gruppe f\u00fcr den Lautsprecher und das Lauflicht und eine 2 Personen Gruppe f\u00fcr den Display.<\/p>\n<p><img loading=\"lazy\" class=\"aligncenter wp-image-66 size-large\" src=\"http:\/\/service.projektlabor.tu-berlin.de\/wordpress\/ss2019do\/wp-content\/uploads\/sites\/26\/2019\/06\/pic2-1024x768.jpg\" alt=\"\" width=\"584\" height=\"438\" srcset=\"https:\/\/service.projektlabor.tu-berlin.de\/wordpress\/morse-decoder\/wp-content\/uploads\/sites\/26\/2019\/06\/pic2-1024x768.jpg 1024w, https:\/\/service.projektlabor.tu-berlin.de\/wordpress\/morse-decoder\/wp-content\/uploads\/sites\/26\/2019\/06\/pic2-300x225.jpg 300w, https:\/\/service.projektlabor.tu-berlin.de\/wordpress\/morse-decoder\/wp-content\/uploads\/sites\/26\/2019\/06\/pic2-768x576.jpg 768w, https:\/\/service.projektlabor.tu-berlin.de\/wordpress\/morse-decoder\/wp-content\/uploads\/sites\/26\/2019\/06\/pic2-400x300.jpg 400w, https:\/\/service.projektlabor.tu-berlin.de\/wordpress\/morse-decoder\/wp-content\/uploads\/sites\/26\/2019\/06\/pic2.jpg 1280w\" sizes=\"(max-width: 584px) 100vw, 584px\" \/><\/p>\n<p>Die Gruppe Decoder ist f\u00fcr die Ausgabe des Signals auf dem Display, als Lauflicht und als Ton verantwortlich.<\/p>\n<p><img loading=\"lazy\" class=\"aligncenter wp-image-181 size-large\" src=\"http:\/\/service.projektlabor.tu-berlin.de\/wordpress\/ss2019do\/wp-content\/uploads\/sites\/26\/2019\/06\/Bildschirmfoto-2019-06-20-um-16.38.24-1024x412.png\" alt=\"\" width=\"584\" height=\"235\" srcset=\"https:\/\/service.projektlabor.tu-berlin.de\/wordpress\/morse-decoder\/wp-content\/uploads\/sites\/26\/2019\/06\/Bildschirmfoto-2019-06-20-um-16.38.24-1024x412.png 1024w, https:\/\/service.projektlabor.tu-berlin.de\/wordpress\/morse-decoder\/wp-content\/uploads\/sites\/26\/2019\/06\/Bildschirmfoto-2019-06-20-um-16.38.24-300x121.png 300w, https:\/\/service.projektlabor.tu-berlin.de\/wordpress\/morse-decoder\/wp-content\/uploads\/sites\/26\/2019\/06\/Bildschirmfoto-2019-06-20-um-16.38.24-768x309.png 768w, https:\/\/service.projektlabor.tu-berlin.de\/wordpress\/morse-decoder\/wp-content\/uploads\/sites\/26\/2019\/06\/Bildschirmfoto-2019-06-20-um-16.38.24-500x201.png 500w, https:\/\/service.projektlabor.tu-berlin.de\/wordpress\/morse-decoder\/wp-content\/uploads\/sites\/26\/2019\/06\/Bildschirmfoto-2019-06-20-um-16.38.24.png 1744w\" sizes=\"(max-width: 584px) 100vw, 584px\" \/><\/p>\n<p>Als Eingang bekommt die Gruppe Decoder zwei analoge Signale (ein optisches Signal und ein Funk Signal) gleichzeitig, welche digitalisiert und in einem Speicher abgespeichert werden. Wird ein Signal aufgenommen, soll eine Status LED leuchten. Danach wird von dem Benutzer mit einem Knopf entschieden, welches Signal weitergeleitet wird und welche abgespeicherte Nachricht ausgegeben werden soll. Auf einem kleinen Bildschirm wird das Signal als Lauflicht angezeigt und mit dem Lautsprecher als Ton-Signal h\u00f6rbar gemacht. Das digitale Signal wird mit dem Morsedecoder umgerechnet und auf dem Display wieder als Text angezeigt.<\/p>\n","protected":false},"excerpt":{"rendered":"<p>Teilnehmer der Ausgabegruppe sind Stefanie, Huy, Facundo, Joe, Frank, Johannes, Tianjing, Yangfan und Marvyn(Tutor der Ausgabegruppe). Wir haben uns in drei kleine Gruppe aufgeteilt. Eine 4 Personen Gruppe f\u00fcr das Abspeichern, das Digitalisieren, die Kn\u00f6pfe und den Morsedecoder, eine 2 &hellip; <a href=\"https:\/\/service.projektlabor.tu-berlin.de\/wordpress\/morse-decoder\/decoder\/zwischenbericht\/einlatung\/\">Weiterlesen <span class=\"meta-nav\">&rarr;<\/span><\/a><\/p>\n","protected":false},"author":87,"featured_media":0,"parent":114,"menu_order":0,"comment_status":"closed","ping_status":"closed","template":"","meta":[],"_links":{"self":[{"href":"https:\/\/service.projektlabor.tu-berlin.de\/wordpress\/morse-decoder\/wp-json\/wp\/v2\/pages\/118"}],"collection":[{"href":"https:\/\/service.projektlabor.tu-berlin.de\/wordpress\/morse-decoder\/wp-json\/wp\/v2\/pages"}],"about":[{"href":"https:\/\/service.projektlabor.tu-berlin.de\/wordpress\/morse-decoder\/wp-json\/wp\/v2\/types\/page"}],"author":[{"embeddable":true,"href":"https:\/\/service.projektlabor.tu-berlin.de\/wordpress\/morse-decoder\/wp-json\/wp\/v2\/users\/87"}],"replies":[{"embeddable":true,"href":"https:\/\/service.projektlabor.tu-berlin.de\/wordpress\/morse-decoder\/wp-json\/wp\/v2\/comments?post=118"}],"version-history":[{"count":6,"href":"https:\/\/service.projektlabor.tu-berlin.de\/wordpress\/morse-decoder\/wp-json\/wp\/v2\/pages\/118\/revisions"}],"predecessor-version":[{"id":274,"href":"https:\/\/service.projektlabor.tu-berlin.de\/wordpress\/morse-decoder\/wp-json\/wp\/v2\/pages\/118\/revisions\/274"}],"up":[{"embeddable":true,"href":"https:\/\/service.projektlabor.tu-berlin.de\/wordpress\/morse-decoder\/wp-json\/wp\/v2\/pages\/114"}],"wp:attachment":[{"href":"https:\/\/service.projektlabor.tu-berlin.de\/wordpress\/morse-decoder\/wp-json\/wp\/v2\/media?parent=118"}],"curies":[{"name":"wp","href":"https:\/\/api.w.org\/{rel}","templated":true}]}}