{"id":31,"date":"2013-04-28T16:53:13","date_gmt":"2013-04-28T14:53:13","guid":{"rendered":"http:\/\/service.projektlabor.tu-berlin.de\/wordpress\/meisterorgl\/?page_id=31"},"modified":"2013-06-27T16:08:21","modified_gmt":"2013-06-27T14:08:21","slug":"strahler-und-netzteil-2","status":"publish","type":"page","link":"https:\/\/service.projektlabor.tu-berlin.de\/wordpress\/meisterorgl\/gruppen\/strahler-und-netzteil-2\/","title":{"rendered":"Strahler und Netzteil"},"content":{"rendered":"<figure id=\"attachment_218\" aria-describedby=\"caption-attachment-218\" style=\"width: 640px\" class=\"wp-caption aligncenter\"><a href=\"http:\/\/service.projektlabor.tu-berlin.de\/wordpress\/meisterorgl\/wp-content\/uploads\/sites\/2\/2013\/04\/Gruppe-4-Gruppenfoto.jpg\"><img loading=\"lazy\" class=\"size-large wp-image-218 \" alt=\"v.l.n.r.: Christopher, Robert, Philipp, Erik, Andrey, Daniel; Betreuer: Daniel Dorn (nicht auf dem Bild)\" src=\"http:\/\/service.projektlabor.tu-berlin.de\/wordpress\/meisterorgl\/wp-content\/uploads\/sites\/2\/2013\/04\/Gruppe-4-Gruppenfoto-1024x768.jpg\" width=\"640\" height=\"480\" srcset=\"https:\/\/service.projektlabor.tu-berlin.de\/wordpress\/meisterorgl\/wp-content\/uploads\/sites\/2\/2013\/04\/Gruppe-4-Gruppenfoto-1024x768.jpg 1024w, https:\/\/service.projektlabor.tu-berlin.de\/wordpress\/meisterorgl\/wp-content\/uploads\/sites\/2\/2013\/04\/Gruppe-4-Gruppenfoto-300x225.jpg 300w\" sizes=\"(max-width: 640px) 100vw, 640px\" \/><\/a><figcaption id=\"caption-attachment-218\" class=\"wp-caption-text\">v.l.n.r.: Christopher, Robert, Philipp, Erik, Andrey, Daniel; Betreuer: Daniel Dorn (nicht auf dem Bild)<\/figcaption><\/figure>\n<p>Die Aufgaben der Gruppe 4 bestehen darin, ein Netzteil zu entwerfen, um die anderen Gruppen mit den ben\u00f6tigten Spannungen und Str\u00f6men zu versorgen und in der Entwicklung einer Helligkeitsregelung f\u00fcr das Steuern der Leistung von elektronischen Lichtquellen, speziell 230V-Lampen zur Ausgabe von visuellen Effekten.<\/p>\n<figure id=\"attachment_223\" aria-describedby=\"caption-attachment-223\" style=\"width: 640px\" class=\"wp-caption aligncenter\"><a href=\"http:\/\/service.projektlabor.tu-berlin.de\/wordpress\/meisterorgl\/wp-content\/uploads\/sites\/2\/2013\/04\/Gruppe-4-Blockschaltbild_Netzteil.png\"><img loading=\"lazy\" class=\"size-large wp-image-223\" alt=\"Blockschaltbild Netzteil\" src=\"http:\/\/service.projektlabor.tu-berlin.de\/wordpress\/meisterorgl\/wp-content\/uploads\/sites\/2\/2013\/04\/Gruppe-4-Blockschaltbild_Netzteil-1024x621.png\" width=\"640\" height=\"388\" srcset=\"https:\/\/service.projektlabor.tu-berlin.de\/wordpress\/meisterorgl\/wp-content\/uploads\/sites\/2\/2013\/04\/Gruppe-4-Blockschaltbild_Netzteil-1024x621.png 1024w, https:\/\/service.projektlabor.tu-berlin.de\/wordpress\/meisterorgl\/wp-content\/uploads\/sites\/2\/2013\/04\/Gruppe-4-Blockschaltbild_Netzteil-300x181.png 300w, https:\/\/service.projektlabor.tu-berlin.de\/wordpress\/meisterorgl\/wp-content\/uploads\/sites\/2\/2013\/04\/Gruppe-4-Blockschaltbild_Netzteil.png 1192w\" sizes=\"(max-width: 640px) 100vw, 640px\" \/><\/a><figcaption id=\"caption-attachment-223\" class=\"wp-caption-text\">Blockschaltbild Netzteil<\/figcaption><\/figure>\n<figure id=\"attachment_222\" aria-describedby=\"caption-attachment-222\" style=\"width: 640px\" class=\"wp-caption aligncenter\"><a href=\"http:\/\/service.projektlabor.tu-berlin.de\/wordpress\/meisterorgl\/wp-content\/uploads\/sites\/2\/2013\/04\/Gruppe-4-Blockschaltbild_Helligkeitssteuerung.png\"><img loading=\"lazy\" class=\"size-large wp-image-222\" alt=\"Blockschaltbild Helligkeitssteuerung\" src=\"http:\/\/service.projektlabor.tu-berlin.de\/wordpress\/meisterorgl\/wp-content\/uploads\/sites\/2\/2013\/04\/Gruppe-4-Blockschaltbild_Helligkeitssteuerung-1024x332.png\" width=\"640\" height=\"207\" srcset=\"https:\/\/service.projektlabor.tu-berlin.de\/wordpress\/meisterorgl\/wp-content\/uploads\/sites\/2\/2013\/04\/Gruppe-4-Blockschaltbild_Helligkeitssteuerung-1024x332.png 1024w, https:\/\/service.projektlabor.tu-berlin.de\/wordpress\/meisterorgl\/wp-content\/uploads\/sites\/2\/2013\/04\/Gruppe-4-Blockschaltbild_Helligkeitssteuerung-300x97.png 300w\" sizes=\"(max-width: 640px) 100vw, 640px\" \/><\/a><figcaption id=\"caption-attachment-222\" class=\"wp-caption-text\">Blockschaltbild Helligkeitssteuerung<\/figcaption><\/figure>\n","protected":false},"excerpt":{"rendered":"<p>Die Aufgaben der Gruppe 4 bestehen darin, ein Netzteil zu entwerfen, um die anderen Gruppen mit den ben\u00f6tigten Spannungen und Str\u00f6men zu versorgen und in der Entwicklung einer Helligkeitsregelung f\u00fcr das Steuern der Leistung von elektronischen Lichtquellen, speziell 230V-Lampen zur Ausgabe von visuellen Effekten.<\/p>\n","protected":false},"author":2,"featured_media":0,"parent":23,"menu_order":0,"comment_status":"closed","ping_status":"open","template":"","meta":[],"_links":{"self":[{"href":"https:\/\/service.projektlabor.tu-berlin.de\/wordpress\/meisterorgl\/wp-json\/wp\/v2\/pages\/31"}],"collection":[{"href":"https:\/\/service.projektlabor.tu-berlin.de\/wordpress\/meisterorgl\/wp-json\/wp\/v2\/pages"}],"about":[{"href":"https:\/\/service.projektlabor.tu-berlin.de\/wordpress\/meisterorgl\/wp-json\/wp\/v2\/types\/page"}],"author":[{"embeddable":true,"href":"https:\/\/service.projektlabor.tu-berlin.de\/wordpress\/meisterorgl\/wp-json\/wp\/v2\/users\/2"}],"replies":[{"embeddable":true,"href":"https:\/\/service.projektlabor.tu-berlin.de\/wordpress\/meisterorgl\/wp-json\/wp\/v2\/comments?post=31"}],"version-history":[{"count":27,"href":"https:\/\/service.projektlabor.tu-berlin.de\/wordpress\/meisterorgl\/wp-json\/wp\/v2\/pages\/31\/revisions"}],"predecessor-version":[{"id":220,"href":"https:\/\/service.projektlabor.tu-berlin.de\/wordpress\/meisterorgl\/wp-json\/wp\/v2\/pages\/31\/revisions\/220"}],"up":[{"embeddable":true,"href":"https:\/\/service.projektlabor.tu-berlin.de\/wordpress\/meisterorgl\/wp-json\/wp\/v2\/pages\/23"}],"wp:attachment":[{"href":"https:\/\/service.projektlabor.tu-berlin.de\/wordpress\/meisterorgl\/wp-json\/wp\/v2\/media?parent=31"}],"curies":[{"name":"wp","href":"https:\/\/api.w.org\/{rel}","templated":true}]}}