{"id":22,"date":"2013-04-28T16:51:25","date_gmt":"2013-04-28T14:51:25","guid":{"rendered":"http:\/\/service.projektlabor.tu-berlin.de\/wordpress\/meisterorgl\/?page_id=22"},"modified":"2013-06-25T23:25:23","modified_gmt":"2013-06-25T21:25:23","slug":"projekt","status":"publish","type":"page","link":"https:\/\/service.projektlabor.tu-berlin.de\/wordpress\/meisterorgl\/projekt\/","title":{"rendered":"Projekt"},"content":{"rendered":"<figure id=\"attachment_323\" aria-describedby=\"caption-attachment-323\" style=\"width: 567px\" class=\"wp-caption aligncenter\"><a href=\"http:\/\/service.projektlabor.tu-berlin.de\/wordpress\/meisterorgl\/wp-content\/uploads\/sites\/2\/2013\/04\/Logo_Projektlabor.png\"><img loading=\"lazy\" class=\"wp-image-323 \" title=\"Logo\" alt=\"Logo_Projektlabor\" src=\"http:\/\/service.projektlabor.tu-berlin.de\/wordpress\/meisterorgl\/wp-content\/uploads\/sites\/2\/2013\/04\/Logo_Projektlabor.png\" width=\"567\" height=\"162\" srcset=\"https:\/\/service.projektlabor.tu-berlin.de\/wordpress\/meisterorgl\/wp-content\/uploads\/sites\/2\/2013\/04\/Logo_Projektlabor.png 886w, https:\/\/service.projektlabor.tu-berlin.de\/wordpress\/meisterorgl\/wp-content\/uploads\/sites\/2\/2013\/04\/Logo_Projektlabor-300x85.png 300w\" sizes=\"(max-width: 567px) 100vw, 567px\" \/><\/a><figcaption id=\"caption-attachment-323\" class=\"wp-caption-text\">Projektlabor Logo<\/figcaption><\/figure>\n<p>Mit 38 Teilnehmern wird Donnerstags eine\u00a0<strong>Lichtorgel<\/strong>\u00a0realisiert:<br \/>\nDie Lichtorgel soll abh\u00e4ngig von der Musik, verschiedene Effekte ausl\u00f6sen. So soll es eine Pegelanzeige und eine Audioausgabe geben. Ebenso wird hier ein eigenes Netzteil gebaut und abh\u00e4ngig von den Effekten ein Strahler angesteuert. Zur Anzeige dient hier eine LED-Matrix, welche von einem Mikrocontroller angesteuert wird. Au\u00dferdem soll das Ger\u00e4t noch einen DMX-Ausgang besitzen.<\/p>\n","protected":false},"excerpt":{"rendered":"<p>Mit 38 Teilnehmern wird Donnerstags eine\u00a0Lichtorgel\u00a0realisiert: Die Lichtorgel soll abh\u00e4ngig von der Musik, verschiedene Effekte ausl\u00f6sen. So soll es eine Pegelanzeige und eine Audioausgabe geben. Ebenso wird hier ein eigenes Netzteil gebaut und abh\u00e4ngig von den Effekten ein Strahler angesteuert. Zur Anzeige dient hier eine LED-Matrix, welche von einem Mikrocontroller angesteuert wird. Au\u00dferdem soll das [&hellip;]<\/p>\n","protected":false},"author":2,"featured_media":0,"parent":0,"menu_order":0,"comment_status":"closed","ping_status":"open","template":"","meta":[],"_links":{"self":[{"href":"https:\/\/service.projektlabor.tu-berlin.de\/wordpress\/meisterorgl\/wp-json\/wp\/v2\/pages\/22"}],"collection":[{"href":"https:\/\/service.projektlabor.tu-berlin.de\/wordpress\/meisterorgl\/wp-json\/wp\/v2\/pages"}],"about":[{"href":"https:\/\/service.projektlabor.tu-berlin.de\/wordpress\/meisterorgl\/wp-json\/wp\/v2\/types\/page"}],"author":[{"embeddable":true,"href":"https:\/\/service.projektlabor.tu-berlin.de\/wordpress\/meisterorgl\/wp-json\/wp\/v2\/users\/2"}],"replies":[{"embeddable":true,"href":"https:\/\/service.projektlabor.tu-berlin.de\/wordpress\/meisterorgl\/wp-json\/wp\/v2\/comments?post=22"}],"version-history":[{"count":10,"href":"https:\/\/service.projektlabor.tu-berlin.de\/wordpress\/meisterorgl\/wp-json\/wp\/v2\/pages\/22\/revisions"}],"predecessor-version":[{"id":133,"href":"https:\/\/service.projektlabor.tu-berlin.de\/wordpress\/meisterorgl\/wp-json\/wp\/v2\/pages\/22\/revisions\/133"}],"wp:attachment":[{"href":"https:\/\/service.projektlabor.tu-berlin.de\/wordpress\/meisterorgl\/wp-json\/wp\/v2\/media?parent=22"}],"curies":[{"name":"wp","href":"https:\/\/api.w.org\/{rel}","templated":true}]}}