{"id":141,"date":"2018-07-11T17:57:14","date_gmt":"2018-07-11T15:57:14","guid":{"rendered":"http:\/\/service.projektlabor.tu-berlin.de\/wordpress\/greenlab\/?page_id=141"},"modified":"2018-07-16T09:14:54","modified_gmt":"2018-07-16T07:14:54","slug":"gleichrichtung","status":"publish","type":"page","link":"https:\/\/service.projektlabor.tu-berlin.de\/wordpress\/greenlab\/netzteil\/gleichrichtung\/","title":{"rendered":"Gleichrichtung"},"content":{"rendered":"<p><a href=\"http:\/\/service.projektlabor.tu-berlin.de\/wordpress\/greenlab\/wp-content\/uploads\/sites\/23\/2018\/07\/Gleichrichtung.png\"><img loading=\"lazy\" class=\"alignnone size-full wp-image-225\" src=\"http:\/\/service.projektlabor.tu-berlin.de\/wordpress\/greenlab\/wp-content\/uploads\/sites\/23\/2018\/07\/Gleichrichtung.png\" alt=\"Gleichrichtung\" width=\"1250\" height=\"369\" srcset=\"https:\/\/service.projektlabor.tu-berlin.de\/wordpress\/greenlab\/wp-content\/uploads\/sites\/23\/2018\/07\/Gleichrichtung.png 1250w, https:\/\/service.projektlabor.tu-berlin.de\/wordpress\/greenlab\/wp-content\/uploads\/sites\/23\/2018\/07\/Gleichrichtung-300x89.png 300w, https:\/\/service.projektlabor.tu-berlin.de\/wordpress\/greenlab\/wp-content\/uploads\/sites\/23\/2018\/07\/Gleichrichtung-1024x302.png 1024w\" sizes=\"(max-width: 1250px) 100vw, 1250px\" \/><\/a><\/p>\n<h3><span style=\"text-decoration: underline\"><strong>Gleichrichtung und Gl\u00e4ttung<\/strong><\/span><\/h3>\n<p>Dieser Teil der Schaltung dient zum Senken der Netzspannung mittels eines Transformators, zur anschlie\u00dfenden Gleichrichtung \u00fcber vier Dioden und einer schlussendlichen Gl\u00e4ttung der Ausgangsspannung. Auf diese Weise wird eine Gleichspannung von 15V erzeugt, die an die Tiefsetzsteller weitergegeben wird. Au\u00dferdem wird mittels eines Spanungsteilers die notwendige Betriebsspannung von 7.5V f\u00fcr den Dreieckgenerator erzeugt.<\/p>\n<p>&nbsp;<\/p>\n<p><a href=\"http:\/\/service.projektlabor.tu-berlin.de\/wordpress\/greenlab\/wp-content\/uploads\/sites\/23\/2018\/07\/Dreieckgen.png\"><img loading=\"lazy\" class=\"alignnone size-full wp-image-224\" src=\"http:\/\/service.projektlabor.tu-berlin.de\/wordpress\/greenlab\/wp-content\/uploads\/sites\/23\/2018\/07\/Dreieckgen.png\" alt=\"Dreieckgen\" width=\"1056\" height=\"542\" srcset=\"https:\/\/service.projektlabor.tu-berlin.de\/wordpress\/greenlab\/wp-content\/uploads\/sites\/23\/2018\/07\/Dreieckgen.png 1056w, https:\/\/service.projektlabor.tu-berlin.de\/wordpress\/greenlab\/wp-content\/uploads\/sites\/23\/2018\/07\/Dreieckgen-300x154.png 300w, https:\/\/service.projektlabor.tu-berlin.de\/wordpress\/greenlab\/wp-content\/uploads\/sites\/23\/2018\/07\/Dreieckgen-1024x526.png 1024w\" sizes=\"(max-width: 1056px) 100vw, 1056px\" \/><\/a><\/p>\n<h3><span style=\"text-decoration: underline\"><strong>Erzeugung einer Dreieckspannung<\/strong><\/span><\/h3>\n<p>Da f\u00fcr die Pulsweitenmodulation der Tiefsetzsteller eine Dreieckspannung ben\u00f6tigt wird, erzeugen wir diese durch einen Dreieck-Rechteck-Generator, der aus zwei Operationsverst\u00e4rkern (OPV), besteht, wobei der erste OPV als nicht-invertierender Schmitt-Trigger und der Zweite als invertierender Integrator fungiert. In Abh\u00e4ngigkeit des Ausgangspegels am Schmitt-Trigger, wird der Kondensator \u00fcber den Widerstand aufgeladen bzw. entladen. Im Ladefall verh\u00e4lt sich der Ausgangspegel am Integrator linear fallend und beim Erreichen der Schwellspannung des Schmitt-Triggers schaltet der Ausgangspegel auf &#8222;LOW&#8220;. Dadurch wird der Kondensator in entgegengesetzter<br \/>\nRichtung aufgeladen.<\/p>\n<p>&nbsp;<\/p>\n<p>&nbsp;<\/p>\n","protected":false},"excerpt":{"rendered":"<p>Gleichrichtung und Gl\u00e4ttung Dieser Teil der Schaltung dient zum Senken der Netzspannung mittels eines Transformators, zur anschlie\u00dfenden Gleichrichtung \u00fcber vier Dioden und einer schlussendlichen Gl\u00e4ttung der Ausgangsspannung. Auf diese Weise wird eine Gleichspannung von 15V erzeugt, die an die Tiefsetzsteller &hellip; <a href=\"https:\/\/service.projektlabor.tu-berlin.de\/wordpress\/greenlab\/netzteil\/gleichrichtung\/\">Weiterlesen <span class=\"meta-nav\">&rarr;<\/span><\/a><\/p>\n","protected":false},"author":69,"featured_media":0,"parent":12,"menu_order":0,"comment_status":"closed","ping_status":"closed","template":"","meta":[],"_links":{"self":[{"href":"https:\/\/service.projektlabor.tu-berlin.de\/wordpress\/greenlab\/wp-json\/wp\/v2\/pages\/141"}],"collection":[{"href":"https:\/\/service.projektlabor.tu-berlin.de\/wordpress\/greenlab\/wp-json\/wp\/v2\/pages"}],"about":[{"href":"https:\/\/service.projektlabor.tu-berlin.de\/wordpress\/greenlab\/wp-json\/wp\/v2\/types\/page"}],"author":[{"embeddable":true,"href":"https:\/\/service.projektlabor.tu-berlin.de\/wordpress\/greenlab\/wp-json\/wp\/v2\/users\/69"}],"replies":[{"embeddable":true,"href":"https:\/\/service.projektlabor.tu-berlin.de\/wordpress\/greenlab\/wp-json\/wp\/v2\/comments?post=141"}],"version-history":[{"count":13,"href":"https:\/\/service.projektlabor.tu-berlin.de\/wordpress\/greenlab\/wp-json\/wp\/v2\/pages\/141\/revisions"}],"predecessor-version":[{"id":227,"href":"https:\/\/service.projektlabor.tu-berlin.de\/wordpress\/greenlab\/wp-json\/wp\/v2\/pages\/141\/revisions\/227"}],"up":[{"embeddable":true,"href":"https:\/\/service.projektlabor.tu-berlin.de\/wordpress\/greenlab\/wp-json\/wp\/v2\/pages\/12"}],"wp:attachment":[{"href":"https:\/\/service.projektlabor.tu-berlin.de\/wordpress\/greenlab\/wp-json\/wp\/v2\/media?parent=141"}],"curies":[{"name":"wp","href":"https:\/\/api.w.org\/{rel}","templated":true}]}}