{"id":128,"date":"2018-07-11T14:37:41","date_gmt":"2018-07-11T12:37:41","guid":{"rendered":"http:\/\/service.projektlabor.tu-berlin.de\/wordpress\/greenlab\/?page_id=128"},"modified":"2018-07-17T00:09:23","modified_gmt":"2018-07-16T22:09:23","slug":"einleitung","status":"publish","type":"page","link":"https:\/\/service.projektlabor.tu-berlin.de\/wordpress\/greenlab\/licht\/einleitung\/","title":{"rendered":"1. Einleitung"},"content":{"rendered":"<div class=\"page\" title=\"Page 3\">\n<div class=\"layoutArea\">\n<div class=\"column\">\n<p>W\u00e4hrend f\u00fcr das menschliche Auge normale Leuchtstoffr\u00f6hren ausreichen, ben\u00f6tigen Pflanzen je nach Lebensphase besonderes Licht. Grunds\u00e4tzlich sollten Pflanzen zwischen 12 und 16 Stunden pro Tag Licht haben und mindestens 6 Stunden Nachtruhe ohne Beleuchtung, um Photosynthese betreiben zu k\u00f6nnen.<\/p>\n<p>Doch nicht jedes Licht ist gleich gut verwertbar, weil die Pflanzen haupts\u00e4chlich die blauen (400 bis 500 nm) und roten (600 bis 700 nm) Anteile des sichtbaren Lichts f\u00fcr die Photosynthese verwenden. Diese Aufgabe \u00fcbernimmt das Chlorophyll, auch Blattgr\u00fcn genannt. Sie absorbiert das Licht und wandelt es in organische Verbindungen (Glukose) und in elektromagnetische Energien um (Sauerstoff).<\/p>\n<p>Als Lichtquelle werden LEDs verwendet, weil Sie energieeffizient, platzsparend sind und eine lange Lebenszeit haben. Au\u00dferdem haben Sie eine geringe W\u00e4rmeabstrahlung und behindern damit die Photosynthese einer Pflanze nicht. Dabei muss jedoch auf die richtige Mischung von blauen und roten LEDs geachtet werden, da f\u00fcr unterschiedliche Lebensphasen der Pflanze unterschiedliche Mischungsverh\u00e4ltnis ben\u00f6tigt werden. Wenn auch das von unseren LED-Leuchten emittierte Licht ungew\u00f6hnlich rot-bl\u00e4ulich leuchtet, so ist es dennoch genau das, was Pflanzen f\u00fcr einen optimalen Wuchs ben\u00f6tigen.<\/p>\n<p>Wir, die Gruppe 3 Licht, bestehend aus Pedro Lorenzo Camacho, Aniket Conrad Rodrigues, Matthias Schaale-Segeroth und Haoda Wang, sind f\u00fcr die Beleuchtung des Gew\u00e4chshauses zust\u00e4ndig. Ziel unserer Gruppe ist es diese Vorstellung realisieren zu k\u00f6nnen und wir hoffen euch hiermit unser Teilprojekt gut vorstellen zu k\u00f6nnen.<\/p>\n<p style=\"text-align: right;\"><em>Aniket Rodrigues<\/em><\/p>\n<\/div>\n<\/div>\n<\/div>\n","protected":false},"excerpt":{"rendered":"<p>W\u00e4hrend f\u00fcr das menschliche Auge normale Leuchtstoffr\u00f6hren ausreichen, ben\u00f6tigen Pflanzen je nach Lebensphase besonderes Licht. Grunds\u00e4tzlich sollten Pflanzen zwischen 12 und 16 Stunden pro Tag Licht haben und mindestens 6 Stunden Nachtruhe ohne Beleuchtung, um Photosynthese betreiben zu k\u00f6nnen. Doch &hellip; <a href=\"https:\/\/service.projektlabor.tu-berlin.de\/wordpress\/greenlab\/licht\/einleitung\/\">Weiterlesen <span class=\"meta-nav\">&rarr;<\/span><\/a><\/p>\n","protected":false},"author":63,"featured_media":0,"parent":9,"menu_order":1,"comment_status":"closed","ping_status":"closed","template":"","meta":[],"_links":{"self":[{"href":"https:\/\/service.projektlabor.tu-berlin.de\/wordpress\/greenlab\/wp-json\/wp\/v2\/pages\/128"}],"collection":[{"href":"https:\/\/service.projektlabor.tu-berlin.de\/wordpress\/greenlab\/wp-json\/wp\/v2\/pages"}],"about":[{"href":"https:\/\/service.projektlabor.tu-berlin.de\/wordpress\/greenlab\/wp-json\/wp\/v2\/types\/page"}],"author":[{"embeddable":true,"href":"https:\/\/service.projektlabor.tu-berlin.de\/wordpress\/greenlab\/wp-json\/wp\/v2\/users\/63"}],"replies":[{"embeddable":true,"href":"https:\/\/service.projektlabor.tu-berlin.de\/wordpress\/greenlab\/wp-json\/wp\/v2\/comments?post=128"}],"version-history":[{"count":4,"href":"https:\/\/service.projektlabor.tu-berlin.de\/wordpress\/greenlab\/wp-json\/wp\/v2\/pages\/128\/revisions"}],"predecessor-version":[{"id":291,"href":"https:\/\/service.projektlabor.tu-berlin.de\/wordpress\/greenlab\/wp-json\/wp\/v2\/pages\/128\/revisions\/291"}],"up":[{"embeddable":true,"href":"https:\/\/service.projektlabor.tu-berlin.de\/wordpress\/greenlab\/wp-json\/wp\/v2\/pages\/9"}],"wp:attachment":[{"href":"https:\/\/service.projektlabor.tu-berlin.de\/wordpress\/greenlab\/wp-json\/wp\/v2\/media?parent=128"}],"curies":[{"name":"wp","href":"https:\/\/api.w.org\/{rel}","templated":true}]}}