{"id":114,"date":"2018-06-19T22:51:27","date_gmt":"2018-06-19T20:51:27","guid":{"rendered":"http:\/\/service.projektlabor.tu-berlin.de\/wordpress\/greenlab\/?page_id=114"},"modified":"2018-07-16T18:44:30","modified_gmt":"2018-07-16T16:44:30","slug":"handouts-und-folien-der-refferate","status":"publish","type":"page","link":"https:\/\/service.projektlabor.tu-berlin.de\/wordpress\/greenlab\/naehrstoffe\/handouts-und-folien-der-refferate\/","title":{"rendered":"Handouts und Folien der Vortr\u00e4ge"},"content":{"rendered":"<p><strong>Vortr\u00e4ge:<\/strong><br \/>\nVortrag zum Blockschaltbild des Projekts von Jonas:<br \/>\n<a href=\"http:\/\/service.projektlabor.tu-berlin.de\/wordpress\/greenlab\/wp-content\/uploads\/sites\/23\/2018\/06\/ProjektlaborVortragBlockschaltbild.pdf\">Folien Blockschaltbild-Vortrag<\/a><br \/>\nVortrag zu Operationsverst\u00e4rkern von Yannick:<br \/>\n<a href=\"http:\/\/service.projektlabor.tu-berlin.de\/wordpress\/greenlab\/wp-content\/uploads\/sites\/23\/2018\/05\/Operationsversta\u0308rker-PDF.pdf\">Folien Operationsverst\u00e4rker<\/a><br \/>\n<a href=\"http:\/\/service.projektlabor.tu-berlin.de\/wordpress\/greenlab\/wp-content\/uploads\/sites\/23\/2018\/05\/Handout-Projektlabor.pdf\">Handout Operationsverst\u00e4rker<\/a><br \/>\nVortrag zum Ph-Wert von Aaron:<\/p>\n<p>Vortrag zu Komperatorschaltungen von Hannes:<\/p>\n<p>Vortrag zur Verwendung des NE555 als Funktionsgenerator von Momo:<\/p>\n<p>Vortrag zu Schwingquarzen und Timern in einem Mikrocontroller:<br \/>\n<a href=\"http:\/\/service.projektlabor.tu-berlin.de\/wordpress\/greenlab\/wp-content\/uploads\/sites\/23\/2018\/07\/Schwingquarze-und-Timer-in-einm-\u03bcC.pdf\">Handout Schwingquarze und Timer in einem Mikrocontroller<\/a><\/p>\n<p>Vortrag zu Kapazitiven Sensoren von Frederic:<br \/>\n<a href=\"http:\/\/service.projektlabor.tu-berlin.de\/wordpress\/greenlab\/wp-content\/uploads\/sites\/23\/2018\/07\/Pra\u0308sentation.pdf\">Folien Kapazitive Sensoren<\/a><br \/>\n<a href=\"http:\/\/service.projektlabor.tu-berlin.de\/wordpress\/greenlab\/wp-content\/uploads\/sites\/23\/2018\/07\/Handout.pdf\">Handout Kapazitive Sensoren<\/a><\/p>\n<p>Vortrag zu Serial Peripheral Interface (SPI) von Philipp:<br \/>\n<a href=\"http:\/\/service.projektlabor.tu-berlin.de\/wordpress\/greenlab\/wp-content\/uploads\/sites\/23\/2018\/07\/SPI.pdf\">Folien SPI<\/a><br \/>\n<a href=\"http:\/\/service.projektlabor.tu-berlin.de\/wordpress\/greenlab\/wp-content\/uploads\/sites\/23\/2018\/07\/HandoutSPI.pdf\">Handout SPI<\/a><\/p>\n<p>&nbsp;<\/p>\n","protected":false},"excerpt":{"rendered":"<p>Vortr\u00e4ge: Vortrag zum Blockschaltbild des Projekts von Jonas: Folien Blockschaltbild-Vortrag Vortrag zu Operationsverst\u00e4rkern von Yannick: Folien Operationsverst\u00e4rker Handout Operationsverst\u00e4rker Vortrag zum Ph-Wert von Aaron: Vortrag zu Komperatorschaltungen von Hannes: Vortrag zur Verwendung des NE555 als Funktionsgenerator von Momo: Vortrag zu &hellip; <a href=\"https:\/\/service.projektlabor.tu-berlin.de\/wordpress\/greenlab\/naehrstoffe\/handouts-und-folien-der-refferate\/\">Weiterlesen <span class=\"meta-nav\">&rarr;<\/span><\/a><\/p>\n","protected":false},"author":67,"featured_media":0,"parent":14,"menu_order":0,"comment_status":"closed","ping_status":"closed","template":"","meta":[],"_links":{"self":[{"href":"https:\/\/service.projektlabor.tu-berlin.de\/wordpress\/greenlab\/wp-json\/wp\/v2\/pages\/114"}],"collection":[{"href":"https:\/\/service.projektlabor.tu-berlin.de\/wordpress\/greenlab\/wp-json\/wp\/v2\/pages"}],"about":[{"href":"https:\/\/service.projektlabor.tu-berlin.de\/wordpress\/greenlab\/wp-json\/wp\/v2\/types\/page"}],"author":[{"embeddable":true,"href":"https:\/\/service.projektlabor.tu-berlin.de\/wordpress\/greenlab\/wp-json\/wp\/v2\/users\/67"}],"replies":[{"embeddable":true,"href":"https:\/\/service.projektlabor.tu-berlin.de\/wordpress\/greenlab\/wp-json\/wp\/v2\/comments?post=114"}],"version-history":[{"count":7,"href":"https:\/\/service.projektlabor.tu-berlin.de\/wordpress\/greenlab\/wp-json\/wp\/v2\/pages\/114\/revisions"}],"predecessor-version":[{"id":258,"href":"https:\/\/service.projektlabor.tu-berlin.de\/wordpress\/greenlab\/wp-json\/wp\/v2\/pages\/114\/revisions\/258"}],"up":[{"embeddable":true,"href":"https:\/\/service.projektlabor.tu-berlin.de\/wordpress\/greenlab\/wp-json\/wp\/v2\/pages\/14"}],"wp:attachment":[{"href":"https:\/\/service.projektlabor.tu-berlin.de\/wordpress\/greenlab\/wp-json\/wp\/v2\/media?parent=114"}],"curies":[{"name":"wp","href":"https:\/\/api.w.org\/{rel}","templated":true}]}}