{"id":215,"date":"2013-05-09T10:30:18","date_gmt":"2013-05-09T08:30:18","guid":{"rendered":"http:\/\/service.projektlabor.tu-berlin.de\/wordpress\/fear\/?page_id=215"},"modified":"2013-07-03T15:45:57","modified_gmt":"2013-07-03T13:45:57","slug":"gruppe-2","status":"publish","type":"page","link":"https:\/\/service.projektlabor.tu-berlin.de\/wordpress\/fear\/gruppen-3\/gruppe-2\/","title":{"rendered":"Gruppe 2: Eingabe"},"content":{"rendered":"<p>Die Aufgabe der Eingabegruppe bestand darin ein Eingabeger\u00e4t f\u00fcr das Ger\u00e4t &#8222;FEAR&#8220; zu entwickeln. Es wurde sich darauf festgelegt zwei Gamepads, jeweils einen pro Spieler,herzustellen.<br \/>\nEin Gamepad besitzt 8 Tasten; 4 Pfeiltasten und 4 Tasten f\u00fcr die weitere Bedienung.Als Tasten werden kapazitive Sensoren benutzt, damit die Tasten nur durch Ber\u00fchrung verwendet werden k\u00f6nnen und keinen Tastendruck ben\u00f6tigen. Desweiteren werden die insgesamt 8 Signale der Tasten \u00fcb er eine Logik in eine 3-Bit Kodierung umgewandelt. Dies geschieht \u00fcb er eine Logik.<\/p>\n<p>[nggallery id=4]<\/p>\n<p><strong><strong>Referate und Handouts :<\/strong><\/strong><\/p>\n<table border=\"0\">\n<tbody>\n<tr>\n<td><strong>Name<\/strong><\/td>\n<td><strong>Referat<\/strong><\/td>\n<td><strong>Handout<\/strong><\/td>\n<\/tr>\n<tr>\n<td>Theophane<\/td>\n<td><a title=\"Komparator\" href=\"http:\/\/service.projektlabor.tu-berlin.de\/wordpress\/fear\/wp-content\/uploads\/sites\/3\/2013\/07\/Oszillator-vortrag-theo.pdf\" target=\"_blank\">Oszillator<\/a><\/td>\n<td><a title=\"KKomparator_Handout\" href=\"http:\/\/service.projektlabor.tu-berlin.de\/wordpress\/fear\/wp-content\/uploads\/sites\/3\/2013\/07\/Handout-Oszillatoren-theo.pdf\" target=\"_blank\">Download<\/a><\/td>\n<\/tr>\n<tr>\n<td>Hee-Seong<\/td>\n<td><a title=\"Komparator\" href=\"http:\/\/service.projektlabor.tu-berlin.de\/wordpress\/fear\/wp-content\/uploads\/sites\/3\/2013\/06\/Vortag-Komparator.pdf\" target=\"_blank\">Komparator<\/a><\/td>\n<td><a title=\"KKomparator_Handout\" href=\"http:\/\/service.projektlabor.tu-berlin.de\/wordpress\/fear\/wp-content\/uploads\/sites\/3\/2013\/06\/Komparator-Handout.pdf\" target=\"_blank\">Download<\/a><\/td>\n<\/tr>\n<tr>\n<td>Kenan<\/td>\n<td><a href=\"http:\/\/service.projektlabor.tu-berlin.de\/wordpress\/fear\/wp-content\/uploads\/sites\/3\/2013\/05\/opv-ref.pdf\">Operationsverst\u00e4rker<\/a><\/td>\n<td><a href=\"http:\/\/service.projektlabor.tu-berlin.de\/wordpress\/fear\/wp-content\/uploads\/sites\/3\/2013\/05\/Handout-OPV.pdf\">Download<\/a><\/td>\n<\/tr>\n<tr>\n<td>Alexander<\/td>\n<td><a href=\"http:\/\/service.projektlabor.tu-berlin.de\/wordpress\/fear\/wp-content\/uploads\/sites\/3\/2013\/07\/Blockschaltbildpdf.pdf\">Blockschaltbild 2<\/a><\/td>\n<td>Download<\/td>\n<\/tr>\n<tr>\n<td>Yannic<\/td>\n<td><a href=\"http:\/\/service.projektlabor.tu-berlin.de\/wordpress\/fear\/wp-content\/uploads\/sites\/3\/2013\/07\/vortrag-yannic-fehler.pdf\">Fehlersuche<\/a><\/td>\n<td><a href=\"http:\/\/service.projektlabor.tu-berlin.de\/wordpress\/fear\/wp-content\/uploads\/sites\/3\/2013\/07\/handout-fehlerya.pdf\">Download<\/a><\/td>\n<\/tr>\n<tr>\n<td>Robert<\/td>\n<td><a href=\"http:\/\/service.projektlabor.tu-berlin.de\/wordpress\/fear\/wp-content\/uploads\/sites\/3\/2013\/05\/gamecontroller.pdf\">Gamecontroller<\/a><\/td>\n<td><a href=\"http:\/\/service.projektlabor.tu-berlin.de\/wordpress\/fear\/wp-content\/uploads\/sites\/3\/2013\/05\/gamecontroller-hand.pdf\">Download<\/a><\/td>\n<\/tr>\n<tr>\n<td>Humam<\/td>\n<td><a href=\"http:\/\/service.projektlabor.tu-berlin.de\/wordpress\/fear\/wp-content\/uploads\/sites\/3\/2013\/05\/kapazitv.pdf\">Kapazitive Sensoren<\/a><\/td>\n<td><a href=\"http:\/\/service.projektlabor.tu-berlin.de\/wordpress\/fear\/wp-content\/uploads\/sites\/3\/2013\/07\/Handout-Kapazitive-Sensoren-humam.pdf\">Download<\/a><\/td>\n<\/tr>\n<tr>\n<td>Stefan<\/td>\n<td><a href=\"http:\/\/service.projektlabor.tu-berlin.de\/wordpress\/fear\/wp-content\/uploads\/sites\/3\/2013\/07\/Vortrag-NE-555.pdf\">NE 555<\/a><\/td>\n<td><a href=\"http:\/\/service.projektlabor.tu-berlin.de\/wordpress\/fear\/wp-content\/uploads\/sites\/3\/2013\/07\/NE-555-handout1.pdf\">Download<\/a><\/td>\n<\/tr>\n<\/tbody>\n<\/table>\n","protected":false},"excerpt":{"rendered":"<p>Die Aufgabe der Eingabegruppe bestand darin ein Eingabeger\u00e4t f\u00fcr das Ger\u00e4t &#8222;FEAR&#8220; zu entwickeln. Es wurde sich darauf festgelegt zwei Gamepads, jeweils einen pro Spieler,herzustellen. Ein Gamepad besitzt 8 Tasten; 4 Pfeiltasten und 4 Tasten f\u00fcr die weitere Bedienung.Als Tasten &hellip;<\/p>\n<p class=\"read-more\"> <a class=\"more-link\" href=\"https:\/\/service.projektlabor.tu-berlin.de\/wordpress\/fear\/gruppen-3\/gruppe-2\/\"> <span class=\"screen-reader-text\">Gruppe 2: Eingabe<\/span> Read More &raquo;<\/a><\/p>\n","protected":false},"author":8,"featured_media":0,"parent":285,"menu_order":0,"comment_status":"closed","ping_status":"closed","template":"","meta":[],"_links":{"self":[{"href":"https:\/\/service.projektlabor.tu-berlin.de\/wordpress\/fear\/wp-json\/wp\/v2\/pages\/215"}],"collection":[{"href":"https:\/\/service.projektlabor.tu-berlin.de\/wordpress\/fear\/wp-json\/wp\/v2\/pages"}],"about":[{"href":"https:\/\/service.projektlabor.tu-berlin.de\/wordpress\/fear\/wp-json\/wp\/v2\/types\/page"}],"author":[{"embeddable":true,"href":"https:\/\/service.projektlabor.tu-berlin.de\/wordpress\/fear\/wp-json\/wp\/v2\/users\/8"}],"replies":[{"embeddable":true,"href":"https:\/\/service.projektlabor.tu-berlin.de\/wordpress\/fear\/wp-json\/wp\/v2\/comments?post=215"}],"version-history":[{"count":31,"href":"https:\/\/service.projektlabor.tu-berlin.de\/wordpress\/fear\/wp-json\/wp\/v2\/pages\/215\/revisions"}],"predecessor-version":[{"id":250,"href":"https:\/\/service.projektlabor.tu-berlin.de\/wordpress\/fear\/wp-json\/wp\/v2\/pages\/215\/revisions\/250"}],"up":[{"embeddable":true,"href":"https:\/\/service.projektlabor.tu-berlin.de\/wordpress\/fear\/wp-json\/wp\/v2\/pages\/285"}],"wp:attachment":[{"href":"https:\/\/service.projektlabor.tu-berlin.de\/wordpress\/fear\/wp-json\/wp\/v2\/media?parent=215"}],"curies":[{"name":"wp","href":"https:\/\/api.w.org\/{rel}","templated":true}]}}