{"id":436,"date":"2017-07-17T00:40:33","date_gmt":"2017-07-16T22:40:33","guid":{"rendered":"http:\/\/service.projektlabor.tu-berlin.de\/wordpress\/absynth\/?page_id=436"},"modified":"2017-07-17T00:40:33","modified_gmt":"2017-07-16T22:40:33","slug":"die-platine","status":"publish","type":"page","link":"https:\/\/service.projektlabor.tu-berlin.de\/wordpress\/absynth\/gruppen\/gruppe-2-interface\/2-3-led-anzeige\/die-platine\/","title":{"rendered":"Die Platine"},"content":{"rendered":"<p>Als erstes muss die Platine gebohrt werden. Danach erfolgt die Lackierung, dann<br \/>\ndie Durchkontaktierung und als letztes das Best\u00fccken und L\u00f6ten. Am Ende wird<br \/>\ndie Platine getestet um m\u00f6gliche auftretende Probleme aufzuheben .<\/p>\n<ul>\n<li><span style=\"text-decoration: underline\">Bohren:<\/span> Das Bohren von der Platine erfolgt in 2 Schritte : Als erstes werden alle<br \/>\nL\u00f6cher mit einem Bohrer mit dem Diameter 0.8 mm gebohrt . Dann m\u00fcssen die<br \/>\n0.9 mm gro\u00dfe L\u00f6cher mit einem Bohrer des Diameters 0.9mm gebohrt. Die Eckem<br \/>\nder Platine werden mit einem Bohrer des Diameters 3mm gebohrt . In allen F\u00e4llen<br \/>\nmuss immer die zum Bohrer passende Bohrfutter eingestellt werden . Die Platine<br \/>\nmuss auf m\u00f6gliche Kurzschl\u00fcsse gepr\u00fcft werden. Kurzschl\u00fcsse werden an kleine<br \/>\nKupfergebiete zwischen den Leiterbahnen erkannt . In diesem Fall m\u00fcssen sie mit<br \/>\neinem Cuttermesser vorsichtig entfernet werden .<\/li>\n<li><span style=\"text-decoration: underline\">Belichtungslackentfernung :<\/span> Das Belichtungslack muss mit Aceton entfernt<br \/>\nwerden.<\/li>\n<li><span style=\"text-decoration: underline\">Lackieren:<\/span> Die Platine wird mit dem Spraylack auf beiden Seiten lackiert und<br \/>\ngetrocknet.<\/li>\n<li><span style=\"text-decoration: underline\">Durchkontaktierung:<\/span> Als erstes soll im Layout nochmal bestimmt werden, in<br \/>\nwelche Stellen die Kontaktierung erfolgen soll. F\u00fcr die Durchkontaktierung werden<br \/>\nkleine, nicht sehr kurze St\u00fccke d\u00fcnner Leiterdrahte gebraucht. Auf einer Seite<br \/>\nk\u00f6nnen alle Drahte gel\u00f6tet werden. Dann muss die Platine umgedreht werden und<br \/>\ndie Drahte auf der anderen Seite verl\u00f6tet werden. Dann werden die Drahte von<br \/>\nbeiden Seiten geschnitten .<\/p>\n<div id=\"attachment_438\" style=\"width: 186px\" class=\"wp-caption alignright\"><a href=\"http:\/\/service.projektlabor.tu-berlin.de\/wordpress\/absynth\/wp-content\/uploads\/sites\/19\/2017\/07\/P2.png\"><img aria-describedby=\"caption-attachment-438\" loading=\"lazy\" class=\"size-medium wp-image-438\" src=\"http:\/\/service.projektlabor.tu-berlin.de\/wordpress\/absynth\/wp-content\/uploads\/sites\/19\/2017\/07\/P2-176x300.png\" alt=\"nach dem Lackieren\" width=\"176\" height=\"300\" srcset=\"https:\/\/service.projektlabor.tu-berlin.de\/wordpress\/absynth\/wp-content\/uploads\/sites\/19\/2017\/07\/P2-176x300.png 176w, https:\/\/service.projektlabor.tu-berlin.de\/wordpress\/absynth\/wp-content\/uploads\/sites\/19\/2017\/07\/P2.png 255w\" sizes=\"(max-width: 176px) 100vw, 176px\" \/><\/a><p id=\"caption-attachment-438\" class=\"wp-caption-text\">nach dem Lackieren<\/p><\/div>\n<p><div id=\"attachment_440\" style=\"width: 159px\" class=\"wp-caption alignright\"><a href=\"http:\/\/service.projektlabor.tu-berlin.de\/wordpress\/absynth\/wp-content\/uploads\/sites\/19\/2017\/07\/P4.png\"><img aria-describedby=\"caption-attachment-440\" loading=\"lazy\" class=\"size-medium wp-image-440\" src=\"http:\/\/service.projektlabor.tu-berlin.de\/wordpress\/absynth\/wp-content\/uploads\/sites\/19\/2017\/07\/P4-149x300.png\" alt=\"Nach dem Best\u00fccken\" width=\"149\" height=\"300\" srcset=\"https:\/\/service.projektlabor.tu-berlin.de\/wordpress\/absynth\/wp-content\/uploads\/sites\/19\/2017\/07\/P4-149x300.png 149w, https:\/\/service.projektlabor.tu-berlin.de\/wordpress\/absynth\/wp-content\/uploads\/sites\/19\/2017\/07\/P4.png 267w\" sizes=\"(max-width: 149px) 100vw, 149px\" \/><\/a><p id=\"caption-attachment-440\" class=\"wp-caption-text\">Nach dem Best\u00fccken<\/p><\/div><\/li>\n<\/ul>\n<div id=\"attachment_439\" style=\"width: 162px\" class=\"wp-caption alignleft\"><a href=\"http:\/\/service.projektlabor.tu-berlin.de\/wordpress\/absynth\/wp-content\/uploads\/sites\/19\/2017\/07\/P3.png\"><img aria-describedby=\"caption-attachment-439\" loading=\"lazy\" class=\"wp-image-439 size-medium\" src=\"http:\/\/service.projektlabor.tu-berlin.de\/wordpress\/absynth\/wp-content\/uploads\/sites\/19\/2017\/07\/P3-152x300.png\" alt=\"P3\" width=\"152\" height=\"300\" srcset=\"https:\/\/service.projektlabor.tu-berlin.de\/wordpress\/absynth\/wp-content\/uploads\/sites\/19\/2017\/07\/P3-152x300.png 152w, https:\/\/service.projektlabor.tu-berlin.de\/wordpress\/absynth\/wp-content\/uploads\/sites\/19\/2017\/07\/P3.png 231w\" sizes=\"(max-width: 152px) 100vw, 152px\" \/><\/a><p id=\"caption-attachment-439\" class=\"wp-caption-text\">Nach dem Durchkontaktieren<\/p><\/div>\n<div id=\"attachment_437\" style=\"width: 187px\" class=\"wp-caption alignleft\"><a href=\"http:\/\/service.projektlabor.tu-berlin.de\/wordpress\/absynth\/wp-content\/uploads\/sites\/19\/2017\/07\/P1.png\"><img aria-describedby=\"caption-attachment-437\" loading=\"lazy\" class=\"wp-image-437 size-medium\" src=\"http:\/\/service.projektlabor.tu-berlin.de\/wordpress\/absynth\/wp-content\/uploads\/sites\/19\/2017\/07\/P1-177x300.png\" alt=\"P1\" width=\"177\" height=\"300\" srcset=\"https:\/\/service.projektlabor.tu-berlin.de\/wordpress\/absynth\/wp-content\/uploads\/sites\/19\/2017\/07\/P1-177x300.png 177w, https:\/\/service.projektlabor.tu-berlin.de\/wordpress\/absynth\/wp-content\/uploads\/sites\/19\/2017\/07\/P1.png 273w\" sizes=\"(max-width: 177px) 100vw, 177px\" \/><\/a><p id=\"caption-attachment-437\" class=\"wp-caption-text\">Platine nach dem Bohren<\/p><\/div>\n","protected":false},"excerpt":{"rendered":"<p>Als erstes muss die Platine gebohrt werden. Danach erfolgt die Lackierung, dann die Durchkontaktierung und als letztes das Best\u00fccken und L\u00f6ten. Am Ende wird die Platine getestet um m\u00f6gliche auftretende Probleme aufzuheben . Bohren: Das Bohren von der Platine erfolgt in 2 Schritte : Als erstes werden alle L\u00f6cher mit einem Bohrer mit dem Diameter [&hellip;]<\/p>\n","protected":false},"author":58,"featured_media":0,"parent":130,"menu_order":0,"comment_status":"closed","ping_status":"closed","template":"","meta":[],"_links":{"self":[{"href":"https:\/\/service.projektlabor.tu-berlin.de\/wordpress\/absynth\/wp-json\/wp\/v2\/pages\/436"}],"collection":[{"href":"https:\/\/service.projektlabor.tu-berlin.de\/wordpress\/absynth\/wp-json\/wp\/v2\/pages"}],"about":[{"href":"https:\/\/service.projektlabor.tu-berlin.de\/wordpress\/absynth\/wp-json\/wp\/v2\/types\/page"}],"author":[{"embeddable":true,"href":"https:\/\/service.projektlabor.tu-berlin.de\/wordpress\/absynth\/wp-json\/wp\/v2\/users\/58"}],"replies":[{"embeddable":true,"href":"https:\/\/service.projektlabor.tu-berlin.de\/wordpress\/absynth\/wp-json\/wp\/v2\/comments?post=436"}],"version-history":[{"count":1,"href":"https:\/\/service.projektlabor.tu-berlin.de\/wordpress\/absynth\/wp-json\/wp\/v2\/pages\/436\/revisions"}],"predecessor-version":[{"id":441,"href":"https:\/\/service.projektlabor.tu-berlin.de\/wordpress\/absynth\/wp-json\/wp\/v2\/pages\/436\/revisions\/441"}],"up":[{"embeddable":true,"href":"https:\/\/service.projektlabor.tu-berlin.de\/wordpress\/absynth\/wp-json\/wp\/v2\/pages\/130"}],"wp:attachment":[{"href":"https:\/\/service.projektlabor.tu-berlin.de\/wordpress\/absynth\/wp-json\/wp\/v2\/media?parent=436"}],"curies":[{"name":"wp","href":"https:\/\/api.w.org\/{rel}","templated":true}]}}