{"id":421,"date":"2017-07-17T00:02:20","date_gmt":"2017-07-16T22:02:20","guid":{"rendered":"http:\/\/service.projektlabor.tu-berlin.de\/wordpress\/absynth\/?page_id=421"},"modified":"2017-07-17T00:02:20","modified_gmt":"2017-07-16T22:02:20","slug":"schaltung","status":"publish","type":"page","link":"https:\/\/service.projektlabor.tu-berlin.de\/wordpress\/absynth\/gruppen\/gruppe-2-interface\/2-3-led-anzeige\/schaltung\/","title":{"rendered":"Schaltung"},"content":{"rendered":"<ul>\n<li>\n<h4>Vorwiderstand der LEDs<\/h4>\n<p>Da Der Mikrokontroller eine +5V als Ausgang liefert, wird ein Vowiderstand f\u00fcr die<br \/>\nDioden gebraucht. Den Wert des Vorwiderstands wird durch die Formel bestimmt:<br \/>\nR =(V_s \u2212 V_f)\/I_f<br \/>\nwobei : V_s die Versorgungsspannung, V_f die Durchlassspannung der Diode und I_f<br \/>\nder Durchlassstrom der Diode ist.<br \/>\nDadurch ergibt sich ein Vorwiderstandwert von 100\u2126. In diesem Fall werden 24<br \/>\nVorwiderst\u00e4nde ben\u00f6tigt, weil es 24 S\u00e4ulen gibt.<\/li>\n<li>\n<h4>Transistoren<\/h4>\n<p>F\u00fcr sie Steuerung der Kathoden bzw. die Ebenen werden 5 N Logic Channel<br \/>\nMOSFets der Typ IRLML2502 f\u00fcr 5 Ebenen verwendet, die nach Masse geschaltet<br \/>\nsind. Der Strom, den der Mikrocontroller aufspeist, ist begrenzt. Um den Strom an den<br \/>\nDioden zu verst\u00e4rken, werden NPN Bipolartransistoren der Typ BC807-40 benutzt,<br \/>\nwobei der Ausgang des Mikrocontrollers am Basis, die +5V Versorgungsspannung<br \/>\nam Emitter und der Vorwiderstand der Diode am Kollektor liegen. Da wir 24 S\u00e4ulen<br \/>\nhaben, brauchen wir 24 solcher Bipolartransistoren.<\/li>\n<li>\n<h4>Basiswiderst\u00e4nde:<\/h4>\n<p>Zur Bestimmung des Wertes wurde ein einfaches Versuchsaufbau bestehend aus<br \/>\neiner Spannungsquelle, die +5V liefert, den NPN Bipolar Transistor , eine Diode<br \/>\nund ihre Vorwiderstand. Anhand die gelieferten Helligkeit der Diode, wurde f\u00fcr<br \/>\nden Wert des Widerstand ausgew\u00e4hlt. Als Ergebnis war ein Basiswiderstand von<br \/>\n10k\u2126 passend.<\/li>\n<li>\n<h4>Schnittstellen:<\/h4>\n<p>\u00dcber 2 Konnektoren ist die Platine mit der Umgebung verbunden. Ein 4 Polige<br \/>\nKonnektor verbindet die LED-Anzeige Gruppe mit dem MIDI-CV Gruppe. Aus<br \/>\ndiesem Konnektor bekommt die Platine sowohl ihre +5V und ihre Masse Versor-gung, als auch die CV- und Gate-Spannungen.<br \/>\nDer zweite Konnektor ist 2 Polig und verbindet den Knopf, wor\u00fcber die Modis<br \/>\neingestellt werden.<\/li>\n<li>\n<h4>EAGLE<\/h4>\n<p>Schlie\u00dflich wird die Schaltung auf Eagle erstellt.<\/li>\n<\/ul>\n","protected":false},"excerpt":{"rendered":"<p>Vorwiderstand der LEDs Da Der Mikrokontroller eine +5V als Ausgang liefert, wird ein Vowiderstand f\u00fcr die Dioden gebraucht. Den Wert des Vorwiderstands wird durch die Formel bestimmt: R =(V_s \u2212 V_f)\/I_f wobei : V_s die Versorgungsspannung, V_f die Durchlassspannung der Diode und I_f der Durchlassstrom der Diode ist. Dadurch ergibt sich ein Vorwiderstandwert von 100\u2126. [&hellip;]<\/p>\n","protected":false},"author":58,"featured_media":0,"parent":130,"menu_order":0,"comment_status":"closed","ping_status":"closed","template":"","meta":[],"_links":{"self":[{"href":"https:\/\/service.projektlabor.tu-berlin.de\/wordpress\/absynth\/wp-json\/wp\/v2\/pages\/421"}],"collection":[{"href":"https:\/\/service.projektlabor.tu-berlin.de\/wordpress\/absynth\/wp-json\/wp\/v2\/pages"}],"about":[{"href":"https:\/\/service.projektlabor.tu-berlin.de\/wordpress\/absynth\/wp-json\/wp\/v2\/types\/page"}],"author":[{"embeddable":true,"href":"https:\/\/service.projektlabor.tu-berlin.de\/wordpress\/absynth\/wp-json\/wp\/v2\/users\/58"}],"replies":[{"embeddable":true,"href":"https:\/\/service.projektlabor.tu-berlin.de\/wordpress\/absynth\/wp-json\/wp\/v2\/comments?post=421"}],"version-history":[{"count":1,"href":"https:\/\/service.projektlabor.tu-berlin.de\/wordpress\/absynth\/wp-json\/wp\/v2\/pages\/421\/revisions"}],"predecessor-version":[{"id":422,"href":"https:\/\/service.projektlabor.tu-berlin.de\/wordpress\/absynth\/wp-json\/wp\/v2\/pages\/421\/revisions\/422"}],"up":[{"embeddable":true,"href":"https:\/\/service.projektlabor.tu-berlin.de\/wordpress\/absynth\/wp-json\/wp\/v2\/pages\/130"}],"wp:attachment":[{"href":"https:\/\/service.projektlabor.tu-berlin.de\/wordpress\/absynth\/wp-json\/wp\/v2\/media?parent=421"}],"curies":[{"name":"wp","href":"https:\/\/api.w.org\/{rel}","templated":true}]}}