{"id":416,"date":"2017-07-16T23:51:49","date_gmt":"2017-07-16T21:51:49","guid":{"rendered":"http:\/\/service.projektlabor.tu-berlin.de\/wordpress\/absynth\/?page_id=416"},"modified":"2017-07-16T23:51:49","modified_gmt":"2017-07-16T21:51:49","slug":"leds-quader","status":"publish","type":"page","link":"https:\/\/service.projektlabor.tu-berlin.de\/wordpress\/absynth\/gruppen\/gruppe-2-interface\/2-3-led-anzeige\/leds-quader\/","title":{"rendered":"LEDs Quader"},"content":{"rendered":"<ul>\n<li>\n<h5>Anzahl der LEDs:<\/h5>\n<p>Die Bestimmung von der gesamten maximalen Anzahl der LEDs erfolgt \u00fcber die \u00dcberlegung von der maximalem Anzahl der verf\u00fcgbaren GPIOs des Mikrocon-trollers. Der Mikrocontroller verf\u00fcgt insgesamt \u00fcber 32 GPIOs. F\u00fcr die CV und\u00a0Gate Spannung werden zwei Eing\u00e4nge ben\u00f6tigt. Einen anderen Eingang wird von dem Knopf besetzt, der die Anzeigemodus ansteuert. Die maximale Anzahl an verf\u00fcgbaren GPIOs betr\u00e4gt also 29. Nun werden die Dimension des Quaders und die Anzahl der LEDs bestimmt. Der Quader besteht aus 3 vertikalen und 5 horizontalen Ebenen. F\u00fcr die Bestimmung der Anzahl der PINS wurde folgende Formel hergeleitet: \u00a0AnzahlPins = (AnzahlSaeulenproEbene) \u00b7 3 + AnzahlLEDsproSaeule.<br \/>\nEine vertikale Ebene besteht aus 8 S\u00e4ulen , eine S\u00e4ule aus 5 LEDs.<\/li>\n<li>\n<h5>Ma\u00dfen<\/h5>\n<p>Die Bestimmung der Abst\u00e4nde wird durch die L\u00e4nge der Beinchen der LEDs und<br \/>\ndurch den Rasterma\u00df. Da es ein Rasterma\u00dfvon 2,54mm benutzt wird, m\u00fcssen die<br \/>\nAbst\u00e4nde ein vielfaches davon sein. Davon ergeben sich die folgende Ma\u00dfen:<br \/>\nAbstand zwischen zwei Reihen: 22,86mm<br \/>\nAbstand zwischen der S\u00e4ulen einer Reihe: 20,32mm.<\/li>\n<\/ul>\n","protected":false},"excerpt":{"rendered":"<p>Anzahl der LEDs: Die Bestimmung von der gesamten maximalen Anzahl der LEDs erfolgt \u00fcber die \u00dcberlegung von der maximalem Anzahl der verf\u00fcgbaren GPIOs des Mikrocon-trollers. Der Mikrocontroller verf\u00fcgt insgesamt \u00fcber 32 GPIOs. F\u00fcr die CV und\u00a0Gate Spannung werden zwei Eing\u00e4nge ben\u00f6tigt. Einen anderen Eingang wird von dem Knopf besetzt, der die Anzeigemodus ansteuert. Die maximale [&hellip;]<\/p>\n","protected":false},"author":58,"featured_media":0,"parent":130,"menu_order":0,"comment_status":"closed","ping_status":"closed","template":"","meta":[],"_links":{"self":[{"href":"https:\/\/service.projektlabor.tu-berlin.de\/wordpress\/absynth\/wp-json\/wp\/v2\/pages\/416"}],"collection":[{"href":"https:\/\/service.projektlabor.tu-berlin.de\/wordpress\/absynth\/wp-json\/wp\/v2\/pages"}],"about":[{"href":"https:\/\/service.projektlabor.tu-berlin.de\/wordpress\/absynth\/wp-json\/wp\/v2\/types\/page"}],"author":[{"embeddable":true,"href":"https:\/\/service.projektlabor.tu-berlin.de\/wordpress\/absynth\/wp-json\/wp\/v2\/users\/58"}],"replies":[{"embeddable":true,"href":"https:\/\/service.projektlabor.tu-berlin.de\/wordpress\/absynth\/wp-json\/wp\/v2\/comments?post=416"}],"version-history":[{"count":1,"href":"https:\/\/service.projektlabor.tu-berlin.de\/wordpress\/absynth\/wp-json\/wp\/v2\/pages\/416\/revisions"}],"predecessor-version":[{"id":417,"href":"https:\/\/service.projektlabor.tu-berlin.de\/wordpress\/absynth\/wp-json\/wp\/v2\/pages\/416\/revisions\/417"}],"up":[{"embeddable":true,"href":"https:\/\/service.projektlabor.tu-berlin.de\/wordpress\/absynth\/wp-json\/wp\/v2\/pages\/130"}],"wp:attachment":[{"href":"https:\/\/service.projektlabor.tu-berlin.de\/wordpress\/absynth\/wp-json\/wp\/v2\/media?parent=416"}],"curies":[{"name":"wp","href":"https:\/\/api.w.org\/{rel}","templated":true}]}}