{"id":273,"date":"2017-07-11T01:07:58","date_gmt":"2017-07-10T23:07:58","guid":{"rendered":"http:\/\/service.projektlabor.tu-berlin.de\/wordpress\/absynth\/?page_id=273"},"modified":"2017-07-11T01:39:01","modified_gmt":"2017-07-10T23:39:01","slug":"stufe-3","status":"publish","type":"page","link":"https:\/\/service.projektlabor.tu-berlin.de\/wordpress\/absynth\/gruppen\/gruppe-2-interface\/_-_-2-1-midi-cv\/stufe-3\/","title":{"rendered":"Stufe 3"},"content":{"rendered":"<p>Um die Steuersignale in analog umzuwandeln, wird ein 12 Bit Digital-Analog-Umsetzer genutzt. Aber zuerst sollen die Data zu den DAU gesendet werden. Daf\u00fcr wird das SPI Protokoll genutzt, SPI ist ein synchronen seriellen Datenbus, mit dem digitale Schaltungen nach dem Master-Slave-Prinzip miteinander verbunden werden k\u00f6nnen.<\/p>\n<p>Das ist geschahen, durch die verbindung von den Pins MOSI (Master out Slave in) und SCK von dem Mikrocontroller und die Pins SDI und SCK von dem DAU, au\u00dferdem\u00a0werden noch die Pins LDAC und CS von dem DAU mit den Pins PA1 und PA0 von dem Mikrocontroller zusammen verbunden.<\/p>\n<p>schlie\u00dflich nachdem die Platine gebohrt und lackiert worden, wurde die auch best\u00fcckt und gel\u00f6tet, und sah sie dann so am Ende aus .<a href=\"http:\/\/service.projektlabor.tu-berlin.de\/wordpress\/absynth\/wp-content\/uploads\/sites\/19\/2017\/07\/platinemidi.png\"><img loading=\"lazy\" class=\"size-medium wp-image-279 alignright\" src=\"http:\/\/service.projektlabor.tu-berlin.de\/wordpress\/absynth\/wp-content\/uploads\/sites\/19\/2017\/07\/platinemidi-248x300.png\" alt=\"platinemidi\" width=\"248\" height=\"300\" srcset=\"https:\/\/service.projektlabor.tu-berlin.de\/wordpress\/absynth\/wp-content\/uploads\/sites\/19\/2017\/07\/platinemidi-248x300.png 248w, https:\/\/service.projektlabor.tu-berlin.de\/wordpress\/absynth\/wp-content\/uploads\/sites\/19\/2017\/07\/platinemidi.png 366w\" sizes=\"(max-width: 248px) 100vw, 248px\" \/><\/a><\/p>\n<p>&nbsp;<\/p>\n","protected":false},"excerpt":{"rendered":"<p>Um die Steuersignale in analog umzuwandeln, wird ein 12 Bit Digital-Analog-Umsetzer genutzt. Aber zuerst sollen die Data zu den DAU gesendet werden. Daf\u00fcr wird das SPI Protokoll genutzt, SPI ist ein synchronen seriellen Datenbus, mit dem digitale Schaltungen nach dem Master-Slave-Prinzip miteinander verbunden werden k\u00f6nnen. Das ist geschahen, durch die verbindung von den Pins MOSI [&hellip;]<\/p>\n","protected":false},"author":58,"featured_media":0,"parent":121,"menu_order":0,"comment_status":"closed","ping_status":"closed","template":"","meta":[],"_links":{"self":[{"href":"https:\/\/service.projektlabor.tu-berlin.de\/wordpress\/absynth\/wp-json\/wp\/v2\/pages\/273"}],"collection":[{"href":"https:\/\/service.projektlabor.tu-berlin.de\/wordpress\/absynth\/wp-json\/wp\/v2\/pages"}],"about":[{"href":"https:\/\/service.projektlabor.tu-berlin.de\/wordpress\/absynth\/wp-json\/wp\/v2\/types\/page"}],"author":[{"embeddable":true,"href":"https:\/\/service.projektlabor.tu-berlin.de\/wordpress\/absynth\/wp-json\/wp\/v2\/users\/58"}],"replies":[{"embeddable":true,"href":"https:\/\/service.projektlabor.tu-berlin.de\/wordpress\/absynth\/wp-json\/wp\/v2\/comments?post=273"}],"version-history":[{"count":5,"href":"https:\/\/service.projektlabor.tu-berlin.de\/wordpress\/absynth\/wp-json\/wp\/v2\/pages\/273\/revisions"}],"predecessor-version":[{"id":280,"href":"https:\/\/service.projektlabor.tu-berlin.de\/wordpress\/absynth\/wp-json\/wp\/v2\/pages\/273\/revisions\/280"}],"up":[{"embeddable":true,"href":"https:\/\/service.projektlabor.tu-berlin.de\/wordpress\/absynth\/wp-json\/wp\/v2\/pages\/121"}],"wp:attachment":[{"href":"https:\/\/service.projektlabor.tu-berlin.de\/wordpress\/absynth\/wp-json\/wp\/v2\/media?parent=273"}],"curies":[{"name":"wp","href":"https:\/\/api.w.org\/{rel}","templated":true}]}}