{"id":2,"date":"2019-04-17T10:11:45","date_gmt":"2019-04-17T08:11:45","guid":{"rendered":"http:\/\/service.projektlabor.tu-berlin.de\/wordpress\/ss2019mo\/?page_id=2"},"modified":"2019-07-09T18:39:01","modified_gmt":"2019-07-09T16:39:01","slug":"beispiel-seite","status":"publish","type":"page","link":"https:\/\/service.projektlabor.tu-berlin.de\/wordpress\/Synthaffaere\/beispiel-seite\/","title":{"rendered":"Interface"},"content":{"rendered":"<p>Gruppenteilnehmer:<\/p>\n<p>&nbsp;<\/p>\n<p><img loading=\"lazy\" class=\"alignnone wp-image-290 size-full\" src=\"http:\/\/service.projektlabor.tu-berlin.de\/wordpress\/ss2019mo\/wp-content\/uploads\/sites\/25\/2019\/07\/Intergrup.jpeg\" alt=\"\" width=\"1024\" height=\"768\" srcset=\"https:\/\/service.projektlabor.tu-berlin.de\/wordpress\/Synthaffaere\/wp-content\/uploads\/sites\/25\/2019\/07\/Intergrup.jpeg 1024w, https:\/\/service.projektlabor.tu-berlin.de\/wordpress\/Synthaffaere\/wp-content\/uploads\/sites\/25\/2019\/07\/Intergrup-300x225.jpeg 300w, https:\/\/service.projektlabor.tu-berlin.de\/wordpress\/Synthaffaere\/wp-content\/uploads\/sites\/25\/2019\/07\/Intergrup-768x576.jpeg 768w, https:\/\/service.projektlabor.tu-berlin.de\/wordpress\/Synthaffaere\/wp-content\/uploads\/sites\/25\/2019\/07\/Intergrup-400x300.jpeg 400w\" sizes=\"(max-width: 1024px) 100vw, 1024px\" \/><\/p>\n<p>In Abbildung 1 ist das Blockschaltbild der Interfacegruppe zu sehen. Im Mittelpunkt steht der Mikrocontroller. Links und Rechts davon sind die Eingabe- und Ausgabefelder zu sehen.<\/p>\n<p><img loading=\"lazy\" class=\"alignnone size-medium wp-image-288\" src=\"http:\/\/service.projektlabor.tu-berlin.de\/wordpress\/ss2019mo\/wp-content\/uploads\/sites\/25\/2019\/07\/bsbup-300x167.jpeg\" alt=\"\" width=\"300\" height=\"167\" srcset=\"https:\/\/service.projektlabor.tu-berlin.de\/wordpress\/Synthaffaere\/wp-content\/uploads\/sites\/25\/2019\/07\/bsbup-300x167.jpeg 300w, https:\/\/service.projektlabor.tu-berlin.de\/wordpress\/Synthaffaere\/wp-content\/uploads\/sites\/25\/2019\/07\/bsbup-768x427.jpeg 768w, https:\/\/service.projektlabor.tu-berlin.de\/wordpress\/Synthaffaere\/wp-content\/uploads\/sites\/25\/2019\/07\/bsbup-1024x569.jpeg 1024w, https:\/\/service.projektlabor.tu-berlin.de\/wordpress\/Synthaffaere\/wp-content\/uploads\/sites\/25\/2019\/07\/bsbup-500x278.jpeg 500w, https:\/\/service.projektlabor.tu-berlin.de\/wordpress\/Synthaffaere\/wp-content\/uploads\/sites\/25\/2019\/07\/bsbup.jpeg 1334w\" sizes=\"(max-width: 300px) 100vw, 300px\" \/><\/p>\n<p>Wir haben uns daf\u00fcr entschieden, als m\u00f6gliche Eingabe, einen Infrarotsensor bzw. Taster zu verwenden. Das eingegebene Signal wird dann mit Hilfe des Mikrocontrollers weiter verarbeitet.<br \/>\nZur Ausgabe der Ergebnisse wird anschlie\u00dfend das LCD, die Klinkenbuchsen und LEDs verwendet. Das LCD dient zur Anzeige des Men\u00fcs, die Klinkenbuchsen sind daf\u00fcr da, um Spannungsgesteuerte Noten und das Duty-Cycle Signal den anderen Gruppen zu \u00fcbergeben und die LEDs simulieren einen Sequencer, indem sie der Reihe nach blinken.<\/p>\n","protected":false},"excerpt":{"rendered":"<p>Gruppenteilnehmer: &nbsp; In Abbildung 1 ist das Blockschaltbild der Interfacegruppe zu sehen. Im Mittelpunkt steht der Mikrocontroller. Links und Rechts davon sind die Eingabe- und Ausgabefelder zu sehen. Wir haben uns daf\u00fcr entschieden, als m\u00f6gliche Eingabe, einen Infrarotsensor bzw. Taster &hellip; <a href=\"https:\/\/service.projektlabor.tu-berlin.de\/wordpress\/Synthaffaere\/beispiel-seite\/\">Weiterlesen <span class=\"meta-nav\">&rarr;<\/span><\/a><\/p>\n","protected":false},"author":66,"featured_media":256,"parent":0,"menu_order":0,"comment_status":"closed","ping_status":"open","template":"","meta":[],"_links":{"self":[{"href":"https:\/\/service.projektlabor.tu-berlin.de\/wordpress\/Synthaffaere\/wp-json\/wp\/v2\/pages\/2"}],"collection":[{"href":"https:\/\/service.projektlabor.tu-berlin.de\/wordpress\/Synthaffaere\/wp-json\/wp\/v2\/pages"}],"about":[{"href":"https:\/\/service.projektlabor.tu-berlin.de\/wordpress\/Synthaffaere\/wp-json\/wp\/v2\/types\/page"}],"author":[{"embeddable":true,"href":"https:\/\/service.projektlabor.tu-berlin.de\/wordpress\/Synthaffaere\/wp-json\/wp\/v2\/users\/66"}],"replies":[{"embeddable":true,"href":"https:\/\/service.projektlabor.tu-berlin.de\/wordpress\/Synthaffaere\/wp-json\/wp\/v2\/comments?post=2"}],"version-history":[{"count":9,"href":"https:\/\/service.projektlabor.tu-berlin.de\/wordpress\/Synthaffaere\/wp-json\/wp\/v2\/pages\/2\/revisions"}],"predecessor-version":[{"id":321,"href":"https:\/\/service.projektlabor.tu-berlin.de\/wordpress\/Synthaffaere\/wp-json\/wp\/v2\/pages\/2\/revisions\/321"}],"wp:featuredmedia":[{"embeddable":true,"href":"https:\/\/service.projektlabor.tu-berlin.de\/wordpress\/Synthaffaere\/wp-json\/wp\/v2\/media\/256"}],"wp:attachment":[{"href":"https:\/\/service.projektlabor.tu-berlin.de\/wordpress\/Synthaffaere\/wp-json\/wp\/v2\/media?parent=2"}],"curies":[{"name":"wp","href":"https:\/\/api.w.org\/{rel}","templated":true}]}}