{"id":37,"date":"2020-01-15T20:46:50","date_gmt":"2020-01-15T19:46:50","guid":{"rendered":"http:\/\/service.projektlabor.tu-berlin.de\/wordpress\/8bit-waffeleisen\/?page_id=37"},"modified":"2020-02-06T12:47:53","modified_gmt":"2020-02-06T11:47:53","slug":"entertainment","status":"publish","type":"page","link":"https:\/\/service.projektlabor.tu-berlin.de\/wordpress\/8bit-waffeleisen\/entertainment\/","title":{"rendered":"Entertainment"},"content":{"rendered":"<p><img loading=\"lazy\" class=\"alignnone size-medium wp-image-102\" src=\"http:\/\/service.projektlabor.tu-berlin.de\/wordpress\/8bit-waffeleisen\/wp-content\/uploads\/sites\/27\/2020\/02\/0ad5c117-dd0a-4edf-aa88-b5909e169b90-1-225x300.jpg\" alt=\"\" width=\"225\" height=\"300\" srcset=\"https:\/\/service.projektlabor.tu-berlin.de\/wordpress\/8bit-waffeleisen\/wp-content\/uploads\/sites\/27\/2020\/02\/0ad5c117-dd0a-4edf-aa88-b5909e169b90-1-225x300.jpg 225w, https:\/\/service.projektlabor.tu-berlin.de\/wordpress\/8bit-waffeleisen\/wp-content\/uploads\/sites\/27\/2020\/02\/0ad5c117-dd0a-4edf-aa88-b5909e169b90-1.jpg 768w, https:\/\/service.projektlabor.tu-berlin.de\/wordpress\/8bit-waffeleisen\/wp-content\/uploads\/sites\/27\/2020\/02\/0ad5c117-dd0a-4edf-aa88-b5909e169b90-1-100x133.jpg 100w, https:\/\/service.projektlabor.tu-berlin.de\/wordpress\/8bit-waffeleisen\/wp-content\/uploads\/sites\/27\/2020\/02\/0ad5c117-dd0a-4edf-aa88-b5909e169b90-1-150x200.jpg 150w, https:\/\/service.projektlabor.tu-berlin.de\/wordpress\/8bit-waffeleisen\/wp-content\/uploads\/sites\/27\/2020\/02\/0ad5c117-dd0a-4edf-aa88-b5909e169b90-1-200x267.jpg 200w, https:\/\/service.projektlabor.tu-berlin.de\/wordpress\/8bit-waffeleisen\/wp-content\/uploads\/sites\/27\/2020\/02\/0ad5c117-dd0a-4edf-aa88-b5909e169b90-1-300x400.jpg 300w, https:\/\/service.projektlabor.tu-berlin.de\/wordpress\/8bit-waffeleisen\/wp-content\/uploads\/sites\/27\/2020\/02\/0ad5c117-dd0a-4edf-aa88-b5909e169b90-1-450x600.jpg 450w, https:\/\/service.projektlabor.tu-berlin.de\/wordpress\/8bit-waffeleisen\/wp-content\/uploads\/sites\/27\/2020\/02\/0ad5c117-dd0a-4edf-aa88-b5909e169b90-1-600x800.jpg 600w\" sizes=\"(max-width: 225px) 100vw, 225px\" \/><\/p>\n<p>Unser Entertainment-Team ist f\u00fcr die Optik, Audio und den M\u00fcnzeinwurf verantwortlich. Unser Ziel ist es, dass der Spieler durch tollen Sound und coolen Lichteffekten im Spiel eintaucht. Die M\u00fcnzeinwurf-Maschine sorgt dabei als zus\u00e4tzliche Motivation das Spiel f\u00fcr sich zu entscheiden.<\/p>\n<p><strong>Audio:<\/strong><\/p>\n<p>Max und \u00c4as haben sich um den Ton gek\u00fcmmert. Sie entwickeln zum laufenden Spiel passende Retro Sounds, welche den Spieler seine Umgebung vergessen lassen. Das ankommende Signal wird f\u00fcr die Lautsprecher verst\u00e4rkt um f\u00fcr einen angemessenen Ton zu sorgen. Um die abgespielten Melodien an das laufende Programm anzupassen wird mit dem Hauptprozessor kommuniziert.<\/p>\n<p><strong>Licht:<\/strong><\/p>\n<p>Donia, Kumi und Darien haben sich um das Licht gesorgt. Es soll eine durch PWM gesteuerte RGB Lichterkette, welche in einem breiten Farbspektrum erleuchten kann, sich um den Bildschirm der Konsole schl\u00e4ngeln. Diese schafft eine Stimmung in der sich der Spieler ins Spiel hineinversetzt f\u00fchlt und spult ein zum Spiel passendes Lichtprogramm ab. Das bunte Blinken der LEDs tr\u00e4gt zu der lebhaften Gesamterscheinung der Konsole bei.<\/p>\n<p><strong>M\u00fcnzeinwurf:<\/strong><\/p>\n<p>Vivi und Thomas haben sich mit dem M\u00fcnzeinwurf und den dazugeh\u00f6rigen Lichtschranken besch\u00e4ftigt. Es wird \u00fcber die Lichtschranke festgestellt, ob die Spieler den richtigen Betrag in H\u00f6he von 50 Cent\/Spieler eingeworfen haben. Ist dies der Fall, werden zun\u00e4chst die M\u00fcnzen bis Ablauf des Spiels einbehalten. \u00dcber einen durch PWM gesteuerten Servo kann sich der Gewinner nach Ende des Spiels \u00fcber eine Aussch\u00fcttung des Einsatzes freuen.<\/p>\n<p><img loading=\"lazy\" class=\"alignnone size-medium wp-image-100\" src=\"http:\/\/service.projektlabor.tu-berlin.de\/wordpress\/8bit-waffeleisen\/wp-content\/uploads\/sites\/27\/2020\/02\/pics-225x300.jpg\" alt=\"\" width=\"225\" height=\"300\" srcset=\"https:\/\/service.projektlabor.tu-berlin.de\/wordpress\/8bit-waffeleisen\/wp-content\/uploads\/sites\/27\/2020\/02\/pics-225x300.jpg 225w, https:\/\/service.projektlabor.tu-berlin.de\/wordpress\/8bit-waffeleisen\/wp-content\/uploads\/sites\/27\/2020\/02\/pics-768x1024.jpg 768w, https:\/\/service.projektlabor.tu-berlin.de\/wordpress\/8bit-waffeleisen\/wp-content\/uploads\/sites\/27\/2020\/02\/pics-100x133.jpg 100w, https:\/\/service.projektlabor.tu-berlin.de\/wordpress\/8bit-waffeleisen\/wp-content\/uploads\/sites\/27\/2020\/02\/pics-150x200.jpg 150w, https:\/\/service.projektlabor.tu-berlin.de\/wordpress\/8bit-waffeleisen\/wp-content\/uploads\/sites\/27\/2020\/02\/pics-200x267.jpg 200w, https:\/\/service.projektlabor.tu-berlin.de\/wordpress\/8bit-waffeleisen\/wp-content\/uploads\/sites\/27\/2020\/02\/pics-300x400.jpg 300w, https:\/\/service.projektlabor.tu-berlin.de\/wordpress\/8bit-waffeleisen\/wp-content\/uploads\/sites\/27\/2020\/02\/pics-450x600.jpg 450w, https:\/\/service.projektlabor.tu-berlin.de\/wordpress\/8bit-waffeleisen\/wp-content\/uploads\/sites\/27\/2020\/02\/pics-600x800.jpg 600w, https:\/\/service.projektlabor.tu-berlin.de\/wordpress\/8bit-waffeleisen\/wp-content\/uploads\/sites\/27\/2020\/02\/pics-900x1200.jpg 900w, https:\/\/service.projektlabor.tu-berlin.de\/wordpress\/8bit-waffeleisen\/wp-content\/uploads\/sites\/27\/2020\/02\/pics.jpg 1200w\" sizes=\"(max-width: 225px) 100vw, 225px\" \/><\/p>\n","protected":false},"excerpt":{"rendered":"<p>Unser Entertainment-Team ist f\u00fcr die Optik, Audio und den M\u00fcnzeinwurf verantwortlich. Unser Ziel ist es, dass der Spieler durch tollen Sound und coolen Lichteffekten im Spiel eintaucht. Die M\u00fcnzeinwurf-Maschine sorgt dabei als zus\u00e4tzliche Motivation das Spiel f\u00fcr sich zu entscheiden. &hellip;<\/p>\n<p class=\"read-more\"> <a class=\"more-link\" href=\"https:\/\/service.projektlabor.tu-berlin.de\/wordpress\/8bit-waffeleisen\/entertainment\/\"> <span class=\"screen-reader-text\">Entertainment<\/span> Read More &raquo;<\/a><\/p>\n","protected":false},"author":97,"featured_media":0,"parent":0,"menu_order":0,"comment_status":"closed","ping_status":"closed","template":"","meta":[],"_links":{"self":[{"href":"https:\/\/service.projektlabor.tu-berlin.de\/wordpress\/8bit-waffeleisen\/wp-json\/wp\/v2\/pages\/37"}],"collection":[{"href":"https:\/\/service.projektlabor.tu-berlin.de\/wordpress\/8bit-waffeleisen\/wp-json\/wp\/v2\/pages"}],"about":[{"href":"https:\/\/service.projektlabor.tu-berlin.de\/wordpress\/8bit-waffeleisen\/wp-json\/wp\/v2\/types\/page"}],"author":[{"embeddable":true,"href":"https:\/\/service.projektlabor.tu-berlin.de\/wordpress\/8bit-waffeleisen\/wp-json\/wp\/v2\/users\/97"}],"replies":[{"embeddable":true,"href":"https:\/\/service.projektlabor.tu-berlin.de\/wordpress\/8bit-waffeleisen\/wp-json\/wp\/v2\/comments?post=37"}],"version-history":[{"count":16,"href":"https:\/\/service.projektlabor.tu-berlin.de\/wordpress\/8bit-waffeleisen\/wp-json\/wp\/v2\/pages\/37\/revisions"}],"predecessor-version":[{"id":106,"href":"https:\/\/service.projektlabor.tu-berlin.de\/wordpress\/8bit-waffeleisen\/wp-json\/wp\/v2\/pages\/37\/revisions\/106"}],"wp:attachment":[{"href":"https:\/\/service.projektlabor.tu-berlin.de\/wordpress\/8bit-waffeleisen\/wp-json\/wp\/v2\/media?parent=37"}],"curies":[{"name":"wp","href":"https:\/\/api.w.org\/{rel}","templated":true}]}}